{"id":1137,"date":"2022-03-15T15:56:42","date_gmt":"2022-03-15T18:56:42","guid":{"rendered":"https:\/\/www.ufmg.br\/proplan\/?page_id=1137"},"modified":"2024-11-06T12:21:06","modified_gmt":"2024-11-06T14:21:06","slug":"teds-vinculados-a-outros-ministerios","status":"publish","type":"page","link":"https:\/\/www.ufmg.br\/proplan\/convenios\/celebracao_ted\/teds-vinculados-a-outros-ministerios\/","title":{"rendered":"TED\u2019s vinculados a outros Minist\u00e9rios"},"content":{"rendered":"<h5 style=\"text-align: justify;\">CELEBRA\u00c7\u00c3O DE TERMO DE EXECU\u00c7\u00c3O DESCENTRALIZADA E RESPECTIVOS TERMOS ADITIVOS<\/h5>\n<h6><img loading=\"lazy\" decoding=\"async\" class=\"alignnone size-full wp-image-6925\" src=\"https:\/\/www.ufmg.br\/proplan\/wp-content\/uploads\/2024\/09\/FLUXO-OBTENCAO-DE-TED-OUTROS.jpg\" alt=\"\" width=\"1478\" height=\"832\" srcset=\"https:\/\/www.ufmg.br\/proplan\/wp-content\/uploads\/2024\/09\/FLUXO-OBTENCAO-DE-TED-OUTROS.jpg 1478w, https:\/\/www.ufmg.br\/proplan\/wp-content\/uploads\/2024\/09\/FLUXO-OBTENCAO-DE-TED-OUTROS-300x169.jpg 300w, https:\/\/www.ufmg.br\/proplan\/wp-content\/uploads\/2024\/09\/FLUXO-OBTENCAO-DE-TED-OUTROS-1024x576.jpg 1024w, https:\/\/www.ufmg.br\/proplan\/wp-content\/uploads\/2024\/09\/FLUXO-OBTENCAO-DE-TED-OUTROS-768x432.jpg 768w\" sizes=\"auto, (max-width: 1478px) 100vw, 1478px\" \/><\/h6>\n<h6 style=\"text-align: justify;\"><strong>PROCEDIMENTOS NO SISTEMA ELETR\u00d4NICO DE INFORMA\u00c7\u00d5ES \u2013 SEI UFMG:<\/strong><\/h6>\n<p style=\"text-align: justify;\">INICIAR PROCESSO no SEI com a classifica\u00e7\u00e3o: \u201cAdministra\u00e7\u00e3o: Termo de Execu\u00e7\u00e3o Descentralizada\u201d<\/p>\n<p style=\"text-align: justify;\">A documenta\u00e7\u00e3o que dever\u00e1 ser tramitada e assinada dentro da Unidade, salvo rar\u00edssimas exce\u00e7\u00f5es, dever\u00e1 ser criada dentro do SEI e n\u00e3o inclu\u00edda como documento externo (.pdf). Vide:\u00a0<a href=\"https:\/\/www.ufmg.br\/proplan\/wp-content\/uploads\/014-2020-INCLUS%C3%83O-DE-DOCUMENTOS-NOS-PROCESSOS-ADMINISTRATIVOS-PRODUZIDOS-NO-SEI.pdf\">Of\u00edcio Circular 14\/2020 DCF<\/a>\u00a0e respectiva\u00a0<a href=\"https:\/\/www.ufmg.br\/proplan\/wp-content\/uploads\/014-2020-ANEXO-INSTRU%C3%87%C3%83O-DCF-01-2020.pdf\">Instru\u00e7\u00e3o n\u00b0 1\/2020<\/a>.<\/p>\n<p style=\"text-align: justify;\">\u2013 Criar no processo a seguinte documenta\u00e7\u00e3o:<\/p>\n<ol style=\"text-align: justify;\">\n<li>Projeto a ser assinado pela coordena\u00e7\u00e3o;<\/li>\n<li>Plano de Trabalho assinado pela coordena\u00e7\u00e3o e pelo(a) Diretor(a) da Unidade \u2013 <a href=\"https:\/\/www.ufmg.br\/proplan\/wp-content\/uploads\/PLANO-DE-TRABALHO-DE-TED.docx\">Modelo de Plano de Trabalho TED<\/a><\/li>\n<li>Aprova\u00e7\u00e3o da proposta de celebra\u00e7\u00e3o do TED pela c\u00e2mara departamental e congrega\u00e7\u00e3o, conforme estabelece a Resolu\u00e7\u00e3o do Conselho Universit\u00e1rio 16\/2012, de 30 de outubro de 2012 \u2013\u00a0<a href=\"https:\/\/www.ufmg.br\/proplan\/wp-content\/uploads\/Sugest%C3%A3o-de-aprova%C3%A7%C3%A3o-Unidade.docx\">Sugest\u00e3o de aprova\u00e7\u00e3o Unidade<\/a><\/li>\n<li>MINUTA DE DECLARA\u00c7\u00c3O DE COMPATIBILIDADE DE CUSTOS (assinada pelo Diretor da Unidade) \u2013 <a href=\"https:\/\/www.ufmg.br\/proplan\/wp-content\/uploads\/2024\/11\/DECLARACAO-DE-COMPATIBILIDADE-DE-CUSTOS-ATUALIZADA.docx\">Modelo<\/a><\/li>\n<li>MINUTA DE DECLARA\u00c7\u00c3O DE CAPACIDADE T\u00c9CNICA (assinada pelo Diretor da Unidade) \u2013 <a href=\"https:\/\/www.ufmg.br\/proplan\/wp-content\/uploads\/2024\/11\/DECLARACAO-DE-CAPACIDADE-TECNICA-ATUALIZADA.docx\">Modelo<\/a><\/li>\n<li>DECLARA\u00c7\u00c3O DE ADEQUA\u00c7\u00c3O AO DECRETO 10.426 \u2013\u00a0<a href=\"https:\/\/www.ufmg.br\/proplan\/wp-content\/uploads\/DECLARA%C3%87%C3%83O-DECRETO-10426.docx\">Modelo<\/a><\/li>\n<li>Demais documentos exigidos pelo Concedente. Neste caso verificar junto ao mesmo se a aprova\u00e7\u00e3o\/assinatura poder\u00e1 ser do Diretor da Unidade (acompanhado da Delega\u00e7\u00e3o de Compet\u00eancia);<\/li>\n<li>Despacho e envio do processo para a Divis\u00e3o de Conv\u00eanios DCF-DCV \u2013 <a href=\"https:\/\/www.ufmg.br\/proplan\/wp-content\/uploads\/2024\/08\/Sugestao-de-Despacho-TED-Padrao.docx\">Sugestao-de-Despacho-TED Padr\u00e3o<\/a><\/li>\n<\/ol>\n<ul style=\"text-align: justify;\">\n<li>Caso for necess\u00e1rio enviar ao Concedente algum documento formulado pelo Gabinete da Reitora e assinado por ela, este dever\u00e1 ser criado no SEI como \u201cMinuta\u201d e assinado pelo coordenador do projeto. No despacho para a Divis\u00e3o de Conv\u00eanios (item 8) ressaltar que tal documento dever\u00e1 ser elaborado pelo Gabinete e assinado pela Reitora;<\/li>\n<\/ul>\n<p style=\"text-align: justify;\">A Coordena\u00e7\u00e3o do projeto dever\u00e1 manter o processo aberto na Unidade durante toda a tramita\u00e7\u00e3o do mesmo e aguardar a assinatura da Reitora para inclus\u00e3o da documenta\u00e7\u00e3o no SIMEC. As declara\u00e7\u00f5es (item 4 e 5) dever\u00e3o ser anexadas no SIMEC juntamente com a respectiva Delega\u00e7\u00e3o de Compet\u00eancia;<\/p>\n<p style=\"text-align: justify;\">O envio da documenta\u00e7\u00e3o ao Concedente (of\u00edcio ou e-mail) e demais correspond\u00eancias oficiais trocadas com o mesmo, dever\u00e3o ser obrigatoriamente inclu\u00eddos no SEI para mantermos as fases de instru\u00e7\u00e3o processual.<\/p>\n<p style=\"text-align: justify;\">No caso dos Termos Aditivos, notas t\u00e9cnicas e demais documentos que justificarem as altera\u00e7\u00f5es de prazo e valor, ou demais ajustes do TED original, dever\u00e3o seguir os mesmos procedimentos acima, principalmente no tocante \u00e0s aprova\u00e7\u00f5es de acordo com o que estabelece a Resolu\u00e7\u00e3o do Conselho Universit\u00e1rio 16\/2012, de 30 de outubro de 2012. A diferen\u00e7a \u00e9 que, neste caso, a elabora\u00e7\u00e3o da documenta\u00e7\u00e3o ser\u00e1 dentro do processo TED j\u00e1 existente.<\/p>\n<p style=\"text-align: justify;\"><strong>ATEN\u00c7\u00c3O<\/strong><\/p>\n<ul style=\"text-align: justify;\">\n<li>Observar o prazo de vig\u00eancia para que o per\u00edodo cadastrado realmente seja suficiente \u00e0 execu\u00e7\u00e3o do projeto;<\/li>\n<li>Consultar a DIVIS\u00c3O DE CONTABILIDADE DA UNIDADE SOBRE OS SEGUINTES ASPECTOS: A) Viabilidade cont\u00e1bil de execu\u00e7\u00e3o or\u00e7ament\u00e1ria a partir do plano de trabalho elaborado; B) Analisar a classifica\u00e7\u00e3o de naturezas de despesa de acordo com as necessidades do projeto; C) Consultar sobre a possibilidade de apoio de funda\u00e7\u00f5es de apoio e qual a natureza de despesa espec\u00edfica para este caso;<\/li>\n<\/ul>\n<p style=\"text-align: justify;\"><strong>Casos em que o CONCEDENTE solicita \u00e0 UFMG a formaliza\u00e7\u00e3o do TED ou um Of\u00edcio de manifesta\u00e7\u00e3o de interesse<\/strong><\/p>\n<ol style=\"text-align: justify;\">\n<li>Em atendimento ao disposto no art. 25 do Decreto n\u00ba 10.426, de 16 de julho de 2020, a Secretaria de Gest\u00e3o da Secretaria Especial de Desburocratiza\u00e7\u00e3o, Gest\u00e3o e Governo Digital do Minist\u00e9rio da Economia (SEGES\/SEDGG\/ME) disponibilizou o modelo de TED\u00a0 <a href=\"https:\/\/www.ufmg.br\/proplan\/wp-content\/uploads\/Modelo-TED.docx\">Modelo TED<\/a>;<\/li>\n<li>A UTILIZA\u00c7\u00c3O DO MODELO PADRONIZADO N\u00c3O \u00c9 OBRIGAT\u00d3RIA, mas, os os termos com reda\u00e7\u00e3o diferente dever\u00e3o ser analisados pela Procuradoria Federal.<\/li>\n<li>Unidade executora dever\u00e1 realizar os mesmos procedimentos SEI, citados acima, e enviar Despacho para a Divis\u00e3o de Conv\u00eanios. (Sugest\u00e3o de Despacho acima)<\/li>\n<li>Modelo de Manifesta\u00e7\u00e3o de Interesse em formalizar o TED;\u00a0<a href=\"https:\/\/www.ufmg.br\/proplan\/wp-content\/uploads\/OficioManifesta%C3%A7%C3%A3oInteresse.docx\">Oficio Manifesta\u00e7\u00e3o Interesse<\/a><\/li>\n<\/ol>\n<p>&nbsp;<\/p>\n<p><strong>Casos em que o Concedente solicita \u00e0 UFMG o cadastro no TRANSFEREGOV<\/strong><\/p>\n<ol>\n<li>Solicitar \u00e0 Divis\u00e3o de Conv\u00eanios a senha de acesso ao TRANSFEREGOV M\u00f3dulo TED. Enviar e-mail para dcf-dcv@dcf.ufmg.br com os seguintes dados: Nome completo, CPF, Cargo\/Fun\u00e7\u00e3o, E-mail institucional e Telefone institucional;<\/li>\n<li>Seguir com o cadastramento do projeto no Transferegov conforme <a href=\"https:\/\/www.ufmg.br\/proplan\/wp-content\/uploads\/2024\/08\/Tutorial-TED-TRANSFEREGOV.pdf\">Tutorial TED TRANSFEREGOV<\/a><\/li>\n<\/ol>\n<p>&nbsp;<\/p>\n<p><strong>\u00a0<\/strong><strong>INCLUS\u00c3O DE TERMO ADITIVO:<\/strong><\/p>\n<p style=\"text-align: justify;\">De acordo com o Artigo 10 do\u00a0DECRETO N\u00ba 10.426, DE 16 DE JULHO DE 2020:<\/p>\n<p class=\"dou-paragraph\" style=\"text-align: justify;\"><em>Art. 10. O prazo de vig\u00eancia do TED n\u00e3o ser\u00e1 superior a sessenta meses, inclu\u00eddas as prorroga\u00e7\u00f5es.<\/em><\/p>\n<p class=\"dou-paragraph\" style=\"text-align: justify;\"><em>\u00a7 1\u00ba Excepcionalmente, a vig\u00eancia do TED poder\u00e1 ser prorrogada por at\u00e9 doze meses, al\u00e9m do prazo previsto no<strong class=\"dou-strong\">caput<\/strong>, mediante justificativa da unidade descentralizada e aceite pela unidade descentralizadora, nas hip\u00f3teses em que:<\/em><\/p>\n<p class=\"dou-paragraph\" style=\"text-align: justify;\"><em>I \u2013 tenha ocorrido atraso na libera\u00e7\u00e3o dos recursos financeiros pela unidade descentralizadora;<\/em><\/p>\n<p class=\"dou-paragraph\" style=\"text-align: justify;\"><em>II \u2013 tenha ocorrido paralisa\u00e7\u00e3o ou atraso na execu\u00e7\u00e3o do objeto pactuado em decorr\u00eancia de:<\/em><\/p>\n<p class=\"dou-paragraph\" style=\"text-align: justify;\"><em>a) determina\u00e7\u00e3o judicial;<\/em><\/p>\n<p class=\"dou-paragraph\" style=\"text-align: justify;\"><em>b) recomenda\u00e7\u00e3o de \u00f3rg\u00e3os de controle; ou<\/em><\/p>\n<p class=\"dou-paragraph\" style=\"text-align: justify;\"><em>c) em raz\u00e3o de caso fortuito, for\u00e7a maior ou interfer\u00eancias imprevistas; ou<\/em><\/p>\n<p class=\"dou-paragraph\" style=\"text-align: justify;\"><em>III \u2013 o objeto destine-se \u00e0 execu\u00e7\u00e3o de obras, de projetos e de servi\u00e7os de engenharia.<\/em><\/p>\n<p class=\"dou-paragraph\" style=\"text-align: justify;\"><em>\u00a7 2\u00ba A prorroga\u00e7\u00e3o de que trata \u00a7 1\u00ba ser\u00e1 compat\u00edvel com o per\u00edodo necess\u00e1rio para conclus\u00e3o do objeto pactuado.<\/em><\/p>\n<p class=\"dou-paragraph\" style=\"text-align: justify;\"><em>\u00a7 3\u00ba Na hip\u00f3tese de atraso na libera\u00e7\u00e3o dos recursos, o TED ser\u00e1 prorrogado de of\u00edcio pela unidade descentralizadora, em prazo limitado ao per\u00edodo de atraso.<\/em><\/p>\n<p style=\"text-align: justify;\"><strong>O coordenador do projeto dever\u00e1 iniciar o processo de solicita\u00e7\u00e3o de prorroga\u00e7\u00e3o de prazo com uma anteced\u00eancia de aproximadamente 60 (sessenta) dias antes do t\u00e9rmino de vig\u00eancia do TED.<\/strong><\/p>\n<ol style=\"text-align: justify;\">\n<li>O FLUXO SE INICIA NA UNIDADE EXECUTORA;<\/li>\n<li>O coordenador do projeto dever\u00e1 contactar o Concedente, manifestando interesse na prorroga\u00e7\u00e3o de vig\u00eancia. Elaborar no processo SEI do TED:<\/li>\n<\/ol>\n<ul style=\"text-align: justify;\">\n<li>Of\u00edcio com justificativa fundamentada sobre a necessidade de prorroga\u00e7\u00e3o,\u00a0assinada pelo coordenador e pelo Diretor da Unidade;<\/li>\n<li>Novo cronograma de execu\u00e7\u00e3o do projeto tamb\u00e9m aprovada elo coordenador do projeto e Diretor da Unidade; (Ressalta-se a necessidade da participa\u00e7\u00e3o do Setor de Contabilidade da Unidade para a defini\u00e7\u00e3o dos prazos);<\/li>\n<li>Despacho para a Divis\u00e3o de Conv\u00eanios solicitando a tramita\u00e7\u00e3o no SIMEC;<\/li>\n<li>Of\u00edcio ou e-mail para o Concedente encaminhando a documenta\u00e7\u00e3o e solicitando parecer.<\/li>\n<\/ul>\n<p style=\"text-align: justify;\"><strong>Os Minist\u00e9rios\/Concedentes adotam procedimentos variados quanto \u00e0 tramita\u00e7\u00e3o dos Termos Aditivos. Orienta-se, portanto, que a Coordena\u00e7\u00e3o do Projeto estabele\u00e7a contato com a Divis\u00e3o de Conv\u00eanios informando a possibilidade de chegada de documento no Gabinete ou demais a\u00e7\u00f5es para celebra\u00e7\u00e3o do termo;<\/strong><\/p>\n<p style=\"text-align: justify;\"><strong>Importante ressaltar que nos casos de TED\u00b4s apoiados por Funda\u00e7\u00f5es de Apoio, a prorroga\u00e7\u00e3o de vig\u00eancia destes dever\u00e1 ser acompanhada da prorroga\u00e7\u00e3o dos respectivos contratos pelo mesmo per\u00edodo. Tais aditivos dever\u00e3o ser elaborados no processo SEI de contrata\u00e7\u00e3o da Funda\u00e7\u00e3o.<\/strong><\/p>\n<h5 style=\"text-align: justify;\">PRESTA\u00c7\u00c3O DE CONTAS<\/h5>\n<p style=\"text-align: justify;\">Presta\u00e7\u00e3o de Contas pode ser definida como a demonstra\u00e7\u00e3o por parte da Entidade Proponente de que os recursos p\u00fablicos, transferidos atrav\u00e9s do Termo de Execu\u00e7\u00e3o Descentralizada \u2013 TED para a entidade beneficiada, cumpriram fielmente as metas previstas no Plano de Trabalho dentro do prazo determinado.<\/p>\n<p style=\"text-align: justify;\">O preenchimento do Relat\u00f3rio de Cumprimento do Objeto ocorre ap\u00f3s a identifica\u00e7\u00e3o de que o objeto firmado foi conclu\u00eddo, entregue ou de que o servi\u00e7o foi prestado conforme descrito no Plano de Trabalho, n\u00e3o restando mais nada a ser executado, ou quando finda o prazo pactuado no termo para conclus\u00e3o do objeto, mesmo que este n\u00e3o esteja conclu\u00eddo. No referido Relat\u00f3rio constar\u00e3o informa\u00e7\u00f5es sobre as atividades e metas previstas e realizadas, bem como declara\u00e7\u00e3o dos valores aplicados na consecu\u00e7\u00e3o do objeto.<\/p>\n<p style=\"text-align: justify;\"><strong>O preenchimento do Relat\u00f3rio de Cumprimento do Objeto ocorrer\u00e1 no SEI (modelo disponibilizado no sistema)<\/strong>\u00a0<a href=\"https:\/\/www.ufmg.br\/proplan\/wp-content\/uploads\/RELAT%C3%93RIO-DE-CUMPRIMENTO-DO-OBJETO-atualizado.docx\">Modelo RCO<\/a><\/p>\n<ol style=\"text-align: justify;\">\n<li>A Coordena\u00e7\u00e3o do Projeto ao incluir o RCO proceder\u00e1 o preenchimento e disponibilizar\u00e1 em bloco de assinatura para: SETOR DE CONTABILIDADE DA UNIDADE e DCF-DCV;<\/li>\n<li>O Setor de Contabilidade auxiliar\u00e1 o(a) coordenador no aspecto de execu\u00e7\u00e3o or\u00e7ament\u00e1ria e financeira e a Divis\u00e3o de Conv\u00eanios acompanhar\u00e1 o preenchimento da regra de valida\u00e7\u00e3o;<\/li>\n<li>Finalizado o preenchimento, a Coordena\u00e7\u00e3o do Projeto ir\u00e1 assinar o RCO e disponibiliza-lo em Bloco de Assinatura para a Dire\u00e7\u00e3o da Unidade;<\/li>\n<li>Ap\u00f3s assinatura, Diretoria da Unidade inclui DESPACHO para a Divis\u00e3o de Conv\u00eanios encaminhando o RCO assinado e solicitando o envio ao Concedente;\u00a0<a href=\"https:\/\/www.ufmg.br\/proplan\/wp-content\/uploads\/DespachoEnvioRCO-ao-DCV.docx\">Modelo Despacho RCO<\/a><\/li>\n<\/ol>\n<p style=\"text-align: justify;\"><em>Observa\u00e7\u00e3o<\/em>: Nos Termos de Execu\u00e7\u00e3o Descentralizada em que h\u00e1 participa\u00e7\u00e3o de Funda\u00e7\u00e3o de apoio: antes de iniciar a presta\u00e7\u00e3o de contas \u00e9 necess\u00e1rio ter em m\u00e3os a presta\u00e7\u00e3o de contas realizada entre a Funda\u00e7\u00e3o e a Unidade. A mesma deve constar o saldo de devolu\u00e7\u00e3o (caso haja) para que o respectivo valor seja devolvido ao \u00f3rg\u00e3o em tempo h\u00e1bil;<\/p>\n<h6 style=\"text-align: justify;\"><strong>DOCUMENTA\u00c7\u00c3O QUE DEVER\u00c1 ACOMPANHAR O RCO NO PROCESSO TED SEI:<\/strong><\/h6>\n<p style=\"text-align: justify;\">a \u2013 Em caso de obra deve-se anexar os seguintes arquivos:<\/p>\n<ul style=\"text-align: justify;\">\n<li><strong>Termo de Recebimento Definitivo da Obra<\/strong>\u00a0elaborado e assinado por profissional habilitado.\u2013\u00a0<a href=\"https:\/\/www.ufmg.br\/proplan\/wp-content\/uploads\/Termo-de-Recebimento-Definitivo.docx\">Termo de Recebimento Definitivo para os casos de Comiss\u00e3o de Obra<\/a><\/li>\n<\/ul>\n<p><a href=\"https:\/\/www.ufmg.br\/proplan\/wp-content\/uploads\/2022\/08\/Termo-de-Aceite-Definitivo-de-Obra-Modelo-TED.doc\">Termo de Aceite Definitivo de Obra &#8211; Modelo TED<\/a> &#8211; Inserir um documento para cada TED (recurso executado no projeto).<\/p>\n<ul style=\"text-align: justify;\">\n<li>Relat\u00f3rio Fotogr\u00e1fico colorido (da obra conclu\u00edda), devidamente instru\u00eddo, com identifica\u00e7\u00e3o da obra\/infraestrutura \u2013\u00a0<a href=\"https:\/\/www.ufmg.br\/proplan\/wp-content\/uploads\/Relatorio-Fofografico.docx\">Relatorio Fofografico<\/a><\/li>\n<\/ul>\n<ul style=\"text-align: justify;\">\n<li>Recomenda\u00e7\u00e3o: Quando o financiador destinar parte do recurso, o temo de aceita\u00e7\u00e3o deve ser parcial da obra e deve ser elaborado, abordando o m\u00b2 constru\u00eddo com o recurso, sendo este documento espec\u00edfico para encaminhamento ao financiador na presta\u00e7\u00e3o de contas final do termo. Ao final da obra deve ser providenciado o Termo de Aceita\u00e7\u00e3o definitivo com todas especifica\u00e7\u00e3o dos financiadores valores e m\u00b2 total constru\u00eddo. O documento ser\u00e1 usando para contabilizar a baixa da obra em andamento na contabilidade\/SIAFI e para encaminhar ao DLO para atualizar o SPIUnet no RIP da constru\u00e7\u00e3o.<\/li>\n<\/ul>\n<p style=\"text-align: justify;\">b \u2013 Em caso de Equipamento ou Material Permanente deve-se anexar:<\/p>\n<ul style=\"text-align: justify;\">\n<li><strong>Rela\u00e7\u00e3o de Equipamentos e\/ou Material Permanente adquiridos com recursos do TED,<\/strong>\u00a0informando o campus, c\u00f3digo do objeto,\u00a0n\u00famero do patrim\u00f4nio e o local de guarda (datado e assinado), descri\u00e7\u00e3o, quantidade, valor unit\u00e1rio, valor total, soma;<\/li>\n<li><strong>Relat\u00f3rio\u00a0fotogr\u00e1fico\u00a0<\/strong>dos bens, com a plaqueta do patrim\u00f4nio\u00a0vis\u00edvel\u00a0(datado e assinado);<\/li>\n<li>Modelo \u2013\u00a0<a href=\"https:\/\/www.ufmg.br\/proplan\/wp-content\/uploads\/MOdelo-Rela%C3%A7%C3%A3o-Bens.xls\">Modelo Rela\u00e7\u00e3o Bens<\/a><\/li>\n<\/ul>\n<h6 style=\"text-align: justify;\"><strong>PRAZO PARA ENVIO DA PRESTA\u00c7\u00c3O DE CONTAS E DEVOLU\u00c7\u00c3O DE SALDO AO CONCEDENTE \u2013\u00a0TED\u00b4S FIRMADOS ANTES E DEPOIS DO\u00a0DECRETO N\u00ba 10.426, DE 16 DE JULHO DE 2020:<\/strong><\/h6>\n<h6 style=\"text-align: justify;\"><strong>TED\u00b4S FIRMADOS ANTES DE 16\/07\/2020<\/strong><\/h6>\n<p style=\"text-align: justify;\">A Portaria 1.529, de 31 de dezembro de 2014, a qual estabelece crit\u00e9rios e procedimentos para a<br \/>\nformaliza\u00e7\u00e3o de descentraliza\u00e7\u00e3o de cr\u00e9ditos or\u00e7ament\u00e1rios efetuados no \u00e2mbito do Minist\u00e9rio da<br \/>\nEduca\u00e7\u00e3o, trata em seu Art. 7\u00b0, par\u00e1grafo 3\u00b0: \u201cFindo o prazo para cumprimento do objeto, sem que haja a celebra\u00e7\u00e3o de termo aditivo de prazo, o Termo de Execu\u00e7\u00e3o Descentralizada dever\u00e1 ser encerrado e os saldos dos cr\u00e9ditos or\u00e7ament\u00e1rios descentralizados e n\u00e3o empenhados, bem como os recursos financeiros n\u00e3o utilizados, dever\u00e3o ser imediatamente devolvidos.\u201d<\/p>\n<p style=\"text-align: justify;\">Envio da Presta\u00e7\u00e3o de Contas:\u00a0De acordo com o Art. 59, III, da Portaria Interministerial n\u00ba 424 de 30 de dezembro de 2016 o prazo para apresentar a Presta\u00e7\u00e3o de Contas \u00e9 de\u00a0<strong>at\u00e9 60 (sessenta) dias ap\u00f3s o encerramento da vig\u00eancia ou a conclus\u00e3o da execu\u00e7\u00e3o do objeto<\/strong>, o que ocorrer primeiro.<\/p>\n<h6 style=\"text-align: justify;\"><strong>TED\u00b4S FIRMADOS AP\u00d3S 16\/07\/2020:<\/strong><\/h6>\n<p style=\"text-align: justify;\">Envio da Presta\u00e7\u00e3o de Contas: De acordo com o Artigo 23, Par\u00e1grafo 2\u00ba, o\u00a0relat\u00f3rio de cumprimento do objeto ser\u00e1 apresentado pela unidade descentralizada\u00a0<strong>no prazo de 120 (cento e vinte) dias<\/strong>, contado da data do encerramento da vig\u00eancia ou da conclus\u00e3o da execu\u00e7\u00e3o do objeto, o que ocorrer primeiro.<\/p>\n<p style=\"text-align: justify;\">Devolu\u00e7\u00e3o de saldo:<\/p>\n<p class=\"dou-paragraph\" style=\"text-align: justify;\">\u00a7 1\u00ba Os saldos dos cr\u00e9ditos or\u00e7ament\u00e1rios descentralizados e n\u00e3o empenhados e os recursos financeiros n\u00e3o utilizados ser\u00e3o devolvidos \u00e0 unidade descentralizadora at\u00e9 quinze dias antes da data estabelecida para encerramento do exerc\u00edcio financeiro.<\/p>\n<p class=\"dou-paragraph\" style=\"text-align: justify;\">\u00a7 2\u00ba Ap\u00f3s o encerramento do TED ou da conclus\u00e3o da execu\u00e7\u00e3o do objeto, o que ocorrer primeiro, os cr\u00e9ditos or\u00e7ament\u00e1rios e os recursos financeiros ser\u00e3o devolvidos no prazo de trinta dias, contado da data do encerramento ou da conclus\u00e3o.<\/p>\n<h6 style=\"text-align: justify;\"><strong>PROCEDIMENTO NO SEI UFMG PARA DEVOLU\u00c7\u00c3O DE SALDO:<\/strong><\/h6>\n<ul style=\"text-align: justify;\">\n<li>A Coordena\u00e7\u00e3o do Projeto dever\u00e1, dentro do processo do TED, incluir novo documento chamado \u201cFormul\u00e1rio de\u00a0Devolu\u00e7\u00e3o de Saldo\u201d e incluir os seguintes campos:<\/li>\n<\/ul>\n<p style=\"text-align: justify;\">Informa\u00e7\u00f5es de objeto do Projeto \u2013 Informa\u00e7\u00e3o consta no Plano de trabalho do referido TED<\/p>\n<ol style=\"text-align: justify;\">\n<li>N\u00famero do Projeto na Funda\u00e7\u00e3o de Apoio \u2013 Informa\u00e7\u00e3o consta no relat\u00f3rio de execu\u00e7\u00e3o das despesas da Funda\u00e7\u00e3o de Apoio.<\/li>\n<li>N\u00famero SIAFI \u2013 numero de transfer\u00eancia SIAFI composto por 6 d\u00edgitos;<\/li>\n<li>N\u00famero do processo original do Concedente \u2013 Informa\u00e7\u00e3o consta no sistema SIAFI ( Opera\u00e7\u00e3o &gt;contransf\/inserir numero do SIAFI correspondente)<\/li>\n<li>N\u00famero do TED\/TC \u2013 Informa\u00e7\u00e3o consta no Plano de trabalho<\/li>\n<li>Nome do Concedente \u2013 Informa\u00e7\u00e3o consta no Plano de trabalho<\/li>\n<li><strong>Unidade Gestora para devolu\u00e7\u00e3o \u2013\u00a0<\/strong>\u2013 Informa\u00e7\u00e3o consta no sistema SIAFI ( Opera\u00e7\u00e3o &gt;contransf\/inserir numero do SIAFI correspondente)<\/li>\n<li>N\u00famero do Registro da Arrecada\u00e7\u00e3o(RA)\/UG<strong>: Consta na Guia de recolhimento da Uni\u00e3o do referido valor a devolver ( pode ser obtida atrav\u00e9s do site SISGRU)<\/strong><\/li>\n<\/ol>\n<p style=\"text-align: justify;\"><strong>\u00a0<\/strong><strong>No site SISGRU<\/strong><\/p>\n<p style=\"text-align: justify;\"><strong>\u00a0<\/strong><strong>Inclua na UG da Unidade Emitente \u2013 1532xx<\/strong><\/p>\n<p style=\"text-align: justify;\"><strong>C\u00f3digo 28895<\/strong><\/p>\n<p style=\"text-align: justify;\">Modelo para devolu\u00e7\u00e3o de saldo<\/p>\n<p style=\"text-align: justify;\">Modelo \u2013\u00a0<a href=\"https:\/\/www.ufmg.br\/proplan\/wp-content\/uploads\/DEVOLU%C3%87%C3%83O-DE-SALDO-REFERENTE-PRESTA%C3%87%C3%83O-DE-CONTAS.docx\">Formul\u00e1rio para devolu\u00e7\u00e3o de saldo<\/a><\/p>\n<p style=\"text-align: justify;\"><strong>DEMAIS MODELOS RELAT\u00d3RIOS DE PRESTA\u00c7\u00c3O DE CONTAS (Poder\u00e3o ser solicitados, dependendo do que foi estabelecido entre as partes):<\/strong><\/p>\n<p style=\"text-align: justify;\"><strong>Anexo III \u2013 Relat\u00f3rio de execu\u00e7\u00e3o f\u00edsico-financeira<\/strong><\/p>\n<p style=\"text-align: justify;\">Modelo \u2013\u00a0<a href=\"https:\/\/www.ufmg.br\/proplan\/wp-content\/uploads\/Anexo-III-REFF.xls\">Anexo-III-REFF<\/a><\/p>\n<p style=\"text-align: justify;\"><strong>Anexo IV \u2013 Execu\u00e7\u00e3o da receita e da despesa<\/strong>.<\/p>\n<p style=\"text-align: justify;\">Modelo \u2013\u00a0<a href=\"https:\/\/www.ufmg.br\/proplan\/wp-content\/uploads\/Anexo-IV-ERD-.xls\">Anexo-IV-ERD<\/a><\/p>\n<p style=\"text-align: justify;\"><strong>Anexo V \u2013 Rela\u00e7\u00e3o de pagamentos<\/strong><\/p>\n<p style=\"text-align: justify;\">Modelo \u2013\u00a0<a href=\"https:\/\/www.ufmg.br\/proplan\/wp-content\/uploads\/Anexo-V-RP.xls\">Anexo-V-RP<\/a><\/p>\n<p style=\"text-align: justify;\"><strong>Anexo VI \u2013 Rela\u00e7\u00e3o de bens<\/strong><\/p>\n<p style=\"text-align: justify;\">Modelo \u2013\u00a0<a href=\"https:\/\/www.ufmg.br\/proplan\/wp-content\/uploads\/Anexo-VI-RB.xls\">Anexo-VI-RB<\/a><\/p>\n<p style=\"text-align: justify;\"><strong>Declara\u00e7\u00e3o de realiza\u00e7\u00e3o dos objetivos<\/strong><\/p>\n<p style=\"text-align: justify;\">Modelo \u2013\u00a0<a href=\"https:\/\/www.ufmg.br\/proplan\/wp-content\/uploads\/Decl.realizacao_objetivos-1.doc\">Declara\u00e7\u00e3o de Realiza\u00e7\u00e3o de Objetivos<\/a><\/p>\n<p style=\"text-align: justify;\"><strong>Termo de Compromisso<\/strong><\/p>\n<p style=\"text-align: justify;\">Modelo \u2013\u00a0<a href=\"https:\/\/www.ufmg.br\/proplan\/wp-content\/uploads\/Termo_compromisso-1.doc\">Termo de Compromisso<\/a><\/p>\n<p style=\"text-align: justify;\"><strong>Termo de Aceita\u00e7\u00e3o Definitiva da Obra\u00a0<\/strong><\/p>\n<p style=\"text-align: justify;\">Modelo \u2013\u00a0<a href=\"https:\/\/www.ufmg.br\/proplan\/wp-content\/uploads\/Modelo-de-Termo-de-Aceita%C3%A7%C3%A3o-Definitivo-de-Obra-atualizado-dia-23-05-2016-1-1.doc\">Termo de Aceita\u00e7\u00e3o Definitivo de Obra<\/a><\/p>\n<p style=\"text-align: justify;\">\n","protected":false},"excerpt":{"rendered":"<p>CELEBRA\u00c7\u00c3O DE TERMO DE EXECU\u00c7\u00c3O DESCENTRALIZADA E RESPECTIVOS TERMOS ADITIVOS [&hellip;]<\/p>\n","protected":false},"author":1,"featured_media":0,"parent":372,"menu_order":0,"comment_status":"closed","ping_status":"closed","template":"","meta":{"footnotes":""},"tags":[],"class_list":["post-1137","page","type-page","status-publish","hentry"],"_links":{"self":[{"href":"https:\/\/www.ufmg.br\/proplan\/wp-json\/wp\/v2\/pages\/1137","targetHints":{"allow":["GET"]}}],"collection":[{"href":"https:\/\/www.ufmg.br\/proplan\/wp-json\/wp\/v2\/pages"}],"about":[{"href":"https:\/\/www.ufmg.br\/proplan\/wp-json\/wp\/v2\/types\/page"}],"author":[{"embeddable":true,"href":"https:\/\/www.ufmg.br\/proplan\/wp-json\/wp\/v2\/users\/1"}],"replies":[{"embeddable":true,"href":"https:\/\/www.ufmg.br\/proplan\/wp-json\/wp\/v2\/comments?post=1137"}],"version-history":[{"count":19,"href":"https:\/\/www.ufmg.br\/proplan\/wp-json\/wp\/v2\/pages\/1137\/revisions"}],"predecessor-version":[{"id":7830,"href":"https:\/\/www.ufmg.br\/proplan\/wp-json\/wp\/v2\/pages\/1137\/revisions\/7830"}],"up":[{"embeddable":true,"href":"https:\/\/www.ufmg.br\/proplan\/wp-json\/wp\/v2\/pages\/372"}],"wp:attachment":[{"href":"https:\/\/www.ufmg.br\/proplan\/wp-json\/wp\/v2\/media?parent=1137"}],"wp:term":[{"taxonomy":"post_tag","embeddable":true,"href":"https:\/\/www.ufmg.br\/proplan\/wp-json\/wp\/v2\/tags?post=1137"}],"curies":[{"name":"wp","href":"https:\/\/api.w.org\/{rel}","templated":true}]}}