{"id":1150,"date":"2022-03-15T16:24:20","date_gmt":"2022-03-15T19:24:20","guid":{"rendered":"https:\/\/www.ufmg.br\/proplan\/?page_id=1150"},"modified":"2024-11-08T13:09:44","modified_gmt":"2024-11-08T15:09:44","slug":"publicacao-de-justificativas-sem-chamamento-publico","status":"publish","type":"page","link":"https:\/\/www.ufmg.br\/proplan\/convenios\/termos-de-colaboracao\/publicacao-de-justificativas-sem-chamamento-publico\/","title":{"rendered":"Publica\u00e7\u00e3o Justificativas para celebra\u00e7\u00e3o de Termo de Colabora\u00e7\u00e3o sem chamamento p\u00fablico"},"content":{"rendered":"<p style=\"text-align: justify;\">Conforme disposto nos \u00a7\u00a71\u00ba ao 4\u00ba, do art. 32, da\u00a0<a href=\"https:\/\/www.planalto.gov.br\/ccivil_03\/_ato2011-2014\/2014\/lei\/l13019.htm\">Lei 13.019 de 31\/07\/2014<\/a>\u00a0segue abaixo rela\u00e7\u00e3o de publica\u00e7\u00f5es de Justificativas Sem Chamamento P\u00fablico:<\/p>\n<ul style=\"text-align: justify;\">\n<li><strong>Termo de Colabora\u00e7\u00e3o a ser celebrado entre a UFMG, por meio do Hospital das Cl\u00ednicas, e a Cruz Vermelha\u00a0Brasileira filial Minas Gerais, tem por objeto a conjuga\u00e7\u00e3o de esfor\u00e7os entre os part\u00edcipes visando dar apoio ao Programa de Prote\u00e7\u00e3o e Orienta\u00e7\u00e3o ao Trabalhador Adolescente \u2013 PORTA \u2013, a\u00e7\u00e3o de car\u00e1ter socioeducativo voltado para a profissionaliza\u00e7\u00e3o de adolescentes, conforme plano de trabalho detalhado.<\/strong><\/li>\n<\/ul>\n<p style=\"text-align: justify;\"><a href=\"https:\/\/www.ufmg.br\/proplan\/wp-content\/uploads\/Justificativa-chamamento-publico-Processo-23072.041328-2016-11.pdf\">justificativa-chamamento-publico-processo-23072-041328-2016-11<\/a><\/p>\n<p style=\"text-align: justify;\">Termo assinado em 26\/10\/2016.<\/p>\n<ul style=\"text-align: justify;\">\n<li><strong>Termo de Colabora\u00e7\u00e3o a ser celebrado entre a UFMG, por meio da Pr\u00f3 Reitoria de Recursos Humanos, e a Cruz Vermelha\u00a0Brasileira filial Minas Gerais, tem por objeto a conjuga\u00e7\u00e3o de esfor\u00e7os entre os part\u00edcipes visando dar apoio ao Programa de Prote\u00e7\u00e3o e Orienta\u00e7\u00e3o ao Trabalhador Adolescente \u2013 PORTA \u2013, a\u00e7\u00e3o de car\u00e1ter socioeducativo voltado para a profissionaliza\u00e7\u00e3o de adolescentes, conforme plano de trabalho detalhado.<\/strong><\/li>\n<\/ul>\n<p style=\"text-align: justify;\"><a href=\"https:\/\/www.ufmg.br\/proplan\/wp-content\/uploads\/Justificativa-para-celebra%C3%A7%C3%A3o-de-Termo-de-Colabora%C3%A7%C3%A3o-sem-chamamento-p%C3%BAblico-23072.036426-2017-18.pdf\">Justificativa para celebra\u00e7\u00e3o de Termo de Colabora\u00e7\u00e3o sem chamamento p\u00fablico 23072.036426-2017-18<\/a><\/p>\n<p style=\"text-align: justify;\">Termo assinado em 25\/09\/2017<\/p>\n<ul style=\"text-align: justify;\">\n<li><strong>Termo de Colabora\u00e7\u00e3o a ser celebrado entre a Universidade Federal de Minas Gerais \u2013 UFMG, por meio do Teatro Universit\u00e1rio, e a Funda\u00e7\u00e3o Universit\u00e1ria Mendes Pimentel \u2013 FUMP visando a conjuga\u00e7\u00e3o de esfor\u00e7os entre os part\u00edcipes para realiza\u00e7\u00e3o de assist\u00eancia estudantil aos discentes de n\u00edvel t\u00e9cnico do Teatro Universit\u00e1rio \u2013 TU\/UFMG classificados pela FUMP, conforme plano de trabalho detalhado.<\/strong><\/li>\n<\/ul>\n<p style=\"text-align: justify;\"><a href=\"https:\/\/www.ufmg.br\/proplan\/wp-content\/uploads\/Justificativa-n%C2%BA-001-2018-para-celebra%C3%A7%C3%A3o-de-Termo-de-Colabora%C3%A7%C3%A3o-sem-Chamamento-P%C3%BAblico-datado-de-17-10-2018-Processo-23072.019099_2018-11.pdf\">Justificativa n\u00ba 001-2018 para celebra\u00e7\u00e3o de Termo de Colabora\u00e7\u00e3o sem Chamamento P\u00fablico datado de 17-10-2018 \u2013 Processo 23072.019099_2018-11<\/a><\/p>\n<p style=\"text-align: justify;\">Termo assinado em 23\/11\/2018<\/p>\n<ul style=\"text-align: justify;\">\n<li><strong>Termo de Colabora\u00e7\u00e3o a ser celebrado entre a Universidade Federal de Minas Gerais \u2013 UFMG, por meio da\u00a0Pr\u00f3-reitoria de Assuntos Estudantis, e a Funda\u00e7\u00e3o Universit\u00e1ria Mendes Pimentel \u2013 FUMP visando a conjuga\u00e7\u00e3o de esfor\u00e7os para a realiza\u00e7\u00e3o da Pol\u00edtica de Assist\u00eancia Estudantil aos discentes de gradua\u00e7\u00e3o presencial da UFMG, em situa\u00e7\u00e3o de vulnerabilidade socioecon\u00f4mica, conforme plano de trabalho detalhado.<\/strong><\/li>\n<\/ul>\n<p style=\"text-align: justify;\"><a href=\"https:\/\/www.ufmg.br\/proplan\/wp-content\/uploads\/Justificativa-n%C2%BA-002-2018-para-dispensa-de-chamamento-p%C3%BAblico-Termo-de-Colabora%C3%A7%C3%A3o-PRAE-2018-datado-de-10-10-2018-Processo-n%C2%BA-23072.049641-2018-51.pdf\">Justificativa n\u00ba 002-2018 para dispensa de chamamento p\u00fablico \u2013 Termo de Colabora\u00e7\u00e3o PRAE 2018 datado de 10-10-2018 Processo n\u00ba 23072.049641-2018-51<\/a><\/p>\n<p style=\"text-align: justify;\">Termo Assinado em 16\/11\/2018<\/p>\n<ul style=\"text-align: justify;\">\n<li><strong>Termo de Colabora\u00e7\u00e3o a ser celebrado entre a Universidade Federal de Minas Gerais \u2013 UFMG, por meio da\u00a0Diretoria de Rela\u00e7\u00f5es Internacionais, e a Funda\u00e7\u00e3o Universit\u00e1ria Mendes Pimentel \u2013 FUMP visando a conjuga\u00e7\u00e3o de esfor\u00e7os entre os part\u00edcipes, no \u00e2mbito do Programa Permanente de Moradia Universit\u00e1ria (PMU) da UFMG, para hospedagem de usu\u00e1rios diaristas que estejam desenvolvendo projetos de ensino, pesquisa e extens\u00e3o junto \u00e0 Universidade Federal de Minas Gerais, conforme plano de trabalho detalhado.<br \/>\n<\/strong><\/li>\n<\/ul>\n<p style=\"text-align: justify;\"><a href=\"https:\/\/www.ufmg.br\/proplan\/wp-content\/uploads\/Justificativa-n%C2%BA-001-2019-para-dispensa-de-chamamento-p%C3%BAblico-%E2%80%93-Termo-de-Colabora%C3%A7%C3%A3o-DRI-2019-datado-de-15-03-2019-Processo-n%C2%BA-23072.010997-2019-86.pdf\">Justificativa n\u00ba 001-2019 para dispensa de chamamento p\u00fablico \u2013 Termo de Colabora\u00e7\u00e3o DRI 2019 datado de 15-03-2019 Processo n\u00ba 23072.010997-2019-86<\/a><\/p>\n<p style=\"text-align: justify;\">Termo Assinado em 28\/03\/2019<\/p>\n<ul style=\"text-align: justify;\">\n<li><strong>Termo de Colabora\u00e7\u00e3o a ser celebrado entre a Universidade Federal de Minas Gerais \u2013 UFMG, por meio do Col\u00e9gio T\u00e9cnico \u2013 COLTEC, e a Funda\u00e7\u00e3o Universit\u00e1ria Mendes Pimentel \u2013 FUMP visando a conjuga\u00e7\u00e3o de esfor\u00e7os entre os part\u00edcipes<\/strong>\u00a0<strong>para realiza\u00e7\u00e3o de assist\u00eancia estudantil aos discentes do Col\u00e9gio T\u00e9cnico \u2013 COLTEC\/UFMG em situa\u00e7\u00e3o de vulnerabilidade socioecon\u00f4mica classificados pela FUMP, conforme plano de trabalho detalhado.<\/strong><\/li>\n<\/ul>\n<p style=\"text-align: justify;\"><a href=\"https:\/\/www.ufmg.br\/proplan\/wp-content\/uploads\/Justificativa-n%C2%BA-002-2019-para-dispensa-de-chamamento-p%C3%BAblico-%E2%80%93-Termo-de-Colabora%C3%A7%C3%A3o-COLTEC-datado-de-29-03-2019-Processo-n%C2%BA-23072.0130472019-11.pdf\">Justificativa n\u00ba 002-2019 para dispensa de chamamento p\u00fablico \u2013 Termo de Colabora\u00e7\u00e3o COLTEC datado de 29-03-2019 Processo n\u00ba 23072.0130472019-11<\/a><\/p>\n<p style=\"text-align: justify;\">Termo Assinado em 22\/04\/2019<\/p>\n<ul style=\"text-align: justify;\">\n<li><strong>Termo de Colabora\u00e7\u00e3o a ser celebrado entre a Universidade Federal de Minas Gerais \u2013 UFMG, por meio do N\u00facleo de Acessibilidade e Inclus\u00e3o da UFMG, e a Funda\u00e7\u00e3o Universit\u00e1ria Mendes Pimentel \u2013 FUMP visando c<\/strong><strong>onjuga\u00e7\u00e3o de esfor\u00e7os entre os part\u00edcipes para assegurar e garantir condi\u00e7\u00f5es de acessibilidade e inclus\u00e3o necess\u00e1rias ao ingresso, \u00e0 perman\u00eancia, \u00e0 plena participa\u00e7\u00e3o e \u00e0 autonomia das pessoas com defici\u00eancia no \u00e2mbito da UFMG, maximizando seu desenvolvimento acad\u00eamico, profissional e social.<\/strong><\/li>\n<\/ul>\n<p style=\"text-align: justify;\"><a href=\"https:\/\/www.ufmg.br\/proplan\/wp-content\/uploads\/Justificativa-n%C2%BA-03-2019-para-celebra%C3%A7%C3%A3o-de-Termo-de-Colabora%C3%A7%C3%A3o-sem-Chamamento-P%C3%BAblico-Processo-23072.048386-2019-19.pdf\">Justificativa n\u00ba 03-2019 \u2013 para celebra\u00e7\u00e3o de Termo de Colabora\u00e7\u00e3o sem Chamamento P\u00fablico \u2013 Processo 23072.048386-2019-19<\/a><\/p>\n<p style=\"text-align: justify;\">Termo Assinado em 11\/12\/2019<\/p>\n<ul style=\"text-align: justify;\">\n<li><strong>Termo de Colabora\u00e7\u00e3o a ser celebrado entre a Universidade Federal de Minas Gerais, por meio da Pr\u00f3-Reitoria de Recursos Humanos da UFMG, e a Funda\u00e7\u00e3o Universit\u00e1ria Mendes Pimentel \u2013 FUMP visando conjuga\u00e7\u00e3o de esfor\u00e7os entre os part\u00edcipes para realiza\u00e7\u00e3o do Programa de Forma\u00e7\u00e3o Profissional Complementar \u2013 PFPC\/UFMG, destinado aos estudantes de gradua\u00e7\u00e3o presencial da UFMG em situa\u00e7\u00e3o de vulnerabilidade.<\/strong><\/li>\n<\/ul>\n<p style=\"text-align: justify;\"><a href=\"https:\/\/www.ufmg.br\/proplan\/wp-content\/uploads\/JUSTIFICATIVA-DISPENSA-CHAMAMENTO-PUBLICO-01_2020-Termo-de-Colabora%C3%A7%C3%A3o-23072.000214_2020-90.pdf\">Justificativa n\u00ba 01-2020 \u2013 para celebra\u00e7\u00e3o de Termo de Colabora\u00e7\u00e3o sem Chamamento P\u00fablico \u2013 Processo 23072.000214-2020-90<\/a><\/p>\n<p style=\"text-align: justify;\">Termo Assinado em 31\/01\/2020<\/p>\n<ul style=\"text-align: justify;\">\n<li><strong>Termo de Colabora\u00e7\u00e3o a ser celebrado entre a Universidade Federal de Minas Gerais, por meio do Teatro Universit\u00e1rio da UFMG, e a Funda\u00e7\u00e3o Universit\u00e1ria Mendes Pimentel \u2013 FUMP visando a conjuga\u00e7\u00e3o de esfor\u00e7os entre os part\u00edcipes para realiza\u00e7\u00e3o do programa de fornecimento de refei\u00e7\u00e3o aos alunos do Teatro Universit\u00e1rio TU\/UFMG.<br \/>\n<\/strong><\/li>\n<\/ul>\n<p style=\"text-align: justify;\"><a href=\"https:\/\/www.ufmg.br\/proplan\/wp-content\/uploads\/JUSTIFICATIVA-DISPENSA-CHAMAMENTO-PUBLICO-02_2020-Termo-de-Colabora%C3%A7%C3%A3o-23072.056576_2019-00.pdf\">Justificativa n\u00ba 02-2020 \u2013 para celebra\u00e7\u00e3o de Termo de Colabora\u00e7\u00e3o sem Chamamento P\u00fablico \u2013 Processo 23072. 056576-2019-00<\/a><\/p>\n<p style=\"text-align: justify;\">Termo Assinado em 28\/02\/2020<\/p>\n<ul style=\"text-align: justify;\">\n<li><strong>Termo de Colabora\u00e7\u00e3o a ser celebrado entre a Universidade Federal de Minas Gerais, por meio do Centro Pedag\u00f3gico da UFMG, e a Funda\u00e7\u00e3o Universit\u00e1ria Mendes Pimentel \u2013 FUMP visando a conjuga\u00e7\u00e3o de esfor\u00e7os entre os part\u00edcipes para realiza\u00e7\u00e3o do programa de fornecimento de refei\u00e7\u00e3o aos estudantes do CP.<br \/>\n<\/strong><\/li>\n<\/ul>\n<p style=\"text-align: justify;\"><a href=\"https:\/\/www.ufmg.br\/proplan\/wp-content\/uploads\/JUSTIFICATIVA-DISPENSA-CHAMAMENTO-PUBLICO-03_2020-Termo-de-Colabora%C3%A7%C3%A3o-23072.056717_2019-86-.pdf\">Justificativa n\u00ba 03-2020 \u2013 para celebra\u00e7\u00e3o de Termo de Colabora\u00e7\u00e3o sem Chamamento P\u00fablico \u2013 Processo 23072.056717\/2019-86<\/a><\/p>\n<p style=\"text-align: justify;\">Termo Assinado em 09\/03\/2020<\/p>\n<ul style=\"text-align: justify;\">\n<li><strong>Termo de Colabora\u00e7\u00e3o a ser celebrado entre a Universidade Federal de Minas Gerais, por meio do Col\u00e9gio T\u00e9cnico \u2013 COLTEC, e a Funda\u00e7\u00e3o Universit\u00e1ria Mendes Pimentel \u2013 FUMP visando a conjuga\u00e7\u00e3o de esfor\u00e7os entre os part\u00edcipes para realiza\u00e7\u00e3o do programa de fornecimento de refei\u00e7\u00e3o aos alunos do Coltec\/UFMG.<br \/>\n<\/strong><\/li>\n<\/ul>\n<p style=\"text-align: justify;\"><a href=\"https:\/\/www.ufmg.br\/proplan\/wp-content\/uploads\/JUSTIFICATIVA-DISPENSA-CHAMAMENTO-PUBLICO-04_2020-Termo-de-Colabora%C3%A7%C3%A3o-23072.001145_2020-31-.pdf\">Justificativa n\u00ba 04-2020 \u2013 para celebra\u00e7\u00e3o de Termo de Colabora\u00e7\u00e3o sem Chamamento P\u00fablico \u2013 Processo 23072.001145\/2020-31<\/a><\/p>\n<p style=\"text-align: justify;\">Termo Assinado em 28\/02\/2020<\/p>\n<ul style=\"text-align: justify;\">\n<li><strong>Termo de Colabora\u00e7\u00e3o a ser celebrado entre a Universidade Federal de Minas Gerais, por meio da\u00a0Pr\u00f3 Reitoria de Recursos Humanos, e a Funda\u00e7\u00e3o Universit\u00e1ria Mendes Pimentel \u2013 FUMP visando a conjuga\u00e7\u00e3o de esfor\u00e7os entre os part\u00edcipes para realiza\u00e7\u00e3o do programa de fornecimento de refei\u00e7\u00e3o ao adolescente da Cruz Vermelha, inseridos no programa de prote\u00e7\u00e3o e orienta\u00e7\u00e3o ao trabalhador adolescente \u2013 PORTA, conforme especifica\u00e7\u00f5es estabelecidas no plano de trabalho.<\/strong><\/li>\n<\/ul>\n<p style=\"text-align: justify;\"><a href=\"https:\/\/www.ufmg.br\/proplan\/wp-content\/uploads\/JUSTIFICATIVA-DISPENSA-CHAMAMENTO-PUBLICO-05_2020-Termo-de-Colabora%C3%A7%C3%A3o-23072.000572_2020-01-.pdf\">Justificativa n\u00ba 05\/2020 \u2013 para celebra\u00e7\u00e3o de Termo de Colabora\u00e7\u00e3o sem Chamamento P\u00fablico \u2013 Processo 23072.000572\/2020-01<\/a><\/p>\n<p style=\"text-align: justify;\">Termo Assinado em 28\/02\/2020<\/p>\n<ul style=\"text-align: justify;\">\n<li><strong>Termo de Colabora\u00e7\u00e3o a ser celebrado entre a Universidade Federal de Minas Gerais, por meio da\u00a0Pr\u00f3-reitoria de Assuntos Estudantis, e a Funda\u00e7\u00e3o Universit\u00e1ria Mendes Pimentel \u2013 FUMP visando a conjuga\u00e7\u00e3o de esfor\u00e7os entre os part\u00edcipes para realiza\u00e7\u00e3o do programa alimenta\u00e7\u00e3o UFMG destinado aos estudantes de cursos de gradua\u00e7\u00e3o presenciais da universidade em situa\u00e7\u00e3o de vulnerabilidade econ\u00f4mica e risco social e cultural.<br \/>\n<\/strong><\/li>\n<\/ul>\n<p style=\"text-align: justify;\"><a href=\"https:\/\/www.ufmg.br\/proplan\/wp-content\/uploads\/JUSTIFICATIVA-DISPENSA-CHAMAMENTO-PUBLICO-06_2020-Termo-de-Colabora%C3%A7%C3%A3o-23072.002886_2020-30-.pdf\">Justificativa n\u00ba 06-2020 \u2013 para celebra\u00e7\u00e3o de Termo de Colabora\u00e7\u00e3o sem Chamamento P\u00fablico \u2013 Processo 23072.002886\/2020-30<\/a><\/p>\n<p style=\"text-align: justify;\">Termo Assinado em 28\/02\/2020<\/p>\n<ul style=\"text-align: justify;\">\n<li><strong>Termo de Colabora\u00e7\u00e3o a ser celebrado entre a Universidade Federal de Minas Gerais, por meio do Instituto de Ci\u00eancias Agr\u00e1rias \u2013 ICA\/UFMG, e a Funda\u00e7\u00e3o Universit\u00e1ria Mendes Pimentel \u2013 FUMP cujo objeto \u00e9 a conjuga\u00e7\u00e3o de esfor\u00e7os entre os part\u00edcipes visando a amplia\u00e7\u00e3o do programa moradia universit\u00e1ria no Instituto de Ci\u00eancias Agr\u00e1rias da UFMG.<\/strong><\/li>\n<\/ul>\n<p style=\"text-align: justify;\"><a href=\"https:\/\/www.ufmg.br\/proplan\/wp-content\/uploads\/Justificativa-n%C2%BA-07-2020-%E2%80%93-para-celebra%C3%A7%C3%A3o-de-Termo-de-Colabora%C3%A7%C3%A3o-sem-Chamamento-P%C3%BAblico-%E2%80%93-Processo-23072.202475_2019-17.pdf\">Justificativa n\u00ba 07-2020 \u2013 para celebra\u00e7\u00e3o de Termo de Colabora\u00e7\u00e3o sem Chamamento P\u00fablico \u2013 Processo 23072.202475_2019-17<\/a><\/p>\n<p style=\"text-align: justify;\">Termo Assinado em\u00a030\/11\/2020<\/p>\n<ul style=\"text-align: justify;\">\n<li><strong>Termo de Colabora\u00e7\u00e3o a ser celebrado entre a Universidade Federal de Minas Gerais \u2013 UFMG, por meio do Teatro Universit\u00e1rio, e a Funda\u00e7\u00e3o Universit\u00e1ria Mendes Pimentel \u2013 FUMP\u00a0cujo objeto \u00e9 a conjuga\u00e7\u00e3o de esfor\u00e7os entre os part\u00edcipes para realiza\u00e7\u00e3o de assist\u00eancia estudantil aos discentes de n\u00edvel t\u00e9cnico do Teatro Universit\u00e1rio (TU\/UFMG) classificados pela FUMP.<\/strong><\/li>\n<\/ul>\n<p style=\"text-align: justify;\"><a href=\"https:\/\/www.ufmg.br\/proplan\/wp-content\/uploads\/Justificativa-n%C2%BA-01-2022-%E2%80%93-para-celebra%C3%A7%C3%A3o-de-Termo-de-Colabora%C3%A7%C3%A3o-sem-Chamamento-P%C3%BAblico-%E2%80%93-Processo-23072.254263_2021-21.pdf\">Justificativa n\u00ba 01-2022 \u2013 para celebra\u00e7\u00e3o de Termo de Colabora\u00e7\u00e3o sem Chamamento P\u00fablico \u2013 Processo 23072.254263_2021-21<\/a><\/p>\n<p style=\"text-align: justify;\">Termo Assinado em 16\/03\/2022<\/p>\n<ul style=\"text-align: justify;\">\n<li><strong>Termo de Colabora\u00e7\u00e3o a ser celebrado entre a Universidade Federal de Minas Gerais \u2013 UFMG, por meio da\u00a0Diretoria de Rela\u00e7\u00f5es Internacionais, e a Funda\u00e7\u00e3o Universit\u00e1ria Mendes Pimentel \u2013 FUMP cujo objeto \u00e9 a conjuga\u00e7\u00e3o de esfor\u00e7os entre os part\u00edcipes, no \u00e2mbito do Programa Permanente de Moradia Universit\u00e1ria da UFMG, para hospedagem de usu\u00e1rios diaristas que estejam desenvolvendo projetos de ensino, pesquisa e extens\u00e3o junto \u00e0 Universidade Federal de Minas Gerais.<\/strong><\/li>\n<\/ul>\n<p><a href=\"https:\/\/www.ufmg.br\/proplan\/wp-content\/uploads\/2022\/09\/Justificativa-no-02-2022-\u2013-para-celebracao-de-Termo-de-Colaboracao-sem-Chamamento-Publico-\u2013-Processo-23072.238834_2022-61.pdf\">Justificativa n\u00ba 02-2022 \u2013 para celebra\u00e7\u00e3o de Termo de Colabora\u00e7\u00e3o sem Chamamento P\u00fablico \u2013 Processo 23072.238834_2022-61<\/a><\/p>\n<p style=\"text-align: justify;\">Termo Assinado em 28\/09\/2022<\/p>\n<ul style=\"text-align: justify;\">\n<li><strong>Termo de Colabora\u00e7\u00e3o a ser celebrado entre a Universidade Federal de Minas Gerais (UFMG), por meio da\u00a0Pr\u00f3-reitoria de Assuntos Estudantis, e a Funda\u00e7\u00e3o Universit\u00e1ria Mendes Pimentel (FUMP), cujo objeto \u00e9 a conjuga\u00e7\u00e3o de esfor\u00e7os entre os part\u00edcipes visando a execu\u00e7\u00e3o da Pol\u00edtica de Perman\u00eancia de estudantes na UFMG.<\/strong><\/li>\n<\/ul>\n<p><a href=\"https:\/\/www.ufmg.br\/proplan\/wp-content\/uploads\/2022\/12\/Justificativa-no-03-2022-\u2013-para-celebracao-de-Termo-de-Colaboracao-sem-Chamamento-Publico-\u2013-Processo-23072.268538_2022-95-3.pdf\">Justificativa n\u00ba 03-2022 \u2013 para celebra\u00e7\u00e3o de Termo de Colabora\u00e7\u00e3o sem Chamamento P\u00fablico \u2013 Processo 23072.268538_2022-95<\/a><\/p>\n<p style=\"text-align: justify;\">Termo Assinado em 21\/12\/2022<\/p>\n<ul style=\"text-align: justify;\">\n<li><strong>Termo de Colabora\u00e7\u00e3o a ser celebrado entre a Universidade Federal de Minas Gerais (UFMG), por meio do Col\u00e9gio T\u00e9cnico \u2013 COLTEC, e a Funda\u00e7\u00e3o Universit\u00e1ria Mendes Pimentel (FUMP), cujo objeto \u00e9 a conjuga\u00e7\u00e3o de esfor\u00e7os entre os part\u00edcipes para realiza\u00e7\u00e3o do Programa Perman\u00eancia para Estudantes no Col\u00e9gio T\u00e9cnico da UFMG.<\/strong><\/li>\n<\/ul>\n<p><a href=\"https:\/\/www.ufmg.br\/proplan\/wp-content\/uploads\/2024\/11\/SEI_3703240_Termo_123-Permanencia-COLTEC-Justificativa-TC-23072.240289_2024-35.pdf\">Justificativa n\u00ba 01-2024 \u2013 para celebra\u00e7\u00e3o de Termo de Colabora\u00e7\u00e3o sem Chamamento P\u00fablico \u2013 Processo 23072.240289_2024-35<\/a><\/p>\n<p style=\"text-align: justify;\">Termo Assinado em\u00a0 \u00a0 \u00a0\/\u00a0 \u00a0 \/2024<\/p>\n","protected":false},"excerpt":{"rendered":"<p>Conforme disposto nos \u00a7\u00a71\u00ba ao 4\u00ba, do art. 32, da\u00a0Lei [&hellip;]<\/p>\n","protected":false},"author":1,"featured_media":0,"parent":386,"menu_order":0,"comment_status":"closed","ping_status":"closed","template":"","meta":{"footnotes":""},"tags":[],"class_list":["post-1150","page","type-page","status-publish","hentry"],"_links":{"self":[{"href":"https:\/\/www.ufmg.br\/proplan\/wp-json\/wp\/v2\/pages\/1150","targetHints":{"allow":["GET"]}}],"collection":[{"href":"https:\/\/www.ufmg.br\/proplan\/wp-json\/wp\/v2\/pages"}],"about":[{"href":"https:\/\/www.ufmg.br\/proplan\/wp-json\/wp\/v2\/types\/page"}],"author":[{"embeddable":true,"href":"https:\/\/www.ufmg.br\/proplan\/wp-json\/wp\/v2\/users\/1"}],"replies":[{"embeddable":true,"href":"https:\/\/www.ufmg.br\/proplan\/wp-json\/wp\/v2\/comments?post=1150"}],"version-history":[{"count":12,"href":"https:\/\/www.ufmg.br\/proplan\/wp-json\/wp\/v2\/pages\/1150\/revisions"}],"predecessor-version":[{"id":7870,"href":"https:\/\/www.ufmg.br\/proplan\/wp-json\/wp\/v2\/pages\/1150\/revisions\/7870"}],"up":[{"embeddable":true,"href":"https:\/\/www.ufmg.br\/proplan\/wp-json\/wp\/v2\/pages\/386"}],"wp:attachment":[{"href":"https:\/\/www.ufmg.br\/proplan\/wp-json\/wp\/v2\/media?parent=1150"}],"wp:term":[{"taxonomy":"post_tag","embeddable":true,"href":"https:\/\/www.ufmg.br\/proplan\/wp-json\/wp\/v2\/tags?post=1150"}],"curies":[{"name":"wp","href":"https:\/\/api.w.org\/{rel}","templated":true}]}}