{"id":1159,"date":"2022-03-17T12:06:29","date_gmt":"2022-03-17T15:06:29","guid":{"rendered":"https:\/\/www.ufmg.br\/proplan\/?page_id=1159"},"modified":"2026-03-23T14:30:16","modified_gmt":"2026-03-23T17:30:16","slug":"equipe","status":"publish","type":"page","link":"https:\/\/www.ufmg.br\/proplan\/quem-somos\/equipe\/","title":{"rendered":"Equipe"},"content":{"rendered":"<p><strong>GABINETE DA PROPLAN<\/strong><\/p>\n<p><strong>Bruno Ot\u00e1vio Soares Teixeira<\/strong><\/p>\n<p><em>Pr\u00f3-Reitor de Planejamento e Desenvolvimento <\/em><strong><br \/>\n<\/strong><\/p>\n<p><strong>Macilene Gon\u00e7alves de Lima<\/strong><\/p>\n<p><em>Pr\u00f3-Reitora Adjunta de Planejamento e Desenvolvimento<\/em><\/p>\n<div id=\"sp-ea-1462\" class=\"sp-ea-one sp-easy-accordion\" data-ex-icon=\"fa-minus\" data-col-icon=\"fa-plus\"  data-ea-active=\"ea-click\"  data-ea-mode=\"vertical\" data-preloader=\"\"><div class=\"ea-card  sp-ea-single\"><h3 class=\"ea-header\"><a class=\"collapsed\" data-sptoggle=\"spcollapse\" data-sptarget=#collapse14620 href=\"javascript:void(0)\" aria-expanded=\"false\"><i class=\"ea-expand-icon fa fa-plus\"><\/i> Secretaria Administrativa<\/a><\/h3><div class=\"sp-collapse spcollapse spcollapse\" id=\"collapse14620\" data-parent=#sp-ea-1462><div class=\"ea-body\"><p>Catiane Alves de Macedo (Secret\u00e1ria)<\/p>\n<p>Tays Gomes Fernandes Gondin<\/p>\n<p>(31) 3409-5508<\/p>\n<p>info@proplan.ufmg.br<\/p>\n<\/div><\/div><\/div><div class=\"ea-card  sp-ea-single\"><h3 class=\"ea-header\"><a class=\"collapsed\" data-sptoggle=\"spcollapse\" data-sptarget=#collapse14621 href=\"javascript:void(0)\" aria-expanded=\"false\"><i class=\"ea-expand-icon fa fa-plus\"><\/i> Assessoria de Gest\u00e3o da Informa\u00e7\u00e3o<\/a><\/h3><div class=\"sp-collapse spcollapse spcollapse\" id=\"collapse14621\" data-parent=#sp-ea-1462><div class=\"ea-body\"><p>Alexandre Naves Magalh\u00e3es (Coordenador)<\/p>\n<p>(31) 3409-4097 \/ (31) 3409-4093<\/p>\n<p>planej@proplan.ufmg.br<\/p>\n<\/div><\/div><\/div><div class=\"ea-card  sp-ea-single\"><h3 class=\"ea-header\"><a class=\"collapsed\" data-sptoggle=\"spcollapse\" data-sptarget=#collapse14622 href=\"javascript:void(0)\" aria-expanded=\"false\"><i class=\"ea-expand-icon fa fa-plus\"><\/i> Diretoria de Or\u00e7amento<\/a><\/h3><div class=\"sp-collapse spcollapse spcollapse\" id=\"collapse14622\" data-parent=#sp-ea-1462><div class=\"ea-body\"><p>M\u00f4nica Gon\u00e7alves Azevedo Torres (Diretora)<\/p>\n<p>Alfredo de Campos Souto (Vice-Diretor)<\/p>\n<p>Andr\u00e9 Luiz Ribeiro Pereira<\/p>\n<p>Marlene In\u00eas Paula Gomes<\/p>\n<p>Thamara Figueiredo Procopio<\/p>\n<p>(31) 3409-4094 \/ (31) 3409-4095 \/ (31) 3409-4096<\/p>\n<p>orcamento@proplan.ufmg.br<\/p>\n<\/div><\/div><\/div><\/div>\n<p><strong>\u00a0<\/strong><\/p>\n<p><strong>DEPARTAMENTO DE CONTABILIDADE E FINAN\u00c7AS<\/strong><\/p>\n<div id=\"sp-ea-1464\" class=\"sp-ea-one sp-easy-accordion\" data-ex-icon=\"fa-minus\" data-col-icon=\"fa-plus\"  data-ea-active=\"ea-click\"  data-ea-mode=\"vertical\" data-preloader=\"\"><div class=\"ea-card  sp-ea-single\"><h3 class=\"ea-header\"><a class=\"collapsed\" data-sptoggle=\"spcollapse\" data-sptarget=#collapse14640 href=\"javascript:void(0)\" aria-expanded=\"false\"><i class=\"ea-expand-icon fa fa-plus\"><\/i> Diretoria<\/a><\/h3><div class=\"sp-collapse spcollapse spcollapse\" id=\"collapse14640\" data-parent=#sp-ea-1464><div class=\"ea-body\"><p>Elizio Marcos dos Reis (Diretor)<\/p>\n<p>Erivelto Martins da Paix\u00e3o (Vice-Diretor)<\/p>\n<p>(31) 3409-4102<\/p>\n<p>diretor@dcf.ufmg.br<\/p>\n<\/div><\/div><\/div><div class=\"ea-card  sp-ea-single\"><h3 class=\"ea-header\"><a class=\"collapsed\" data-sptoggle=\"spcollapse\" data-sptarget=#collapse14641 href=\"javascript:void(0)\" aria-expanded=\"false\"><i class=\"ea-expand-icon fa fa-plus\"><\/i> Secretaria Administrativa<\/a><\/h3><div class=\"sp-collapse spcollapse spcollapse\" id=\"collapse14641\" data-parent=#sp-ea-1464><div class=\"ea-body\"><p>Andr\u00e9a Lisboa Souza da Silva (Secret\u00e1ria)<\/p>\n<p>(31) 3409-4101 \/ (31) 3409-4099<\/p>\n<p>dcf@dcf.ufmg.br<\/p>\n<\/div><\/div><\/div><div class=\"ea-card  sp-ea-single\"><h3 class=\"ea-header\"><a class=\"collapsed\" data-sptoggle=\"spcollapse\" data-sptarget=#collapse14642 href=\"javascript:void(0)\" aria-expanded=\"false\"><i class=\"ea-expand-icon fa fa-plus\"><\/i> Divis\u00e3o de Conv\u00eanios<\/a><\/h3><div class=\"sp-collapse spcollapse spcollapse\" id=\"collapse14642\" data-parent=#sp-ea-1464><div class=\"ea-body\"><p>Fernando Ant\u00f4nio de Sousa Alvarenga (Coordenador)<\/p>\n<p>Jana\u00edna de Oliveira Caetano<\/p>\n<p>Gl\u00e1ucia de Brito Guedes de Souza<\/p>\n<p>Bruna Lorraine Ros\u00e1rio Barbosa<\/p>\n<p>Edna Ribeiro Magalh\u00e3es<\/p>\n<p>(31) 3409-4104 \/ (31) 3409-4307 \/ (31) 3409-5512<\/p>\n<p>dcf-dcv@dcf.ufmg.br<\/p>\n<\/div><\/div><\/div><div class=\"ea-card  sp-ea-single\"><h3 class=\"ea-header\"><a class=\"collapsed\" data-sptoggle=\"spcollapse\" data-sptarget=#collapse14643 href=\"javascript:void(0)\" aria-expanded=\"false\"><i class=\"ea-expand-icon fa fa-plus\"><\/i> Divis\u00e3o de Administra\u00e7\u00e3o Financeira<\/a><\/h3><div class=\"sp-collapse spcollapse spcollapse\" id=\"collapse14643\" data-parent=#sp-ea-1464><div class=\"ea-body\"><p>Carla Mendes dos Santos (Coordenadora)<\/p>\n<p>Erivelto Martins da Paix\u00e3o<\/p>\n<p>Reinaldo Eust\u00e1quio da Silveira<\/p>\n<p>Alessandro Dias Ferreira<\/p>\n<p>(31) 3409-4103 \/ (31) 3409-4537<\/p>\n<p>dcf-daf@dcf.ufmg.br<\/p>\n<\/div><\/div><\/div><div class=\"ea-card  sp-ea-single\"><h3 class=\"ea-header\"><a class=\"collapsed\" data-sptoggle=\"spcollapse\" data-sptarget=#collapse14644 href=\"javascript:void(0)\" aria-expanded=\"false\"><i class=\"ea-expand-icon fa fa-plus\"><\/i> Divis\u00e3o da An\u00e1lise e Controle<\/a><\/h3><div class=\"sp-collapse spcollapse spcollapse\" id=\"collapse14644\" data-parent=#sp-ea-1464><div class=\"ea-body\"><p>Ta\u00eds Stuart Ferreira do Carmo (Coordenadora)<\/p>\n<p>Lilian Lebourg dos Reis Chaves Costa<\/p>\n<p>L\u00edvia Carolina de Matos L. Passos<\/p>\n<p>Rayssa Isabelle Silva Guimar\u00e3es<\/p>\n<p>(31) 3409-4105 \/ (31) 3409-4538<\/p>\n<p>dcf-dac@dcf.ufmg.br<\/p>\n<\/div><\/div><\/div><div class=\"ea-card  sp-ea-single\"><h3 class=\"ea-header\"><a class=\"collapsed\" data-sptoggle=\"spcollapse\" data-sptarget=#collapse14645 href=\"javascript:void(0)\" aria-expanded=\"false\"><i class=\"ea-expand-icon fa fa-plus\"><\/i> Divis\u00e3o de Contabilidade<\/a><\/h3><div class=\"sp-collapse spcollapse spcollapse\" id=\"collapse14645\" data-parent=#sp-ea-1464><div class=\"ea-body\"><p>Rafael Moreira Felipe (Coordenador)<\/p>\n<p>Lilian Tadim Marques<\/p>\n<p>Jean Alves Souza e Silva<\/p>\n<p>(31) 3409-4106 \/ (31) 3409-4217 \/ (31) 3409-4098<\/p>\n<p>dcf-dc@dcf.ufmg.br<\/p>\n<\/div><\/div><\/div><div class=\"ea-card  sp-ea-single\"><h3 class=\"ea-header\"><a class=\"collapsed\" data-sptoggle=\"spcollapse\" data-sptarget=#collapse14646 href=\"javascript:void(0)\" aria-expanded=\"false\"><i class=\"ea-expand-icon fa fa-plus\"><\/i> Divis\u00e3o de Arquivos<\/a><\/h3><div class=\"sp-collapse spcollapse spcollapse\" id=\"collapse14646\" data-parent=#sp-ea-1464><div class=\"ea-body\"><p>Janice Pereira da Costa (Coordenadora)<\/p>\n<p>(31) 3409-4087<\/p>\n<p>arquivo@dcf.ufmg.br<\/p>\n<\/div><\/div><\/div><\/div>\n","protected":false},"excerpt":{"rendered":"<p>GABINETE DA PROPLAN Bruno Ot\u00e1vio Soares Teixeira Pr\u00f3-Reitor de Planejamento [&hellip;]<\/p>\n","protected":false},"author":1,"featured_media":0,"parent":1073,"menu_order":0,"comment_status":"closed","ping_status":"closed","template":"","meta":{"footnotes":""},"tags":[],"class_list":["post-1159","page","type-page","status-publish","hentry"],"_links":{"self":[{"href":"https:\/\/www.ufmg.br\/proplan\/wp-json\/wp\/v2\/pages\/1159","targetHints":{"allow":["GET"]}}],"collection":[{"href":"https:\/\/www.ufmg.br\/proplan\/wp-json\/wp\/v2\/pages"}],"about":[{"href":"https:\/\/www.ufmg.br\/proplan\/wp-json\/wp\/v2\/types\/page"}],"author":[{"embeddable":true,"href":"https:\/\/www.ufmg.br\/proplan\/wp-json\/wp\/v2\/users\/1"}],"replies":[{"embeddable":true,"href":"https:\/\/www.ufmg.br\/proplan\/wp-json\/wp\/v2\/comments?post=1159"}],"version-history":[{"count":18,"href":"https:\/\/www.ufmg.br\/proplan\/wp-json\/wp\/v2\/pages\/1159\/revisions"}],"predecessor-version":[{"id":13106,"href":"https:\/\/www.ufmg.br\/proplan\/wp-json\/wp\/v2\/pages\/1159\/revisions\/13106"}],"up":[{"embeddable":true,"href":"https:\/\/www.ufmg.br\/proplan\/wp-json\/wp\/v2\/pages\/1073"}],"wp:attachment":[{"href":"https:\/\/www.ufmg.br\/proplan\/wp-json\/wp\/v2\/media?parent=1159"}],"wp:term":[{"taxonomy":"post_tag","embeddable":true,"href":"https:\/\/www.ufmg.br\/proplan\/wp-json\/wp\/v2\/tags?post=1159"}],"curies":[{"name":"wp","href":"https:\/\/api.w.org\/{rel}","templated":true}]}}