{"id":1165,"date":"2022-03-25T11:12:51","date_gmt":"2022-03-25T14:12:51","guid":{"rendered":"https:\/\/www.ufmg.br\/proplan\/?page_id=1165"},"modified":"2023-04-04T17:48:48","modified_gmt":"2023-04-04T20:48:48","slug":"atribuicoes-dos-setores-de-contabilidade","status":"publish","type":"page","link":"https:\/\/www.ufmg.br\/proplan\/outras-informacoes\/atribuicoes-dos-setores-de-contabilidade\/","title":{"rendered":"Atribui\u00e7\u00f5es dos setores de contabilidade"},"content":{"rendered":"<p style=\"text-align: justify;\"><strong>Atribui\u00e7\u00f5es dos Setores de Contabilidade<\/strong><\/p>\n<p style=\"text-align: justify;\">A Se\u00e7\u00e3o de Contabilidade \u00e9 respons\u00e1vel por registrar, analisar, controlar e evidenciar os atos e fatos de gest\u00e3o or\u00e7ament\u00e1ria, financeira e patrimonial. Para tanto, dentre as atividades desenvolvidas est\u00e3o: executar os recursos financeiros e or\u00e7ament\u00e1rios da unidade, auxiliar no processo de presta\u00e7\u00e3o de contas relativo \u00e0 capta\u00e7\u00e3o de recursos por meio de conv\u00eanios, termos de execu\u00e7\u00e3o descentralizada e instrumentos cong\u00eaneres, atender \u00e0s obriga\u00e7\u00f5es fiscais principais e acess\u00f3rias, registrar os eventos patrimoniais da unidade de acordo com as Normas Brasileiras de Contabilidade Aplicadas ao Setor P\u00fablico, al\u00e9m de prover a administra\u00e7\u00e3o da Unidade de informa\u00e7\u00f5es cont\u00e1beis, financeiras e or\u00e7ament\u00e1rias suficientes para a tomada de decis\u00e3o.<\/p>\n<p style=\"text-align: justify;\">O profissional cont\u00e1bil deve conhecer o funcionamento da Unidade pela qual responde, estar envolvido com as atividades que impactam na contabilidade, possuir forma\u00e7\u00e3o t\u00e9cnica com registro ativo no CRC-MG, conforme preconizam o Decreto Lei 9.295\/46 e a Resolu\u00e7\u00e3o CFC 1.370\/2011. Deve tamb\u00e9m interagir com as \u00e1reas de patrim\u00f4nio, almoxarifado, compras e quaisquer outras que<br \/>\nmovimente, arrecade, controle ou aplique recursos p\u00fablicos.<\/p>\n<p style=\"text-align: justify;\"><strong>Atribui\u00e7\u00f5es Usuais:<\/strong><\/p>\n<ul style=\"text-align: justify;\">\n<li>Organizar os trabalhos inerentes \u00e0 contabilidade;<\/li>\n<li>Planejar o sistema de registros e opera\u00e7\u00f5es cont\u00e1beis atendendo \u00e0s necessidades administrativas e as exig\u00eancias legais;<\/li>\n<li>Inspecionar regularmente a escritura\u00e7\u00e3o cont\u00e1bil;<\/li>\n<li>Controlar e participar do trabalho de an\u00e1lise e concilia\u00e7\u00e3o de contas;<\/li>\n<li>Proceder ou orientar a classifica\u00e7\u00e3o e avalia\u00e7\u00e3o de despesas;<\/li>\n<li>Elaborar relat\u00f3rios sobre a situa\u00e7\u00e3o patrimonial, econ\u00f4mica e financeira da Unidade;<\/li>\n<li>Acompanhar a formaliza\u00e7\u00e3o de contratos no aspecto cont\u00e1bil;<\/li>\n<li>Analisar, acompanhar e fiscalizar a implanta\u00e7\u00e3o e a execu\u00e7\u00e3o de sistemas financeiros e cont\u00e1beis;<\/li>\n<li>Informar e orientar sobre pagamento a fornecedores e \u00e0s unidades administrativas;<\/li>\n<li>Contabilizar todas as opera\u00e7\u00f5es financeiras com controle de saldos banc\u00e1rios;<\/li>\n<li>Efetuar empenhos e pagamentos diversos e garantir o recolhimento dos tributos federais e<br \/>\nmunicipais;<\/li>\n<li>Executar as obriga\u00e7\u00f5es acess\u00f3rias de acordo com a legisla\u00e7\u00e3o tribut\u00e1ria;<\/li>\n<li>Realizar mensalmente a conformidade cont\u00e1bil;<\/li>\n<li>Acompanhar a realiza\u00e7\u00e3o da Conformidade de Gest\u00e3o pelo Ordenador \/ Substituto;<\/li>\n<li>Controlar o suprimento de fundos;<\/li>\n<li>Controlar todos os conv\u00eanios firmados pela unidade;<\/li>\n<li>Controlar as verbas or\u00e7ament\u00e1rias e extra or\u00e7ament\u00e1rias, dentro dos seus respectivos programas, subprogramas, projetos e atividades;<\/li>\n<li>Realizar o pagamento de di\u00e1rias e passagens adquiridas por meio do SCDP;<\/li>\n<li>Fazer pagamentos, controle e presta\u00e7\u00e3o de contas do Aux\u00edlio Financeiro;<\/li>\n<li>Promover os ajustes cont\u00e1beis no SIAFI das movimenta\u00e7\u00f5es de Almoxarifado, Patrim\u00f4nio e Biblioteca;<\/li>\n<li>Acompanhar o encerramento anual das contas cont\u00e1beis fazendo os ajustes necess\u00e1rios;<\/li>\n<li>Orientar os coordenadores quanto ao enquadramento or\u00e7ament\u00e1rio da despesa nos projetos a serem desenvolvidos na unidade;<\/li>\n<li>Auxiliar coordenadores em projetos nas atividades de presta\u00e7\u00e3o de contas;<\/li>\n<li>Controle or\u00e7ament\u00e1rio, financeiro e da vig\u00eancia de contratos com Funda\u00e7\u00f5es de Apoio;<\/li>\n<li>Fazer o registro dos restos a pagar para encerramento do exerc\u00edcio;<\/li>\n<li>Participar dos fluxos de arquivo dos documentos gerados nos processos de pagamento;<\/li>\n<li>Organizar planilha de pagamentos para publica\u00e7\u00e3o nos sites das unidades;<\/li>\n<li>Acompanhar a realiza\u00e7\u00e3o e a disponibiliza\u00e7\u00e3o da Nota T\u00e9cnica de Aprova\u00e7\u00e3o dos contratos com as funda\u00e7\u00f5es de apoio nos respectivos processos.<\/li>\n<\/ul>\n<p style=\"text-align: justify;\">Demais atribui\u00e7\u00f5es para o funcionamento da unidade, demandadas pelo Diretor da Unidade e do Departamento de Contabilidade e Finan\u00e7as da UFMG, observadas as atribui\u00e7\u00f5es previstas para os cargos de T\u00e9cnico em Contabilidade e Contador.<\/p>\n<p>&nbsp;<\/p>\n<p><i class=\"wp-svg-location-2 location-2\"><\/i> Divis\u00e3o de An\u00e1lise e Controle\/DCF \u2013 Atualizado em Agosto\/2022<\/p>\n","protected":false},"excerpt":{"rendered":"<p>Atribui\u00e7\u00f5es dos Setores de Contabilidade A Se\u00e7\u00e3o de Contabilidade \u00e9 [&hellip;]<\/p>\n","protected":false},"author":1,"featured_media":0,"parent":440,"menu_order":0,"comment_status":"closed","ping_status":"closed","template":"","meta":{"footnotes":""},"tags":[],"class_list":["post-1165","page","type-page","status-publish","hentry"],"_links":{"self":[{"href":"https:\/\/www.ufmg.br\/proplan\/wp-json\/wp\/v2\/pages\/1165","targetHints":{"allow":["GET"]}}],"collection":[{"href":"https:\/\/www.ufmg.br\/proplan\/wp-json\/wp\/v2\/pages"}],"about":[{"href":"https:\/\/www.ufmg.br\/proplan\/wp-json\/wp\/v2\/types\/page"}],"author":[{"embeddable":true,"href":"https:\/\/www.ufmg.br\/proplan\/wp-json\/wp\/v2\/users\/1"}],"replies":[{"embeddable":true,"href":"https:\/\/www.ufmg.br\/proplan\/wp-json\/wp\/v2\/comments?post=1165"}],"version-history":[{"count":6,"href":"https:\/\/www.ufmg.br\/proplan\/wp-json\/wp\/v2\/pages\/1165\/revisions"}],"predecessor-version":[{"id":3413,"href":"https:\/\/www.ufmg.br\/proplan\/wp-json\/wp\/v2\/pages\/1165\/revisions\/3413"}],"up":[{"embeddable":true,"href":"https:\/\/www.ufmg.br\/proplan\/wp-json\/wp\/v2\/pages\/440"}],"wp:attachment":[{"href":"https:\/\/www.ufmg.br\/proplan\/wp-json\/wp\/v2\/media?parent=1165"}],"wp:term":[{"taxonomy":"post_tag","embeddable":true,"href":"https:\/\/www.ufmg.br\/proplan\/wp-json\/wp\/v2\/tags?post=1165"}],"curies":[{"name":"wp","href":"https:\/\/api.w.org\/{rel}","templated":true}]}}