{"id":12372,"date":"2025-12-03T14:34:03","date_gmt":"2025-12-03T17:34:03","guid":{"rendered":"https:\/\/www.ufmg.br\/proplan\/?page_id=12372"},"modified":"2026-01-06T15:15:25","modified_gmt":"2026-01-06T18:15:25","slug":"fluxograma-contratacao-de-fundacao-de-apoio","status":"publish","type":"page","link":"https:\/\/www.ufmg.br\/proplan\/fluxograma-contratacao-de-fundacao-de-apoio\/","title":{"rendered":"Fluxograma &#8211; Contrata\u00e7\u00e3o de Funda\u00e7\u00e3o de Apoio"},"content":{"rendered":"<p>Ap\u00f3s a inclus\u00e3o no Sistema de todos os documentos que comp\u00f5e o processo, a coordena\u00e7\u00e3o e\/ou suporte Administrativo indicado dever\u00e1 enviar o processo no SEI para\u00a0<strong>DCF-DCV<\/strong>\u00a0para seguir o fluxo abaixo (o fluxo tamb\u00e9m est\u00e1 dispon\u00edvel na base de conhecimento do SEI\/UFMG\u00a0<a href=\"https:\/\/sei.ufmg.br\/index.php\/2019\/08\/28\/base-de-conhecimento\/?id_procedimento=100000305&amp;id_base=219\">clique aqui<\/a>).<\/p>\n<p><img loading=\"lazy\" decoding=\"async\" class=\"alignnone size-full wp-image-6923\" src=\"https:\/\/www.ufmg.br\/proplan\/wp-content\/uploads\/2024\/09\/FLUXO-DE-CONTRATACAO-DE-FUNDACAO-DE-APOIO.jpg\" sizes=\"auto, (max-width: 1478px) 100vw, 1478px\" srcset=\"https:\/\/www.ufmg.br\/proplan\/wp-content\/uploads\/2024\/09\/FLUXO-DE-CONTRATACAO-DE-FUNDACAO-DE-APOIO.jpg 1478w, https:\/\/www.ufmg.br\/proplan\/wp-content\/uploads\/2024\/09\/FLUXO-DE-CONTRATACAO-DE-FUNDACAO-DE-APOIO-300x169.jpg 300w, https:\/\/www.ufmg.br\/proplan\/wp-content\/uploads\/2024\/09\/FLUXO-DE-CONTRATACAO-DE-FUNDACAO-DE-APOIO-1024x576.jpg 1024w, https:\/\/www.ufmg.br\/proplan\/wp-content\/uploads\/2024\/09\/FLUXO-DE-CONTRATACAO-DE-FUNDACAO-DE-APOIO-768x432.jpg 768w\" alt=\"\" width=\"1478\" height=\"832\" \/><\/p>\n<p><img loading=\"lazy\" decoding=\"async\" class=\"alignnone size-full wp-image-5921\" src=\"https:\/\/www.ufmg.br\/proplan\/wp-content\/uploads\/2024\/03\/Fluxo-Contratacao-Fundacao-de-Apoio.png\" sizes=\"auto, (max-width: 3715px) 100vw, 3715px\" srcset=\"https:\/\/www.ufmg.br\/proplan\/wp-content\/uploads\/2024\/03\/Fluxo-Contratacao-Fundacao-de-Apoio.png 3715w, https:\/\/www.ufmg.br\/proplan\/wp-content\/uploads\/2024\/03\/Fluxo-Contratacao-Fundacao-de-Apoio-300x44.png 300w, https:\/\/www.ufmg.br\/proplan\/wp-content\/uploads\/2024\/03\/Fluxo-Contratacao-Fundacao-de-Apoio-1024x151.png 1024w, https:\/\/www.ufmg.br\/proplan\/wp-content\/uploads\/2024\/03\/Fluxo-Contratacao-Fundacao-de-Apoio-768x113.png 768w, https:\/\/www.ufmg.br\/proplan\/wp-content\/uploads\/2024\/03\/Fluxo-Contratacao-Fundacao-de-Apoio-1536x226.png 1536w, https:\/\/www.ufmg.br\/proplan\/wp-content\/uploads\/2024\/03\/Fluxo-Contratacao-Fundacao-de-Apoio-2048x302.png 2048w\" alt=\"\" width=\"3715\" height=\"547\" \/><\/p>\n<p>&nbsp;<\/p>\n<p><strong>Publica\u00e7\u00e3o do contrato por meio do SIASG:<\/strong>\u00a0Em conformidade com a legisla\u00e7\u00e3o, Lei 14.133\/2021 par\u00e1grafo \u00fanico do art. 72 \u201cO ato que autoriza a contrata\u00e7\u00e3o direta ou o extrato decorrente do contrato dever\u00e1 ser divulgado e mantido \u00e0 disposi\u00e7\u00e3o do p\u00fablico em s\u00edtio eletr\u00f4nico oficial\u201d.<\/p>\n<p>&nbsp;<\/p>\n<p><u>Registro do Contrato no Sistema Integrado de Servi\u00e7os Gerais do Governo Federal \u2013 SIASG:<\/u>\u00a0O contrato e seu cronograma dever\u00e3o ser registrados no SIASG seguindo o manual abaixo:<\/p>\n<p><a href=\"http:\/\/www.comprasnet.gov.br\/ajuda\/siasg\/passos_sicon.pdf\">Manual do Comprasnet<\/a><\/p>\n<p><a href=\"https:\/\/www.ufmg.br\/proplan\/wp-content\/uploads\/ORIENTA%C3%87%C3%83O-USU%C3%81RIO-CRONOGRAMA-DE-EMPENHO-SIASG.pdf\">ORIENTA\u00c7\u00c3O USU\u00c1RIO \u2013 CRONOGRAMA DE EMPENHO SIASG<\/a><\/p>\n<p>Ap\u00f3s finaliza\u00e7\u00e3o da tramita\u00e7\u00e3o do processo de contrata\u00e7\u00e3o, o termo de responsabilidade, dever\u00e1 ser inclu\u00eddo no SEI e preenchido com os dados do projeto e contrato\u00a0e assinados pela coordena\u00e7\u00e3o respons\u00e1vel e\/ou pelo suporte Administrativo indicado.<\/p>\n<p><a href=\"https:\/\/www.ufmg.br\/proplan\/wp-content\/uploads\/13-Termo-de-Responsabilidade-de-projetos-atualizado-dia-23-05-2016.doc\">Termo de Responsabilidade<\/a><\/p>\n","protected":false},"excerpt":{"rendered":"<p>Ap\u00f3s a inclus\u00e3o no Sistema de todos os documentos que [&hellip;]<\/p>\n","protected":false},"author":9,"featured_media":0,"parent":0,"menu_order":0,"comment_status":"closed","ping_status":"closed","template":"","meta":{"footnotes":""},"tags":[],"class_list":["post-12372","page","type-page","status-publish","hentry"],"_links":{"self":[{"href":"https:\/\/www.ufmg.br\/proplan\/wp-json\/wp\/v2\/pages\/12372","targetHints":{"allow":["GET"]}}],"collection":[{"href":"https:\/\/www.ufmg.br\/proplan\/wp-json\/wp\/v2\/pages"}],"about":[{"href":"https:\/\/www.ufmg.br\/proplan\/wp-json\/wp\/v2\/types\/page"}],"author":[{"embeddable":true,"href":"https:\/\/www.ufmg.br\/proplan\/wp-json\/wp\/v2\/users\/9"}],"replies":[{"embeddable":true,"href":"https:\/\/www.ufmg.br\/proplan\/wp-json\/wp\/v2\/comments?post=12372"}],"version-history":[{"count":3,"href":"https:\/\/www.ufmg.br\/proplan\/wp-json\/wp\/v2\/pages\/12372\/revisions"}],"predecessor-version":[{"id":12763,"href":"https:\/\/www.ufmg.br\/proplan\/wp-json\/wp\/v2\/pages\/12372\/revisions\/12763"}],"wp:attachment":[{"href":"https:\/\/www.ufmg.br\/proplan\/wp-json\/wp\/v2\/media?parent=12372"}],"wp:term":[{"taxonomy":"post_tag","embeddable":true,"href":"https:\/\/www.ufmg.br\/proplan\/wp-json\/wp\/v2\/tags?post=12372"}],"curies":[{"name":"wp","href":"https:\/\/api.w.org\/{rel}","templated":true}]}}

Fluxograma &#8211; Contratação de Fundação de Apoio

<p>Após a inclusão no Sistema de todos os documentos que compõe o processo, a coordenação e/ou suporte Administrativo indicado deverá enviar o processo no SEI para <strong>DCF-DCV</strong> para seguir o fluxo abaixo (o fluxo também está disponível na base de conhecimento do SEI/UFMG <a href="https://sei.ufmg.br/index.php/2019/08/28/base-de-conhecimento/?id_procedimento=100000305&amp;id_base=219">clique aqui</a>).</p>
<p><img loading="lazy" decoding="async" class="alignnone size-full wp-image-6923" src="https://www.ufmg.br/proplan/wp-content/uploads/2024/09/FLUXO-DE-CONTRATACAO-DE-FUNDACAO-DE-APOIO.jpg" sizes="auto, (max-width: 1478px) 100vw, 1478px" srcset="https://www.ufmg.br/proplan/wp-content/uploads/2024/09/FLUXO-DE-CONTRATACAO-DE-FUNDACAO-DE-APOIO.jpg 1478w, https://www.ufmg.br/proplan/wp-content/uploads/2024/09/FLUXO-DE-CONTRATACAO-DE-FUNDACAO-DE-APOIO-300x169.jpg 300w, https://www.ufmg.br/proplan/wp-content/uploads/2024/09/FLUXO-DE-CONTRATACAO-DE-FUNDACAO-DE-APOIO-1024x576.jpg 1024w, https://www.ufmg.br/proplan/wp-content/uploads/2024/09/FLUXO-DE-CONTRATACAO-DE-FUNDACAO-DE-APOIO-768x432.jpg 768w" alt="" width="1478" height="832" /></p>
<p><img loading="lazy" decoding="async" class="alignnone size-full wp-image-5921" src="https://www.ufmg.br/proplan/wp-content/uploads/2024/03/Fluxo-Contratacao-Fundacao-de-Apoio.png" sizes="auto, (max-width: 3715px) 100vw, 3715px" srcset="https://www.ufmg.br/proplan/wp-content/uploads/2024/03/Fluxo-Contratacao-Fundacao-de-Apoio.png 3715w, https://www.ufmg.br/proplan/wp-content/uploads/2024/03/Fluxo-Contratacao-Fundacao-de-Apoio-300x44.png 300w, https://www.ufmg.br/proplan/wp-content/uploads/2024/03/Fluxo-Contratacao-Fundacao-de-Apoio-1024x151.png 1024w, https://www.ufmg.br/proplan/wp-content/uploads/2024/03/Fluxo-Contratacao-Fundacao-de-Apoio-768x113.png 768w, https://www.ufmg.br/proplan/wp-content/uploads/2024/03/Fluxo-Contratacao-Fundacao-de-Apoio-1536x226.png 1536w, https://www.ufmg.br/proplan/wp-content/uploads/2024/03/Fluxo-Contratacao-Fundacao-de-Apoio-2048x302.png 2048w" alt="" width="3715" height="547" /></p>
<p>&nbsp;</p>
<p><strong>Publicação do contrato por meio do SIASG:</strong> Em conformidade com a legislação, Lei 14.133/2021 parágrafo único do art. 72 “O ato que autoriza a contratação direta ou o extrato decorrente do contrato deverá ser divulgado e mantido à disposição do público em sítio eletrônico oficial”.</p>
<p>&nbsp;</p>
<p><u>Registro do Contrato no Sistema Integrado de Serviços Gerais do Governo Federal – SIASG:</u> O contrato e seu cronograma deverão ser registrados no SIASG seguindo o manual abaixo:</p>
<p><a href="http://www.comprasnet.gov.br/ajuda/siasg/passos_sicon.pdf">Manual do Comprasnet</a></p>
<p><a href="https://www.ufmg.br/proplan/wp-content/uploads/ORIENTA%C3%87%C3%83O-USU%C3%81RIO-CRONOGRAMA-DE-EMPENHO-SIASG.pdf">ORIENTAÇÃO USUÁRIO – CRONOGRAMA DE EMPENHO SIASG</a></p>
<p>Após finalização da tramitação do processo de contratação, o termo de responsabilidade, deverá ser incluído no SEI e preenchido com os dados do projeto e contrato e assinados pela coordenação responsável e/ou pelo suporte Administrativo indicado.</p>
<p><a href="https://www.ufmg.br/proplan/wp-content/uploads/13-Termo-de-Responsabilidade-de-projetos-atualizado-dia-23-05-2016.doc">Termo de Responsabilidade</a></p>

<p>Após a inclusão no Sistema de todos os documentos que [&hellip;]</p>
