{"id":12386,"date":"2025-12-03T15:49:25","date_gmt":"2025-12-03T18:49:25","guid":{"rendered":"https:\/\/www.ufmg.br\/proplan\/?page_id=12386"},"modified":"2025-12-03T15:49:25","modified_gmt":"2025-12-03T18:49:25","slug":"prestacao-de-contas-contratacao-de-fundacao-de-apoio","status":"publish","type":"page","link":"https:\/\/www.ufmg.br\/proplan\/prestacao-de-contas-contratacao-de-fundacao-de-apoio\/","title":{"rendered":"Presta\u00e7\u00e3o de Contas &#8211; Contrata\u00e7\u00e3o de Funda\u00e7\u00e3o de Apoio"},"content":{"rendered":"<p><em>Ao final da execu\u00e7\u00e3o do projeto, a Funda\u00e7\u00e3o de Apoio dever\u00e1 prestar contas da execu\u00e7\u00e3o, no prazo estabelecido no contrato assinado entre as partes, observando as orienta\u00e7\u00f5es contidas nos par\u00e1grafos 1\u00b0 e 2\u00b0 do artigo 11\u00b0 do Decreto 7423\/2010:<\/em><\/p>\n<ul>\n<li><em>1<u><sup>o<\/sup><\/u>A presta\u00e7\u00e3o de contas dever\u00e1 abranger os aspectos cont\u00e1beis, de legalidade, efetividade e economicidade de cada projeto, cabendo \u00e0 institui\u00e7\u00e3o apoiada zelar pelo acompanhamento em tempo real da execu\u00e7\u00e3o f\u00edsico-financeira da situa\u00e7\u00e3o de cada projeto e respeitar a segrega\u00e7\u00e3o de fun\u00e7\u00f5es e responsabilidades entre funda\u00e7\u00e3o de apoio e institui\u00e7\u00e3o apoiada.<\/em><\/li>\n<li><em>2<u><sup>o<\/sup><\/u>A presta\u00e7\u00e3o de contas dever\u00e1 ser instru\u00edda com os demonstrativos de receitas e despesas, c\u00f3pia dos documentos fiscais da funda\u00e7\u00e3o de apoio, rela\u00e7\u00e3o de pagamentos discriminando, no caso de pagamentos, as respectivas cargas hor\u00e1rias de seus benefici\u00e1rios, c\u00f3pias de guias de recolhimentos, incluindo a GRU de devolu\u00e7\u00e3o de saldo para a UFMG (no prazo de 30 dias do fim da vig\u00eancia \u2013 Decreto 10.426 de 16\/07\/2020 para execu\u00e7\u00e3o de TED) e tamb\u00e9m as atas de licita\u00e7\u00e3o.<\/em><\/li>\n<li>3\u00ba Caso haja aquisi\u00e7\u00e3o de bens a presta\u00e7\u00e3o de contas deve ser instru\u00eddas com a rela\u00e7\u00e3o dos mesmo, n\u00famero de patrim\u00f4nio, local de guarda e relat\u00f3rio fotogr\u00e1fico contendo data e o nome do respons\u00e1vel pela fotografia dos bens instalados.<\/li>\n<li>4\u00ba Caso haja execu\u00e7\u00e3o de obra, a presta\u00e7\u00e3o de contas deve ser instru\u00edda com relat\u00f3rio fotogr\u00e1fico contendo data e o nome do respons\u00e1vel pela fotografia, em ordem cronologia da sua evolu\u00e7\u00e3o.<\/li>\n<li>5\u00ba Ainda tendo execu\u00e7\u00e3o de Obra, dever\u00e1 ser intruida tamb\u00e9m com o Termo de Entrega da Obra e a institui\u00e7\u00e3o por sua vez providenciar\u00e1 1:Termo de Aceita\u00e7\u00e3o Definitiva da Obra, 2: baixa cont\u00e1bil da Obra em andamento no SIAFI, 3: lan\u00e7amento no SPIUnet, para o reflexo na balan\u00e7o patrimonial da universidade.<\/li>\n<li>6\u00ba\u00a0Caso a execu\u00e7\u00e3o tenha recursos provenientes de EMENDAS Parlamentares (apenas emenda de bancada \u2013 RP 9), preencher planilha contida no link abaixo:<\/li>\n<\/ul>\n<p><a href=\"https:\/\/www.gov.br\/mec\/pt-br\/assuntos-1\/transparencia-e-prestacao-de-contas\/emendas-ploa\">https:\/\/www.gov.br\/mec\/pt-br\/assuntos-1\/transparencia-e-prestacao-de-contas\/emendas-ploa<\/a><\/p>\n<p><a href=\"https:\/\/www.ufmg.br\/proplan\/wp-content\/uploads\/2023\/04\/FormulrioemCumprimentoPort.95160222.xlsx\">Planilha<\/a>\u00a0\u2013 Formul\u00e1rio da Portaria 95 de 16\/02\/2022.<\/p>\n<p>Em cumprimento ao estabelecido no \u00a7 \u00fanico, do art. 4\u00ba da Portaria n\u00ba 95, de 16 de fevereiro de 2022, que disciplina, no \u00e2mbito do Minist\u00e9rio da Educa\u00e7\u00e3o, o Decreto n\u00ba 10.888 de 9 de dezembro de 2021, que disp\u00f5e sobre a publicidade e a transpar\u00eancia das comunica\u00e7\u00f5es realizadas entre os \u00f3rg\u00e3os, fundos e entidades do Poder Executivo federal.<\/p>\n<p>O(A) coordenador(a) do projeto dever\u00e1 receber e conferir a presta\u00e7\u00e3o de contas<em>\u00a0apresentada pela Funda\u00e7\u00e3o, que poder\u00e1 ser conferido com o apoio <\/em><em>do<\/em> suporte Administrativo indicado <em>e, no prazo de 30 dias a contar de seu recebimento, manifestar-se formalmente a respeito de sua adequa\u00e7\u00e3o. Esta manifesta\u00e7\u00e3o ser\u00e1 feita por meio de Nota T\u00e9cnica elaborada pelo(a) coordenador(a) do projeto e ratificada pelo(a) diretor(a) da Unidade, e observar\u00e1 as orienta\u00e7\u00f5es contidas no par\u00e1grafo 3\u00b0 do artigo 11\u00b0 do Decreto 7423\/2010:<\/em><\/p>\n<ul>\n<li><em>3<u><sup>o<\/sup><\/u>A institui\u00e7\u00e3o apoiada dever\u00e1 elaborar relat\u00f3rio final de avalia\u00e7\u00e3o com base nos documentos referidos no \u00a7 2<u><sup>o<\/sup><\/u>e demais informa\u00e7\u00f5es relevantes sobre o projeto, atestando a regularidade das despesas realizadas pela funda\u00e7\u00e3o de apoio, o atendimento dos resultados esperados no plano de trabalho e a rela\u00e7\u00e3o de bens adquiridos em seu \u00e2mbito.<\/em><\/li>\n<\/ul>\n<p>A Funda\u00e7\u00e3o de Apoio dever\u00e1 apresentar a presta\u00e7\u00e3o de contas de forma eletr\u00f4nica contendo assinatura digital. O coordenador e\/ou o suporte Administrativo indicado deve incluir a documenta\u00e7\u00e3o no SEI e gerar no sistema a Nota T\u00e9cnica. Dever\u00e1 incluir tamb\u00e9m uma manifesta\u00e7\u00e3o sobre o cumprimento das obriga\u00e7\u00f5es da Funda\u00e7\u00e3o de Apoio contratada, que est\u00e3o listadas nos incisos do par\u00e1grafo 3\u00b0 da cl\u00e1usula 2\u00b0 do contrato assinado entre as partes.<\/p>\n<p><a href=\"https:\/\/www.ufmg.br\/proplan\/wp-content\/uploads\/2022\/08\/Modelo-Proposto-de-Nota-Tecnica-12-08-22.docx\">Modelo Proposto de Nota T\u00e9cnica<\/a><\/p>\n<p>O dever de prestar contas do uso de recursos p\u00fablicos est\u00e1 previsto no par\u00e1grafo \u00fanico do artigo 70\u00b0 da Constitui\u00e7\u00e3o Federal<strong>:<\/strong><\/p>\n<p><em>\u201cPrestar\u00e1 contas qualquer pessoa f\u00edsica ou jur\u00eddica, p\u00fablica ou privada, que utilize, arrecade, guarde, gerencie ou administre dinheiros, bens e valores p\u00fablicos ou pelos quais a Uni\u00e3o responda, ou que, em nome desta, assuma obriga\u00e7\u00f5es de natureza pecuni\u00e1ria.\u201d<\/em><\/p>\n<p>Conforme Decreto Lei 200 de 1967,\u00a0 Art. 84. Quando se verificar que determinada conta n\u00e3o foi prestada, ou que ocorreu desfalque, desvio de bens ou outra irregularidade de que resulte preju\u00edzo para a Fazenda P\u00fablica, as autoridades administrativas, sob pena de co-responsabilidade e sem embargo dos procedimentos disciplinares, dever\u00e3o tomar imediatas provid\u00eancias para assegurar o respectivo ressarcimento e instaurar a tomada de contas, fazendo-se as comunica\u00e7\u00f5es a respeito ao Tribunal de Contas.<\/p>\n<p>Segundo Artigo 116 da Lei 8666\/93 \u00a7 6\u00ba, quando da conclus\u00e3o, den\u00fancia, rescis\u00e3o ou extin\u00e7\u00e3o do conv\u00eanio, acordo ou ajuste, os saldos financeiros remanescentes, inclusive os provenientes das receitas obtidas das aplica\u00e7\u00f5es financeiras realizadas, ser\u00e3o devolvidos \u00e0 entidade ou \u00f3rg\u00e3o repassador dos recursos, no prazo improrrog\u00e1vel de 30 (trinta) dias do evento, sob pena da imediata instaura\u00e7\u00e3o de tomada de contas especial do respons\u00e1vel, providenciada pela autoridade competente do \u00f3rg\u00e3o ou entidade titular dos recursos.<\/p>\n<p>&nbsp;<\/p>\n<p>&nbsp;<\/p>\n<p><strong>ETAPAS PRESTA\u00c7\u00c3O DE CONTAS (PARCIAL OU FINAL) CONTRATOS COM FUNDA\u00c7\u00c3O DE APOIO<\/strong><\/p>\n<p><strong>1 \u2013 Devolu\u00e7\u00e3o Saldo \u00e0 UFMG,\u00a0ap\u00f3s encerramento do contrato:<\/strong><\/p>\n<p>1.1 A Funda\u00e7\u00e3o realiza a devolu\u00e7\u00e3o do saldo \u00e0 UFMG, se houver, em at\u00e9 25 dias corridos ap\u00f3s o encerramento do contrato;<\/p>\n<p>1.2 A coordena\u00e7\u00e3o e\/ou suporte Administrativo indicado, acompanha e verifica se a devolu\u00e7\u00e3o de saldo j\u00e1 ocorreu, caso o contrato esteja vinculado a TED a coordena\u00e7\u00e3o deve providenciar a devolu\u00e7\u00e3o ao concedente (consultar o procedimento devolu\u00e7\u00e3o de saldo no SEI\/UFMG, nas orienta\u00e7\u00f5es DCF\/DCV sobre TED \u2013\u00a0<a href=\"https:\/\/sei.ufmg.br\/index.php\/2019\/08\/28\/base-de-conhecimento\/?id_procedimento=100000540&amp;id_base=611\"><strong>Clique Aqui<\/strong><\/a>).<\/p>\n<p><strong>2 \u2013 Presta\u00e7\u00e3o de contas (parcial ou final) \u00e0 UFMG:<\/strong><\/p>\n<p>2.1 A Funda\u00e7\u00e3o elabora e envia a presta\u00e7\u00e3o de contas (parcial ou final) \u00e0 coordena\u00e7\u00e3o do projeto;<\/p>\n<p>2.2 A coordena\u00e7\u00e3o e\/ou suporte Administrativo indicado, recebe e analisa a presta\u00e7\u00e3o de contas (parcial ou final) ou o suporte Administrativo indicado, apresentada pela Funda\u00e7\u00e3o (com apoio da contabilidade da unidade ou suporte Administrativo designado, quando demandado pela coordena\u00e7\u00e3o do projeto \u2013\u00a0<a href=\"https:\/\/www.ufmg.br\/proplan\/wp-content\/uploads\/Atribui%C3%A7%C3%B5es-dos-Setores-de-Contabilidade.pdf\"><strong>Clique Aqui<\/strong><\/a>);<\/p>\n<p>2.3 A coordena\u00e7\u00e3o e\/ou suporte Administrativo indicado, inclui a presta\u00e7\u00e3o de contas (parcial ou final) no processo de Contrata\u00e7\u00e3o;<\/p>\n<p>2.4 A coordena\u00e7\u00e3o e\/ou o suporte Administrativo indicado elabora, designado, no processo SEI de Contrata\u00e7\u00e3o, Nota T\u00e9cnica de an\u00e1lise e aprova\u00e7\u00e3o da presta\u00e7\u00e3o de contas (parcial ou final);<\/p>\n<p>2.5 A coordena\u00e7\u00e3o e\/ou suporte Administrativo indicado, envia a Nota T\u00e9cnica \u00e0 Funda\u00e7\u00e3o, por e-mail no processo SEI do contrato, solicitando a disponibiliza\u00e7\u00e3o no site da Funda\u00e7\u00e3o;<\/p>\n<p>2.6 A coordena\u00e7\u00e3o e\/ou suporte Administrativo indicado, acompanha se Nota T\u00e9cnica foi disponibilizada no site da funda\u00e7\u00e3o;<\/p>\n<p>2.7 O fiscal do contrato,\u00a0<u>ao final da execu\u00e7\u00e3o do projeto<\/u>, acompanha junto \u00e0 coordena\u00e7\u00e3o e\/ou suporte Administrativo indicado, os procedimentos de inclus\u00e3o no processo SEI da Presta\u00e7\u00e3o de Contas Final e da Nota T\u00e9cnica, assim como verifica e atesta o teor da presta\u00e7\u00e3o de contas, e posteriormente averigua se a Nota T\u00e9cnica foi enviada e disponibilizada no site da Funda\u00e7\u00e3o de Apoio \u2013\u00a0<a href=\"https:\/\/www.ufmg.br\/proplan\/wp-content\/uploads\/Atribui%C3%A7oes-Fiscais-de-contrato-FA.pdf\"><strong>Clique Aqui<\/strong><\/a>.<\/p>\n<p>Transpar\u00eancia sobre os Contratos com Funda\u00e7\u00f5es de Apoio<\/p>\n<p>Na execu\u00e7\u00e3o de alguns projetos, a UFMG conta com o apoio de quatro funda\u00e7\u00f5es que mant\u00eam relacionamento com a Universidade de acordo com o disposto pela Lei 8.958\/1994 e regulamenta\u00e7\u00f5es estabelecidas pelo Decreto 7.423\/2010.<\/p>\n<p>Nesta p\u00e1gina est\u00e3o divulgados os endere\u00e7os de acesso aos portais de transpar\u00eancia de cada uma das Funda\u00e7\u00f5es, al\u00e9m da p\u00e1gina referente \u00e0 presta\u00e7\u00e3o de contas anuais que contempla informa\u00e7\u00f5es sobre projetos desenvolvidos pelas funda\u00e7\u00f5es de apoio em cada exerc\u00edcio financeiro.<\/p>\n","protected":false},"excerpt":{"rendered":"<p>Ao final da execu\u00e7\u00e3o do projeto, a Funda\u00e7\u00e3o de Apoio [&hellip;]<\/p>\n","protected":false},"author":9,"featured_media":0,"parent":0,"menu_order":0,"comment_status":"closed","ping_status":"closed","template":"","meta":{"footnotes":""},"tags":[],"class_list":["post-12386","page","type-page","status-publish","hentry"],"_links":{"self":[{"href":"https:\/\/www.ufmg.br\/proplan\/wp-json\/wp\/v2\/pages\/12386","targetHints":{"allow":["GET"]}}],"collection":[{"href":"https:\/\/www.ufmg.br\/proplan\/wp-json\/wp\/v2\/pages"}],"about":[{"href":"https:\/\/www.ufmg.br\/proplan\/wp-json\/wp\/v2\/types\/page"}],"author":[{"embeddable":true,"href":"https:\/\/www.ufmg.br\/proplan\/wp-json\/wp\/v2\/users\/9"}],"replies":[{"embeddable":true,"href":"https:\/\/www.ufmg.br\/proplan\/wp-json\/wp\/v2\/comments?post=12386"}],"version-history":[{"count":1,"href":"https:\/\/www.ufmg.br\/proplan\/wp-json\/wp\/v2\/pages\/12386\/revisions"}],"predecessor-version":[{"id":12387,"href":"https:\/\/www.ufmg.br\/proplan\/wp-json\/wp\/v2\/pages\/12386\/revisions\/12387"}],"wp:attachment":[{"href":"https:\/\/www.ufmg.br\/proplan\/wp-json\/wp\/v2\/media?parent=12386"}],"wp:term":[{"taxonomy":"post_tag","embeddable":true,"href":"https:\/\/www.ufmg.br\/proplan\/wp-json\/wp\/v2\/tags?post=12386"}],"curies":[{"name":"wp","href":"https:\/\/api.w.org\/{rel}","templated":true}]}}

Prestação de Contas &#8211; Contratação de Fundação de Apoio

<p><em>Ao final da execução do projeto, a Fundação de Apoio deverá prestar contas da execução, no prazo estabelecido no contrato assinado entre as partes, observando as orientações contidas nos parágrafos 1° e 2° do artigo 11° do Decreto 7423/2010:</em></p>
<ul>
<li><em>1<u><sup>o</sup></u>A prestação de contas deverá abranger os aspectos contábeis, de legalidade, efetividade e economicidade de cada projeto, cabendo à instituição apoiada zelar pelo acompanhamento em tempo real da execução físico-financeira da situação de cada projeto e respeitar a segregação de funções e responsabilidades entre fundação de apoio e instituição apoiada.</em></li>
<li><em>2<u><sup>o</sup></u>A prestação de contas deverá ser instruída com os demonstrativos de receitas e despesas, cópia dos documentos fiscais da fundação de apoio, relação de pagamentos discriminando, no caso de pagamentos, as respectivas cargas horárias de seus beneficiários, cópias de guias de recolhimentos, incluindo a GRU de devolução de saldo para a UFMG (no prazo de 30 dias do fim da vigência – Decreto 10.426 de 16/07/2020 para execução de TED) e também as atas de licitação.</em></li>
<li>3º Caso haja aquisição de bens a prestação de contas deve ser instruídas com a relação dos mesmo, número de patrimônio, local de guarda e relatório fotográfico contendo data e o nome do responsável pela fotografia dos bens instalados.</li>
<li>4º Caso haja execução de obra, a prestação de contas deve ser instruída com relatório fotográfico contendo data e o nome do responsável pela fotografia, em ordem cronologia da sua evolução.</li>
<li>5º Ainda tendo execução de Obra, deverá ser intruida também com o Termo de Entrega da Obra e a instituição por sua vez providenciará 1:Termo de Aceitação Definitiva da Obra, 2: baixa contábil da Obra em andamento no SIAFI, 3: lançamento no SPIUnet, para o reflexo na balanço patrimonial da universidade.</li>
<li>6º Caso a execução tenha recursos provenientes de EMENDAS Parlamentares (apenas emenda de bancada – RP 9), preencher planilha contida no link abaixo:</li>
</ul>
<p><a href="https://www.gov.br/mec/pt-br/assuntos-1/transparencia-e-prestacao-de-contas/emendas-ploa">https://www.gov.br/mec/pt-br/assuntos-1/transparencia-e-prestacao-de-contas/emendas-ploa</a></p>
<p><a href="https://www.ufmg.br/proplan/wp-content/uploads/2023/04/FormulrioemCumprimentoPort.95160222.xlsx">Planilha</a> – Formulário da Portaria 95 de 16/02/2022.</p>
<p>Em cumprimento ao estabelecido no § único, do art. 4º da Portaria nº 95, de 16 de fevereiro de 2022, que disciplina, no âmbito do Ministério da Educação, o Decreto nº 10.888 de 9 de dezembro de 2021, que dispõe sobre a publicidade e a transparência das comunicações realizadas entre os órgãos, fundos e entidades do Poder Executivo federal.</p>
<p>O(A) coordenador(a) do projeto deverá receber e conferir a prestação de contas<em> apresentada pela Fundação, que poderá ser conferido com o apoio </em><em>do</em> suporte Administrativo indicado <em>e, no prazo de 30 dias a contar de seu recebimento, manifestar-se formalmente a respeito de sua adequação. Esta manifestação será feita por meio de Nota Técnica elaborada pelo(a) coordenador(a) do projeto e ratificada pelo(a) diretor(a) da Unidade, e observará as orientações contidas no parágrafo 3° do artigo 11° do Decreto 7423/2010:</em></p>
<ul>
<li><em>3<u><sup>o</sup></u>A instituição apoiada deverá elaborar relatório final de avaliação com base nos documentos referidos no § 2<u><sup>o</sup></u>e demais informações relevantes sobre o projeto, atestando a regularidade das despesas realizadas pela fundação de apoio, o atendimento dos resultados esperados no plano de trabalho e a relação de bens adquiridos em seu âmbito.</em></li>
</ul>
<p>A Fundação de Apoio deverá apresentar a prestação de contas de forma eletrônica contendo assinatura digital. O coordenador e/ou o suporte Administrativo indicado deve incluir a documentação no SEI e gerar no sistema a Nota Técnica. Deverá incluir também uma manifestação sobre o cumprimento das obrigações da Fundação de Apoio contratada, que estão listadas nos incisos do parágrafo 3° da cláusula 2° do contrato assinado entre as partes.</p>
<p><a href="https://www.ufmg.br/proplan/wp-content/uploads/2022/08/Modelo-Proposto-de-Nota-Tecnica-12-08-22.docx">Modelo Proposto de Nota Técnica</a></p>
<p>O dever de prestar contas do uso de recursos públicos está previsto no parágrafo único do artigo 70° da Constituição Federal<strong>:</strong></p>
<p><em>“Prestará contas qualquer pessoa física ou jurídica, pública ou privada, que utilize, arrecade, guarde, gerencie ou administre dinheiros, bens e valores públicos ou pelos quais a União responda, ou que, em nome desta, assuma obrigações de natureza pecuniária.”</em></p>
<p>Conforme Decreto Lei 200 de 1967,  Art. 84. Quando se verificar que determinada conta não foi prestada, ou que ocorreu desfalque, desvio de bens ou outra irregularidade de que resulte prejuízo para a Fazenda Pública, as autoridades administrativas, sob pena de co-responsabilidade e sem embargo dos procedimentos disciplinares, deverão tomar imediatas providências para assegurar o respectivo ressarcimento e instaurar a tomada de contas, fazendo-se as comunicações a respeito ao Tribunal de Contas.</p>
<p>Segundo Artigo 116 da Lei 8666/93 § 6º, quando da conclusão, denúncia, rescisão ou extinção do convênio, acordo ou ajuste, os saldos financeiros remanescentes, inclusive os provenientes das receitas obtidas das aplicações financeiras realizadas, serão devolvidos à entidade ou órgão repassador dos recursos, no prazo improrrogável de 30 (trinta) dias do evento, sob pena da imediata instauração de tomada de contas especial do responsável, providenciada pela autoridade competente do órgão ou entidade titular dos recursos.</p>
<p>&nbsp;</p>
<p>&nbsp;</p>
<p><strong>ETAPAS PRESTAÇÃO DE CONTAS (PARCIAL OU FINAL) CONTRATOS COM FUNDAÇÃO DE APOIO</strong></p>
<p><strong>1 – Devolução Saldo à UFMG, após encerramento do contrato:</strong></p>
<p>1.1 A Fundação realiza a devolução do saldo à UFMG, se houver, em até 25 dias corridos após o encerramento do contrato;</p>
<p>1.2 A coordenação e/ou suporte Administrativo indicado, acompanha e verifica se a devolução de saldo já ocorreu, caso o contrato esteja vinculado a TED a coordenação deve providenciar a devolução ao concedente (consultar o procedimento devolução de saldo no SEI/UFMG, nas orientações DCF/DCV sobre TED – <a href="https://sei.ufmg.br/index.php/2019/08/28/base-de-conhecimento/?id_procedimento=100000540&amp;id_base=611"><strong>Clique Aqui</strong></a>).</p>
<p><strong>2 – Prestação de contas (parcial ou final) à UFMG:</strong></p>
<p>2.1 A Fundação elabora e envia a prestação de contas (parcial ou final) à coordenação do projeto;</p>
<p>2.2 A coordenação e/ou suporte Administrativo indicado, recebe e analisa a prestação de contas (parcial ou final) ou o suporte Administrativo indicado, apresentada pela Fundação (com apoio da contabilidade da unidade ou suporte Administrativo designado, quando demandado pela coordenação do projeto – <a href="https://www.ufmg.br/proplan/wp-content/uploads/Atribui%C3%A7%C3%B5es-dos-Setores-de-Contabilidade.pdf"><strong>Clique Aqui</strong></a>);</p>
<p>2.3 A coordenação e/ou suporte Administrativo indicado, inclui a prestação de contas (parcial ou final) no processo de Contratação;</p>
<p>2.4 A coordenação e/ou o suporte Administrativo indicado elabora, designado, no processo SEI de Contratação, Nota Técnica de análise e aprovação da prestação de contas (parcial ou final);</p>
<p>2.5 A coordenação e/ou suporte Administrativo indicado, envia a Nota Técnica à Fundação, por e-mail no processo SEI do contrato, solicitando a disponibilização no site da Fundação;</p>
<p>2.6 A coordenação e/ou suporte Administrativo indicado, acompanha se Nota Técnica foi disponibilizada no site da fundação;</p>
<p>2.7 O fiscal do contrato, <u>ao final da execução do projeto</u>, acompanha junto à coordenação e/ou suporte Administrativo indicado, os procedimentos de inclusão no processo SEI da Prestação de Contas Final e da Nota Técnica, assim como verifica e atesta o teor da prestação de contas, e posteriormente averigua se a Nota Técnica foi enviada e disponibilizada no site da Fundação de Apoio – <a href="https://www.ufmg.br/proplan/wp-content/uploads/Atribui%C3%A7oes-Fiscais-de-contrato-FA.pdf"><strong>Clique Aqui</strong></a>.</p>
<p>Transparência sobre os Contratos com Fundações de Apoio</p>
<p>Na execução de alguns projetos, a UFMG conta com o apoio de quatro fundações que mantêm relacionamento com a Universidade de acordo com o disposto pela Lei 8.958/1994 e regulamentações estabelecidas pelo Decreto 7.423/2010.</p>
<p>Nesta página estão divulgados os endereços de acesso aos portais de transparência de cada uma das Fundações, além da página referente à prestação de contas anuais que contempla informações sobre projetos desenvolvidos pelas fundações de apoio em cada exercício financeiro.</p>

<p>Ao final da execução do projeto, a Fundação de Apoio [&hellip;]</p>
