{"id":1255,"date":"2022-04-20T15:47:20","date_gmt":"2022-04-20T18:47:20","guid":{"rendered":"https:\/\/www.ufmg.br\/proplan\/?page_id=1255"},"modified":"2026-01-12T14:22:44","modified_gmt":"2026-01-12T17:22:44","slug":"acesso-ao-siafi","status":"publish","type":"page","link":"https:\/\/www.ufmg.br\/proplan\/conformidade-no-siafi\/acesso-ao-siafi\/","title":{"rendered":"Acesso ao SIAFI"},"content":{"rendered":"<p style=\"text-align: justify;\">Com o intuito de <strong>aprimorar a seguran\u00e7a do sistema SIAFI<\/strong>, a Secretaria do Tesouro Nacional (STN) definiu em 2024 um cronograma de implanta\u00e7\u00e3o de altera\u00e7\u00f5es no processo de autentica\u00e7\u00e3o (login) no sistema.<\/p>\n<p style=\"text-align: justify;\">Est\u00e3o sendo adotadas <strong>evolu\u00e7\u00f5es gradativas <\/strong>no sistema SIAFI para que todos os usu\u00e1rios utilizem mecanismos de acesso mais seguros. Nesse contexto, a autentica\u00e7\u00e3o por CPF e senha deixar\u00e1 de existir no SIAFI nos pr\u00f3ximos meses.<\/p>\n<p style=\"text-align: justify;\">As mudan\u00e7as no curto prazo afetam <u>apenas<\/u> o acesso ao SIAFI Operacional (tela preta) e Siafi Web, mas oportunamente as solu\u00e7\u00f5es do Complexo SIAFI adotar\u00e3o um novo padr\u00e3o para autentica\u00e7\u00e3o e autoriza\u00e7\u00e3o.<\/p>\n<p style=\"text-align: justify;\"><strong>O que muda:<\/strong><\/p>\n<ul style=\"text-align: justify;\">\n<li><strong>Acesso ao SIAFI Web<\/strong><strong>\u00a0<\/strong><\/li>\n<\/ul>\n<p style=\"text-align: justify;\">A autentica\u00e7\u00e3o por CPF e senha deixar\u00e1 de existir no SIAFI , sendo substitu\u00edda gradativamente por outros mecanismos mais seguros. Um desses mecanismos \u00e9 o certificado digital.<\/p>\n<p style=\"margin: 0cm; margin-bottom: .0001pt; text-align: justify;\">Desde o dia 10\/07\/2024,\u00a0 todos os operadores, ou seja, usu\u00e1rios que possuem perfil de acesso que <strong style=\"box-sizing: border-box;\">n\u00e3o seja exclusivamente de consulta<\/strong>\u00a0e que\u00a0<strong style=\"box-sizing: border-box;\">possuem certificado digital<\/strong> emitido por autoridade certificadora de governo, passaram a utilizar, exclusivamente, seus certificados para acessar o SIAFI. Desta forma, estes usu\u00e1rios<strong>\u00a0deixaram de ter acesso ao sistema com CPF e senha<\/strong>, independentemente de sua UG ter aderido ao Controle de Acesso Condicional por IP (CAC).<\/p>\n<p style=\"text-align: justify;\">O acesso por certificado digital est\u00e1 associado \u00e0 verifica\u00e7\u00e3o em duas etapas do GovBR (2FA GovBR). Caso o operador necessite\u00a0 ativar seu 2FA,\u00a0 ele dever\u00e1 seguir a orienta\u00e7\u00e3o no site: <a href=\"https:\/\/www.gov.br\/governodigital\/pt-br\/acessibilidade-e-usuario\/atendimento-gov.br\/duvidas-na-conta-gov.br\/ativar-a-verificacao-em-duas-etapas\">Ativar a<\/a> <a href=\"https:\/\/www.gov.br\/governodigital\/pt-br\/acessibilidade-e-usuario\/atendimento-gov.br\/duvidas-na-conta-gov.br\/ativar-a-verificacao-em-duas-etapas\">verifica\u00e7\u00e3o em duas etapas do GovBR<\/a>. Em caso de d\u00favidas, procurar a <a href=\"https:\/\/www.gov.br\/governodigital\/pt-br\/acessibilidade-e-usuario\/atendimento-gov.br\">central de<\/a> <a href=\"https:\/\/www.gov.br\/governodigital\/pt-br\/acessibilidade-e-usuario\/atendimento-gov.br\">atendimento do GovBR<\/a>.<\/p>\n<ul style=\"text-align: justify;\">\n<li><strong>Acesso ao SIAFI Operacional<\/strong><strong>\u00a0<\/strong><\/li>\n<\/ul>\n<p style=\"text-align: justify;\">O acesso ao SIAFI Operacional, conhecido por sua tela preta, se dar\u00e1 por dentro do SIAFI Web. Ou seja, \u00e9 preciso efetuar o login no SIAFI Web para acessar o SIAFI Operacional, conforme explicado neste v\u00eddeo:<\/p>\n<p style=\"text-align: justify;\"><a href=\"https:\/\/youtu.be\/pUNRNAnjnD0?si=mvvI0_TYKaLatGaj\">https:\/\/youtu.be\/pUNRNAnjnD0?si=mvvI0_TYKaLatGaj<\/a>.<\/p>\n<p style=\"text-align: justify;\"><strong>Cronograma:<\/strong><\/p>\n<ul style=\"text-align: justify;\">\n<li><strong>10\/07\/2024<\/strong><\/li>\n<\/ul>\n<p style=\"text-align: justify;\">A partir do dia 10\/07\/2024, os operadores, ou seja, usu\u00e1rios que possuem perfil de acesso que n\u00e3o seja exclusivamente de consulta, que possuem certificado digital emitido por autoridade certificadora de governo dever\u00e3o utiliz\u00e1-lo para acessar o SIAFI e n\u00e3o poder\u00e3o mais acessar o sistema com CPF e senha, independentemente de sua UG ter aderido ao <strong>Controle de Acesso Condicional por IP (CAC)<\/strong>.<\/p>\n<p style=\"text-align: justify;\">O acesso por certificado digital est\u00e1 associado \u00e0 verifica\u00e7\u00e3o em duas etapas do GovBR (2FA GovBR). Caso precise ativar seu 2FA, acesse a orienta\u00e7\u00e3o no site: <a href=\"https:\/\/www.gov.br\/governodigital\/pt-br\/acessibilidade-e-usuario\/atendimento-gov.br\/duvidas-na-conta-gov.br\/ativar-a-verificacao-em-duas-etapas\">Ativar a<\/a> <a href=\"https:\/\/www.gov.br\/governodigital\/pt-br\/acessibilidade-e-usuario\/atendimento-gov.br\/duvidas-na-conta-gov.br\/ativar-a-verificacao-em-duas-etapas\">verifica\u00e7\u00e3o em duas etapas do GovBR<\/a>. Em caso de d\u00favidas, procure a <a href=\"https:\/\/www.gov.br\/governodigital\/pt-br\/acessibilidade-e-usuario\/atendimento-gov.br\">central de<\/a> <a href=\"https:\/\/www.gov.br\/governodigital\/pt-br\/acessibilidade-e-usuario\/atendimento-gov.br\">atendimento do GovBR<\/a>.<\/p>\n<p style=\"text-align: justify;\">Para acessar o SIAFI Operacional utilizando o certificado digital, ser\u00e1 necess\u00e1rio realizar o acesso a partir do SIAFI Web, conforme explicado neste v\u00eddeo: <a href=\"https:\/\/youtu.be\/pUNRNAnjnD0?si=mvvI0_TYKaLatGaj\">https:\/\/youtu.be\/pUNRNAnjnD0?si=mvvI0_TYKaLatGaj<\/a><a href=\"https:\/\/youtu.be\/pUNRNAnjnD0?si=mvvI0_TYKaLatGaj\">.<\/a><\/p>\n<p style=\"text-align: justify;\">Usu\u00e1rios que emitirem certificados digitais nas autoridades certificadoras de governo, a partir dessa data, ter\u00e3o seu acesso por senha igualmente bloqueado. Dessa forma, gradativamente o acesso por senha ser\u00e1 restringido, at\u00e9 que todos os usu\u00e1rios possuam mecanismos mais seguros de autentica\u00e7\u00e3o.<\/p>\n<p style=\"text-align: justify;\"><img loading=\"lazy\" decoding=\"async\" class=\"alignnone size-full wp-image-6234\" src=\"https:\/\/www.ufmg.br\/proplan\/wp-content\/uploads\/2024\/07\/1.jpg\" alt=\"\" width=\"1003\" height=\"261\" srcset=\"https:\/\/www.ufmg.br\/proplan\/wp-content\/uploads\/2024\/07\/1.jpg 1003w, https:\/\/www.ufmg.br\/proplan\/wp-content\/uploads\/2024\/07\/1-300x78.jpg 300w, https:\/\/www.ufmg.br\/proplan\/wp-content\/uploads\/2024\/07\/1-768x200.jpg 768w\" sizes=\"auto, (max-width: 1003px) 100vw, 1003px\" \/><\/p>\n<h6 style=\"text-align: justify;\">Figura1 &#8211; Fim do acesso ao Siafi por CPF e senha para operadores que possuem certificado digital emitido por autoriade certificadora de governo.<\/h6>\n<ul style=\"text-align: justify;\">\n<li>23\/07\/2024<\/li>\n<\/ul>\n<p style=\"text-align: justify;\">A partir do dia 23\/07\/2024, os operadores, ou seja, usu\u00e1rios que possuem perfil de acesso que n\u00e3o seja exclusivamente de consulta, cuja Unidade Gestora (UG) n\u00e3o tenha adotado o Controle de Acesso Condicional por IP (CAC) s\u00f3 poder\u00e3o acessar o SIAFI com certificado digital. Os operadores de UG\u2019s que implantaram o CAC tamb\u00e9m precisar\u00e3o usar certificados digitais, mas ter\u00e3o mais tempo para emiti-los, em caso de necessidade.<\/p>\n<p style=\"text-align: justify;\"><img loading=\"lazy\" decoding=\"async\" class=\"alignnone size-full wp-image-6235\" src=\"https:\/\/www.ufmg.br\/proplan\/wp-content\/uploads\/2024\/07\/2.jpg\" alt=\"\" width=\"1019\" height=\"559\" srcset=\"https:\/\/www.ufmg.br\/proplan\/wp-content\/uploads\/2024\/07\/2.jpg 1019w, https:\/\/www.ufmg.br\/proplan\/wp-content\/uploads\/2024\/07\/2-300x165.jpg 300w, https:\/\/www.ufmg.br\/proplan\/wp-content\/uploads\/2024\/07\/2-768x421.jpg 768w, https:\/\/www.ufmg.br\/proplan\/wp-content\/uploads\/2024\/07\/2-290x160.jpg 290w\" sizes=\"auto, (max-width: 1019px) 100vw, 1019px\" \/><\/p>\n<p style=\"text-align: justify;\">Tendo em vista a ado\u00e7\u00e3o do certificado digital como forma exclusiva de acesso ao sistema SIAFI Web para os operadores que j\u00e1 disp\u00f5e desta ferramenta, o DCF deixar\u00e1 de encaminhar senhas de acesso para estes usu\u00e1rios, passando a realizar somente o cadastro inicial para ativia\u00e7\u00e3o de operador, reativa\u00e7\u00e3o do operador (caso necess\u00e1rio) e exclus\u00e3o de operadores.\u00a0 Todos estes procedimentos permanecem sendo realizados por meio de envio de processo SEI contendo a Ficha de Cadastro do Operador, conforme instru\u00e7\u00f5es a seguir.<\/p>\n<h4 style=\"text-align: justify;\">Habilita\u00e7\u00e3o de usu\u00e1rios e altera\u00e7\u00e3o de perfil no SIAFI &#8211; Instru\u00e7\u00f5es<\/h4>\n<p style=\"text-align: justify;\">A partir de janeiro de 2020 as solicita\u00e7\u00f5es de habilita\u00e7\u00e3o em\u00a0 sistemas estruturantes do Governo Federal, no \u00e2mbito da UFMG,\u00a0 passaram a ser realizados exclusivamente via SEI!. Dessa forma as requisi\u00e7\u00f5es para inclus\u00e3o de novos operadores ou pedidos de altera\u00e7\u00e3o de perfis de usu\u00e1rios j\u00e1 habilitados no SIAFI passaram a ser realizadas exclusivamente no sistema SEI!,\u00a0 conforme orienta\u00e7\u00f5es abaixo:<\/p>\n<p style=\"text-align: justify;\">1) Abrir um processo do tipo \u201d Administra\u00e7\u00e3o \u2013 Cadastro para acesso a Sistemas\u201d. No campo \u201cEspecifica\u00e7\u00e3o\u201d preencher com a seguinte informa\u00e7\u00e3o : \u201c<em>Solicita\u00e7\u00e3o de Senha SIAFI \u2013 UG 15XXXX<\/em>\u201d. Salvar o processo;<\/p>\n<p style=\"text-align: justify;\">2) Dentro do processo, inserir um documento do tipo \u201d <em>Ficha de Cadastro de Operador SIAFI \u2013 Solicita\u00e7\u00e3o<\/em>\u201d, preencher, salvar , assinar e posteriormente disponibiliz\u00e1-lo em bloco de assinatura para sua chefia imediata e diretoria.<\/p>\n<p style=\"text-align: justify;\">3) Ap\u00f3s assinado, encaminhar o processo para DCF-SCT (Divis\u00e3o de Contabilidade do DCF);<\/p>\n<p style=\"text-align: justify;\">4) O DCF incluir\u00e1 no processo um despacho com a confirma\u00e7\u00e3o da habilita\u00e7\u00e3o. A partir desta confirma\u00e7\u00e3o o usu\u00e1rio estar\u00e1 apto a realizar o acesso ao sistema utilizando os atuais\u00a0 mecanismos de login.<\/p>\n<p style=\"text-align: justify;\">Informamos que os processos SEI!\u00a0 relativos ao SIAFI poder\u00e3o ser abertos individualmente (um por usu\u00e1rio) , ou feitos coletivamente pela Unidade Gestora, concentrando nele mais de um formul\u00e1rio de solicita\u00e7\u00e3o de acesso. Recomendamos que os formul\u00e1rios de solicita\u00e7\u00e3o de acesso da UG sejam concentrados em um mesmo processo, que valer\u00e1 por todo exerc\u00edcio.<\/p>\n<p style=\"text-align: justify;\">Por se tratar de uma inova\u00e7\u00e3o no \u00e2mbito da UFMG, orientamos que todos os usu\u00e1rios SEI! tenham por h\u00e1bito consultar a base de conhecimento dos processos at\u00e9 se familiarizarem com os procedimentos a serem adotados em cada um deles . Maiores esclarecimentos poder\u00e3o ser obtidos por meio do e-mail dcf-dc@dcf.ufmg.br ou dos telefones (31) 3409-4106 \/ 4098 \/ 4217.<\/p>\n","protected":false},"excerpt":{"rendered":"<p>Com o intuito de aprimorar a seguran\u00e7a do sistema SIAFI, [&hellip;]<\/p>\n","protected":false},"author":1,"featured_media":0,"parent":417,"menu_order":0,"comment_status":"closed","ping_status":"closed","template":"","meta":{"footnotes":""},"tags":[],"class_list":["post-1255","page","type-page","status-publish","hentry"],"_links":{"self":[{"href":"https:\/\/www.ufmg.br\/proplan\/wp-json\/wp\/v2\/pages\/1255","targetHints":{"allow":["GET"]}}],"collection":[{"href":"https:\/\/www.ufmg.br\/proplan\/wp-json\/wp\/v2\/pages"}],"about":[{"href":"https:\/\/www.ufmg.br\/proplan\/wp-json\/wp\/v2\/types\/page"}],"author":[{"embeddable":true,"href":"https:\/\/www.ufmg.br\/proplan\/wp-json\/wp\/v2\/users\/1"}],"replies":[{"embeddable":true,"href":"https:\/\/www.ufmg.br\/proplan\/wp-json\/wp\/v2\/comments?post=1255"}],"version-history":[{"count":19,"href":"https:\/\/www.ufmg.br\/proplan\/wp-json\/wp\/v2\/pages\/1255\/revisions"}],"predecessor-version":[{"id":12775,"href":"https:\/\/www.ufmg.br\/proplan\/wp-json\/wp\/v2\/pages\/1255\/revisions\/12775"}],"up":[{"embeddable":true,"href":"https:\/\/www.ufmg.br\/proplan\/wp-json\/wp\/v2\/pages\/417"}],"wp:attachment":[{"href":"https:\/\/www.ufmg.br\/proplan\/wp-json\/wp\/v2\/media?parent=1255"}],"wp:term":[{"taxonomy":"post_tag","embeddable":true,"href":"https:\/\/www.ufmg.br\/proplan\/wp-json\/wp\/v2\/tags?post=1255"}],"curies":[{"name":"wp","href":"https:\/\/api.w.org\/{rel}","templated":true}]}}