{"id":1557,"date":"2022-05-17T10:02:09","date_gmt":"2022-05-17T13:02:09","guid":{"rendered":"https:\/\/www.ufmg.br\/proplan\/?page_id=1557"},"modified":"2024-06-24T14:02:47","modified_gmt":"2024-06-24T17:02:47","slug":"ressarcimento-pelo-uso-da-infraestrutura-da-ufmg-em-projetos-pd","status":"publish","type":"page","link":"https:\/\/www.ufmg.br\/proplan\/ressarcimento-pelo-uso-da-infraestrutura-da-ufmg-em-projetos-pd\/","title":{"rendered":"Ressarcimento pelo uso da infraestrutura da UFMG em projetos P&#038;D"},"content":{"rendered":"<div id=\"sp-ea-6116\" class=\"sp-ea-one sp-easy-accordion\" data-ex-icon=\"fa-minus\" data-col-icon=\"fa-plus\"  data-ea-active=\"ea-click\"  data-ea-mode=\"vertical\" data-preloader=\"\"><div class=\"ea-card  sp-ea-single\"><h3 class=\"ea-header\"><a class=\"collapsed\" data-sptoggle=\"spcollapse\" data-sptarget=#collapse61160 href=\"javascript:void(0)\" aria-expanded=\"false\"><i class=\"ea-expand-icon fa fa-plus\"><\/i> Resolu\u00e7\u00f5es sobre ressarcimento pelo uso da infraestrutura e compartilhamento de laborat\u00f3rios\u00a0da\u00a0UFMG<\/a><\/h3><div class=\"sp-collapse spcollapse spcollapse\" id=\"collapse61160\" data-parent=#sp-ea-6116><div class=\"ea-body\"><p><a href=\"https:\/\/www.ufmg.br\/proplan\/wp-content\/uploads\/2024\/06\/Resolucao-04-2018-Dispoe-sobre-os-criterios-para-o-compartilhamento-e-a-permissao-de-uso-da-infraestrutura-e-de-capital-intelectual-da-UFMG.pdf\">Resolu\u00e7\u00e3o n\u00ba 04\/2018 de 06 de mar\u00e7o de 2018<\/a><\/p>\n<p><a href=\"https:\/\/www.ufmg.br\/proplan\/wp-content\/uploads\/2024\/06\/RESOLUCAO-No-13-2022-DE-01-DE-DEZEMBRO-DE-2022.pdf\">Resolu\u00e7\u00e3o n\u00ba 13\/2022 de 01 de dezembro de 2022<\/a><\/p>\n<\/div><\/div><\/div><div class=\"ea-card  sp-ea-single\"><h3 class=\"ea-header\"><a class=\"collapsed\" data-sptoggle=\"spcollapse\" data-sptarget=#collapse61161 href=\"javascript:void(0)\" aria-expanded=\"false\"><i class=\"ea-expand-icon fa fa-plus\"><\/i> Planilha de C\u00e1lculo Edit\u00e1vel - Portaria n\u00b0 6508  de 01 julho 2025<\/a><\/h3><div class=\"sp-collapse spcollapse spcollapse\" id=\"collapse61161\" data-parent=#sp-ea-6116><div class=\"ea-body\"><p><a href=\"https:\/\/www.ufmg.br\/proplan\/wp-content\/uploads\/2024\/06\/Planilha-de-Calculo-Editavel_-Portarian\u00b0-6508-de-01-julho-2025.xlsx\">Planilha de C\u00e1lculo Edit\u00e1vel -\u00a0 Portaria n\u00b0 6508 de 01 julho 2025<\/a><\/p>\n<\/div><\/div><\/div><div class=\"ea-card  sp-ea-single\"><h3 class=\"ea-header\"><a class=\"collapsed\" data-sptoggle=\"spcollapse\" data-sptarget=#collapse61162 href=\"javascript:void(0)\" aria-expanded=\"false\"><i class=\"ea-expand-icon fa fa-plus\"><\/i> 2025<\/a><\/h3><div class=\"sp-collapse spcollapse spcollapse\" id=\"collapse61162\" data-parent=#sp-ea-6116><div class=\"ea-body\"><p><a href=\"https:\/\/www.ufmg.br\/proplan\/wp-content\/uploads\/2024\/06\/Portaria-Proplan-no-6508-de-01-de-julho-de-2025.pdf\">Portaria Proplan n\u00ba 6508 de 01 de julho de 2025<\/a> Estabelece metodologia padr\u00e3o para determina\u00e7\u00e3o do percentual de ressarcimento pelo uso da infraestrutura institucional em projetos ANP, PETROBR\u00c1S e outros, no \u00e2mbito da Universidade Federal de Minas Gerais (UFMG), revisada para o ano de 2025. O ressarcimento deve ser destinado:<br \/>\n- Nos casos de compartilhamento e permiss\u00e3o de uso da infraestrutura e de capital intelectual da UFMG, conforme orientado no artigo 7\u00ba da Resolu\u00e7\u00e3o do Conselho Universit\u00e1rio n\u00ba 04\/2018;<br \/>\n- Nos demais casos, conforme artigos 11 e 12 da Resolu\u00e7\u00e3o do Conselho Universit\u00e1rio n\u00ba 13\/2022.<\/p>\n<p><a href=\"https:\/\/www.ufmg.br\/proplan\/wp-content\/uploads\/2024\/06\/Anexo-I-da-Portaria-6508-2025.pdf\">Anexo I da Portaria 6508 de 01 de julho de 2025<\/a><\/p>\n<p><a href=\"https:\/\/www.ufmg.br\/proplan\/wp-content\/uploads\/2024\/06\/Anexo-II-da-Portaria-6508-2025.pdf\">Anexo II da Portaria 6508 de 01 de julho de 2025<\/a><\/p>\n<p><a href=\"https:\/\/www.ufmg.br\/proplan\/wp-content\/uploads\/2024\/06\/Anexo-III-da-Portaria-6508-2025.pdf\">Anexo III da Portaria 6508 de 01 de julho de 2025<\/a><\/p>\n<\/div><\/div><\/div><div class=\"ea-card  sp-ea-single\"><h3 class=\"ea-header\"><a class=\"collapsed\" data-sptoggle=\"spcollapse\" data-sptarget=#collapse61163 href=\"javascript:void(0)\" aria-expanded=\"false\"><i class=\"ea-expand-icon fa fa-plus\"><\/i> 2024<\/a><\/h3><div class=\"sp-collapse spcollapse spcollapse\" id=\"collapse61163\" data-parent=#sp-ea-6116><div class=\"ea-body\"><p><a href=\"https:\/\/www.ufmg.br\/proplan\/wp-content\/uploads\/2024\/06\/Portaria-Proplan-n\u00b0-5223-de-01-de-julho-2024.pdf\">Portaria Proplan n\u00b0 5223 de 01 de julho 2024<\/a> \u2013 Estabelece metodologia padr\u00e3o para determina\u00e7\u00e3o do percentual de ressarcimento pelo uso da infraestrutura institucional em projetos ANP, PETROBR\u00c1S e outros, no \u00e2mbito da Universidade Federal de Minas Gerais (UFMG), revisada para o ano de 2024. O ressarcimento deve ser destinado, conforme orientado no artigo 7\u00ba da Resolu\u00e7\u00e3o do Conselho Universit\u00e1rio 04\/2018.<\/p>\n<p><a href=\"https:\/\/www.ufmg.br\/proplan\/wp-content\/uploads\/2024\/06\/Anexo-I-da-Portaria-n\u00b0-5223-de-01-de-Julho-de-2024.pdf\">Anexo I da Portaria n\u00b0 5223 de 01 de julho de 2024<\/a><\/p>\n<p><a href=\"https:\/\/www.ufmg.br\/proplan\/wp-content\/uploads\/2024\/06\/Anexo-II-da-Portaria-n\u00b0-5223-de-01-de-Julho-de-2024.pdf\">Anexo II da Portaria n\u00b0 5223 de 01 de julho de 2024<\/a><\/p>\n<\/div><\/div><\/div><div class=\"ea-card  sp-ea-single\"><h3 class=\"ea-header\"><a class=\"collapsed\" data-sptoggle=\"spcollapse\" data-sptarget=#collapse61164 href=\"javascript:void(0)\" aria-expanded=\"false\"><i class=\"ea-expand-icon fa fa-plus\"><\/i> 2023<\/a><\/h3><div class=\"sp-collapse spcollapse spcollapse\" id=\"collapse61164\" data-parent=#sp-ea-6116><div class=\"ea-body\"><p><a href=\"https:\/\/www.ufmg.br\/proplan\/wp-content\/uploads\/2023\/05\/Portaria-Proplan-n\u00b0-3736-de-27-de-abril-2023.pdf\">Portaria Proplan n\u00b0 3736 de 27 de abril 2023<\/a> \u2013 Estabelece metodologia padr\u00e3o para determina\u00e7\u00e3o do percentual de ressarcimento pelo uso da infraestrutura institucional em projetos ANP, PETROBR\u00c1S <strong>e outros<\/strong>, no \u00e2mbito da Universidade Federal de Minas Gerais (UFMG), v\u00e1lida para o ano de 2023. O ressarcimento deve ser destinado, conforme orientado no artigo 7\u00ba da Resolu\u00e7\u00e3o do Conselho Universit\u00e1rio 04\/2018.<\/p>\n<p><a href=\"https:\/\/www.ufmg.br\/proplan\/wp-content\/uploads\/2023\/05\/Anexos-1-e-2-da-Portaria-Proplan-n\u00b0-3736-de-27-de-abril-de-2023.pdf\">Anexos 1 e 2 da Portaria Proplan n\u00b0 3736 de 27 de abril de 2023<\/a><\/p>\n<\/div><\/div><\/div><div class=\"ea-card  sp-ea-single\"><h3 class=\"ea-header\"><a class=\"collapsed\" data-sptoggle=\"spcollapse\" data-sptarget=#collapse61165 href=\"javascript:void(0)\" aria-expanded=\"false\"><i class=\"ea-expand-icon fa fa-plus\"><\/i> 2022<\/a><\/h3><div class=\"sp-collapse spcollapse spcollapse\" id=\"collapse61165\" data-parent=#sp-ea-6116><div class=\"ea-body\"><p><a href=\"https:\/\/www.ufmg.br\/proplan\/wp-content\/uploads\/Portaria-Proplan-n%C2%B0-2344-de-06-de-abril-de-2022.pdf\">Portaria Proplan n\u00b0 2344 de 06 de abril de 2022<\/a> - Estabelece metodologia padr\u00e3o para determina\u00e7\u00e3o do percentual de ressarcimento pelo uso da infraestrutura institucional em projetos ANP, PETROBR\u00c1S e outros, no \u00e2mbito da Universidade Federal de Minas Gerais (UFMG), v\u00e1lida para o ano de 2022.<\/p>\n<p><a href=\"https:\/\/www.ufmg.br\/proplan\/wp-content\/uploads\/Anexos-1-e-2-Portaria-PROPLAN-n%C2%BA-2344-de-06-abril-2022.pdf\">Anexos 1 e 2 da Portaria PROPLAN n\u00ba 2344 de 06 de abril 2022<\/a><\/p>\n<\/div><\/div><\/div><div class=\"ea-card  sp-ea-single\"><h3 class=\"ea-header\"><a class=\"collapsed\" data-sptoggle=\"spcollapse\" data-sptarget=#collapse61166 href=\"javascript:void(0)\" aria-expanded=\"false\"><i class=\"ea-expand-icon fa fa-plus\"><\/i> 2021<\/a><\/h3><div class=\"sp-collapse spcollapse spcollapse\" id=\"collapse61166\" data-parent=#sp-ea-6116><div class=\"ea-body\"><p><a href=\"https:\/\/www.ufmg.br\/proplan\/wp-content\/uploads\/Portaria-Proplan-n%C2%BA-2690-de-13-04-21.pdf\">Portaria Proplan n\u00ba 2690 de 13\/04\/2021<\/a>\u00a0\u2013 Estabelece metodologia padr\u00e3o para determina\u00e7\u00e3o do percentual de ressarcimento pelo uso da infraestrutura institucional em projetos ANP, PETROBR\u00c1S e outros, no \u00e2mbito da Universidade Federal de Minas Gerais (UFMG), v\u00e1lida para o ano de 2021.<\/p>\n<p><a href=\"https:\/\/www.ufmg.br\/proplan\/wp-content\/uploads\/Anexos-1-e-2-Portaria-PROPLAN-n%C2%BA-2690-de-13-04-2021.pdf\">Anexos 1 e 2 da Portaria PROPLAN n\u00ba 2690 de 13\/04\/2021<\/a><\/p>\n<\/div><\/div><\/div><div class=\"ea-card  sp-ea-single\"><h3 class=\"ea-header\"><a class=\"collapsed\" data-sptoggle=\"spcollapse\" data-sptarget=#collapse61167 href=\"javascript:void(0)\" aria-expanded=\"false\"><i class=\"ea-expand-icon fa fa-plus\"><\/i> 2020<\/a><\/h3><div class=\"sp-collapse spcollapse spcollapse\" id=\"collapse61167\" data-parent=#sp-ea-6116><div class=\"ea-body\"><p><a href=\"https:\/\/www.ufmg.br\/proplan\/wp-content\/uploads\/Portaria-Proplan-n%C2%BA-3723-de-10-07-2020-Ressarcimento-de-uso-de-infraestrutura.pdf\">Portaria Proplan n\u00ba 3723 de 10\/07\/2020<\/a> - Estabelece metodologia padr\u00e3o para determina\u00e7\u00e3o do percentual de ressarcimento pelo uso da infraestrutura institucional em projetos ANP, PETROBR\u00c1S e outros, no \u00e2mbito da Universidade Federal de Minas Gerais (UFMG), v\u00e1lida para o ano de 2020.<\/p>\n<p><a href=\"https:\/\/www.ufmg.br\/proplan\/wp-content\/uploads\/Anexos_1_e_2___Portaria_3723__de_10_julho_2020___PROPLAN-1.pdf\">Anexos 1 e 2 da Portaria PROPLAN n\u00ba 3723 de 10\/07\/2020<\/a><\/p>\n<\/div><\/div><\/div><\/div>\n<p>Obs.: Em caso de aditivo, utilizar a portaria aplicada no projeto original.<\/p>\n","protected":false},"excerpt":{"rendered":"<p>Obs.: Em caso de aditivo, utilizar a portaria aplicada no [&hellip;]<\/p>\n","protected":false},"author":2,"featured_media":0,"parent":0,"menu_order":0,"comment_status":"closed","ping_status":"closed","template":"","meta":{"footnotes":""},"tags":[],"class_list":["post-1557","page","type-page","status-publish","hentry"],"_links":{"self":[{"href":"https:\/\/www.ufmg.br\/proplan\/wp-json\/wp\/v2\/pages\/1557","targetHints":{"allow":["GET"]}}],"collection":[{"href":"https:\/\/www.ufmg.br\/proplan\/wp-json\/wp\/v2\/pages"}],"about":[{"href":"https:\/\/www.ufmg.br\/proplan\/wp-json\/wp\/v2\/types\/page"}],"author":[{"embeddable":true,"href":"https:\/\/www.ufmg.br\/proplan\/wp-json\/wp\/v2\/users\/2"}],"replies":[{"embeddable":true,"href":"https:\/\/www.ufmg.br\/proplan\/wp-json\/wp\/v2\/comments?post=1557"}],"version-history":[{"count":15,"href":"https:\/\/www.ufmg.br\/proplan\/wp-json\/wp\/v2\/pages\/1557\/revisions"}],"predecessor-version":[{"id":6118,"href":"https:\/\/www.ufmg.br\/proplan\/wp-json\/wp\/v2\/pages\/1557\/revisions\/6118"}],"wp:attachment":[{"href":"https:\/\/www.ufmg.br\/proplan\/wp-json\/wp\/v2\/media?parent=1557"}],"wp:term":[{"taxonomy":"post_tag","embeddable":true,"href":"https:\/\/www.ufmg.br\/proplan\/wp-json\/wp\/v2\/tags?post=1557"}],"curies":[{"name":"wp","href":"https:\/\/api.w.org\/{rel}","templated":true}]}}