{"id":1722,"date":"2022-07-11T16:40:58","date_gmt":"2022-07-11T19:40:58","guid":{"rendered":"https:\/\/www.ufmg.br\/proplan\/?page_id=1722"},"modified":"2022-07-11T17:08:03","modified_gmt":"2022-07-11T20:08:03","slug":"legislacao","status":"publish","type":"page","link":"https:\/\/www.ufmg.br\/proplan\/execucao-da-despesa-publica\/diarias-e-passagens\/legislacao\/","title":{"rendered":"Legisla\u00e7\u00e3o"},"content":{"rendered":"<p style=\"text-align: justify;\"><a href=\"https:\/\/www.almg.gov.br\/consulte\/legislacao\/completa\/completa-nova-min.html?tipo=Con&amp;num=1989&amp;ano=1989\">Constitui\u00e7\u00e3o do Estado de Minas Gerais, de 21 de setembro de 1989<\/a>.\u00a0Art. 50 das Disposi\u00e7\u00f5es Transit\u00f3rias \u2013 Regi\u00e3o metropolitana de Belo Horizonte. (<a href=\"https:\/\/www.ufmg.br\/proplan\/wp-content\/uploads\/Mun%C3%ADcipios-que-integram-a-RMBH.pdf\">Ver Mapa<\/a>)<\/p>\n<p style=\"text-align: justify;\"><a href=\"http:\/\/www.planalto.gov.br\/ccivil_03\/leis\/l8112cons.htm\">Lei 8.112\/90<\/a>\u00a0\u2013\u00a0Disp\u00f5e sobre o regime jur\u00eddico dos servidores p\u00fablicos civis da Uni\u00e3o, das autarquias e das funda\u00e7\u00f5es p\u00fablicas federais.<\/p>\n<p style=\"text-align: justify;\"><a href=\"http:\/\/www.planalto.gov.br\/ccivil_03\/leis\/L8216.htm\">Lei 8.216\/91<\/a>\u00a0\u2013\u00a0Disp\u00f5e sobre antecipa\u00e7\u00e3o a ser compensada quando da revis\u00e3o geral da remunera\u00e7\u00e3o dos servidores p\u00fablicos, corrige e reestrutura tabelas de vencimentos e d\u00e1 outras provid\u00eancias.<\/p>\n<p style=\"text-align: justify;\"><a href=\"http:\/\/www.planalto.gov.br\/ccivil_03\/leis\/L5809.htm\">Lei 5.809\/72<\/a>\u00a0\u2013\u00a0Disp\u00f5e sobre a retribui\u00e7\u00e3o e direitos do pessoal civil e militar em servi\u00e7o da Uni\u00e3o no exterior, e d\u00e1 outras provid\u00eancias.<\/p>\n<p style=\"text-align: justify;\"><a href=\"http:\/\/www.planalto.gov.br\/ccivil_03\/decreto\/D71733.htm\">Decreto 71.733\/73<\/a>\u00a0\u2013\u00a0Regulamenta a Lei n\u00ba 5.809, de 10 de outubro de 1972, que disp\u00f5e sobre a retribui\u00e7\u00e3o e direitos do pessoal civil e militar em servi\u00e7o da Uni\u00e3o no exterior.<\/p>\n<p style=\"text-align: justify;\"><a href=\"http:\/\/www.planalto.gov.br\/ccivil_03\/decreto\/D91800.htm\">Decreto 91.800\/85 \u2013<\/a>\u00a0Disp\u00f5e sobre viagens ao exterior, a servi\u00e7o ou com o fim de aperfei\u00e7oamento sem nomea\u00e7\u00e3o ou designa\u00e7\u00e3o, e d\u00e1 outras provid\u00eancias.<\/p>\n<p style=\"text-align: justify;\"><a href=\"http:\/\/www.planalto.gov.br\/ccivil_03\/decreto\/Antigos\/D0825.htm\">Decreto 825\/93<\/a>\u00a0\u2013\u00a0Estabelece normas para a programa\u00e7\u00e3o e execu\u00e7\u00e3o or\u00e7ament\u00e1ria e financeira dos or\u00e7amentos fiscal e da seguridade social, aprova quadro de cotas trimestrais de despesa para o Poder Executivo e d\u00e1 outras provid\u00eancias.<\/p>\n<p style=\"text-align: justify;\"><a href=\"http:\/\/www.planalto.gov.br\/ccivil_03\/decreto\/D1387.htm\">Decreto 1.387\/95<\/a>\u00a0\u2013\u00a0Disp\u00f5e sobre o afastamento do Pa\u00eds de servidores civis da Administra\u00e7\u00e3o P\u00fablica Federal, e d\u00e1 outras provid\u00eancias.<\/p>\n<p style=\"text-align: justify;\"><a href=\"http:\/\/www.planalto.gov.br\/ccivil_03\/decreto\/D3184.htm\">Decreto 3.184\/99<\/a>\u00a0\u2013\u00a0Disp\u00f5e sobre a concess\u00e3o de indeniza\u00e7\u00e3o de transporte aos servidores p\u00fablicos da Administra\u00e7\u00e3o direta, aut\u00e1rquica e fundacional do Poder Executivo da Uni\u00e3o.<\/p>\n<p style=\"text-align: justify;\"><a href=\"http:\/\/www.planalto.gov.br\/ccivil_03\/decreto\/D3643.htm\">Decreto\u00a03.643\/2000<\/a>\u00a0\u2013\u00a0Disp\u00f5e sobre di\u00e1rias do pessoal civil da Administra\u00e7\u00e3o P\u00fablica Federal direta, indireta e fundacional, e do militar, no Pa\u00eds e no exterior; altera dispositivos do Decreto no\u00a071.733, de 18 de janeiro de 1973, e d\u00e1 outras provid\u00eancias.<\/p>\n<p style=\"text-align: justify;\"><a href=\"http:\/\/www.planalto.gov.br\/ccivil_03\/_Ato2004-2006\/2006\/Decreto\/D5992.htm\">Decreto 5.992\/06<\/a>\u00a0\u2013\u00a0Disp\u00f5e sobre a concess\u00e3o de di\u00e1rias no \u00e2mbito da\u00a0administra\u00e7\u00e3o federal direta, aut\u00e1rquica e fundacional, e d\u00e1 outras provid\u00eancias.<\/p>\n<p style=\"text-align: justify;\"><a href=\"http:\/\/www.planalto.gov.br\/ccivil_03\/_ato2007-2010\/2007\/Decreto\/D6258.htm\">Decreto 6.258\/07<\/a>\u00a0\u2013\u00a0Altera e acresce dispositivos aos Decretos n<sup>o<\/sup><sup>s<\/sup>\u00a04.307, de 18 de julho de 2002 e 5.992, de 19 de dezembro de 2006, que disp\u00f5em sobre o pagamento de di\u00e1rias.<\/p>\n<p style=\"text-align: justify;\"><a href=\"https:\/\/www.ufmg.br\/proplan\/wp-content\/uploads\/Decreto-10193-2019.pdf\">Decreto 10.193\/19<\/a>\u00a0\u2013 Estabelece limites e inst\u00e2ncias de governan\u00e7a para a contrata\u00e7\u00e3o de bens e servi\u00e7os e para a realiza\u00e7\u00e3o de gastos com di\u00e1rias e passagens no \u00e2mbito<br \/>\ndo Poder Executivo federal.<\/p>\n<p class=\"documentFirstHeading\" style=\"text-align: justify;\"><a href=\"https:\/\/www.ufmg.br\/proplan\/wp-content\/uploads\/Instru%C3%A7%C3%A3o-Normativa-3-de-11-de-Fevereiro-de-2015.pdf\">Instru\u00e7\u00e3o Normativa 3, de 11 de Fevereiro de 2015<\/a>\u00a0\u2013\u00a0Disp\u00f5e sobre diretrizes e procedimentos para aquisi\u00e7\u00e3o de passagens a\u00e9reas pela Administra\u00e7\u00e3o P\u00fablica Federal direta, aut\u00e1rquica e fundacional.<\/p>\n<p style=\"text-align: justify;\"><a href=\"http:\/\/www.planalto.gov.br\/ccivil_03\/leis\/L8460consol.htm\">Lei 8.460\/92<\/a>\u00a0\u2013 Concede antecipa\u00e7\u00e3o de reajuste de vencimentos e de soldos dos servidores civis e militares do Poder Executivo e d\u00e1 outras provid\u00eancias.<\/p>\n<p style=\"text-align: justify;\"><a href=\"http:\/\/www.planalto.gov.br\/ccivil_03\/mpv\/2165-36.htm\">Medida Provis\u00f3ria 2.165\/01<\/a>\u00a0\u2013\u00a0Institui o Aux\u00edlio-Transporte, disp\u00f5e sobre o pagamento dos militares e dos servidores do Poder Executivo Federal, inclusive de suas autarquias, funda\u00e7\u00f5es, empresas p\u00fablicas e sociedades de economia mista, e d\u00e1 outras provid\u00eancias.<\/p>\n<p style=\"text-align: justify;\"><a href=\"http:\/\/www.in.gov.br\/en\/web\/dou\/-\/portaria-n-204-de-6-de-fevereiro-de-2020-242078421\">Portaria MEC 204\/20<\/a>\u00a0\u2013 Disp\u00f5e sobre os procedimentos para afastamento da sede e do Pa\u00eds e concess\u00e3o de di\u00e1rias e passagens em viagens nacionais e internacionais, no interesse da Administra\u00e7\u00e3o, e delega compet\u00eancia a dirigentes do Minist\u00e9rio da Educa\u00e7\u00e3o \u2013 MEC e das entidades vinculadas para a pr\u00e1tica dos atos que menciona.<\/p>\n<p style=\"text-align: justify;\"><a href=\"https:\/\/www.ufmg.br\/proplan\/wp-content\/uploads\/Portaria-UFMG-242-2020-Di%C3%A1rias-e-Passagens.pdf\">Portaria UFMG 242\/20<\/a>\u00a0\u2013 Disp\u00f5e sobre as autoriza\u00e7\u00f5es para concess\u00e3o de di\u00e1rias e passagens em viagens nacionais e internacionais, a servi\u00e7o, no \u00e2mbito da Universidade Federal de Minas Gerais.<\/p>\n<p style=\"text-align: justify;\"><a href=\"https:\/\/www.ufmg.br\/proplan\/wp-content\/uploads\/Perguntas-e-Respostas-Diarias-e-Passagens-Manual-da-CGU.pdf\">Perguntas e Respostas Diarias e Passagens Manual da CGU<\/a>\u00a0\u2013\u00a0Manual elaborado pela Controladoria-Geral da Uni\u00e3o \u2013 CGU, com o objetivo de orientar os gestores e servidores p\u00fablicos federais quanto aos procedimentos para utiliza\u00e7\u00e3o de di\u00e1rias e passagens no \u00e2mbito da Administra\u00e7\u00e3o P\u00fablica Federal.<\/p>\n<p style=\"text-align: justify;\"><a href=\"https:\/\/www.ufmg.br\/proplan\/wp-content\/uploads\/Despacho-SRH-n-043000075142007-47.pdf\" target=\"_blank\" rel=\"noopener\">Despacho SRH n\u00ba 0043.007514\/2007-47<\/a>\u00a0\u2013\u00a0Veda\u00e7\u00e3o \u00e0 concess\u00e3o de di\u00e1rias ao exterior a pessoas sem v\u00ednculo com a Administra\u00e7\u00e3o P\u00fablica Federal, constante no \u00a72\u00ba do art. 10 do Decreto n\u00ba 5.992\/2006, com reda\u00e7\u00e3o dada pelo Decreto n\u00ba 6.258\/2007.<\/p>\n<p style=\"text-align: justify;\"><a href=\"https:\/\/www.ufmg.br\/proplan\/wp-content\/uploads\/Despacho-SRH-n-04500.0006032007-14.pdf\" target=\"_blank\" rel=\"noopener\">Despacho SRH n\u00ba 04500.000603\/2007-14<\/a>\u00a0\u2013\u00a0Concess\u00e3o de Adicional de deslocamento a servidor que utiliza ve\u00edculo oficial.<\/p>\n<p style=\"text-align: justify;\"><a href=\"https:\/\/www.ufmg.br\/proplan\/wp-content\/uploads\/Desp-04500.008376-2007-67.pdf\" target=\"_blank\" rel=\"noopener\">Despacho n\u00ba 04500.008376\/2007-67<\/a>\u00a0\u2013\u00a0Pagamento de di\u00e1rias em casos de atrasos ou cancelamentos de v\u00f4os, quando as despesas com hospedagem, alimenta\u00e7\u00e3o e locomo\u00e7\u00e3o foram custeadas pela companhia a\u00e9rea.<\/p>\n<p style=\"text-align: justify;\"><a href=\"https:\/\/www.ufmg.br\/proplan\/wp-content\/uploads\/Nota-T%C3%A9cnica-167-2009.pdf\" target=\"_blank\" rel=\"noopener\">Nota T\u00e9cnica n\u00ba 167\/2009<\/a>\u00a0\u2013 Trata do pagamento da metade do valor de di\u00e1ria com fulcro no \u00a7 1\u00b0 do art. 58 da Lei 8.112 de 11 de dezembro de 1990.<\/p>\n<p style=\"text-align: justify;\"><a href=\"https:\/\/www.ufmg.br\/proplan\/wp-content\/uploads\/NOTA-T%C3%89CNICA-130-2011.pdf\" target=\"_blank\" rel=\"noopener\">Nota T\u00e9cnica n\u00ba 130\/2011\/CGNOR\/DENOP\/SRH\/\u00a0<\/a>\u2013\u00a0Pagamento de di\u00e1rias a colaborador eventual.<\/p>\n<p style=\"text-align: justify;\"><a href=\"https:\/\/www.ufmg.br\/proplan\/wp-content\/uploads\/Ac%C3%B3rd%C3%A3o-2789.pdf\">AC\u00d3RD\u00c3O N\u00ba 2789\/2009 \u2013 TCU<\/a>\u00a0\u2013 Jurisprud\u00eancia sobre di\u00e1rias e passagens.<\/p>\n","protected":false},"excerpt":{"rendered":"<p>Constitui\u00e7\u00e3o do Estado de Minas Gerais, de 21 de setembro [&hellip;]<\/p>\n","protected":false},"author":2,"featured_media":0,"parent":414,"menu_order":0,"comment_status":"closed","ping_status":"closed","template":"","meta":{"footnotes":""},"tags":[],"class_list":["post-1722","page","type-page","status-publish","hentry"],"_links":{"self":[{"href":"https:\/\/www.ufmg.br\/proplan\/wp-json\/wp\/v2\/pages\/1722","targetHints":{"allow":["GET"]}}],"collection":[{"href":"https:\/\/www.ufmg.br\/proplan\/wp-json\/wp\/v2\/pages"}],"about":[{"href":"https:\/\/www.ufmg.br\/proplan\/wp-json\/wp\/v2\/types\/page"}],"author":[{"embeddable":true,"href":"https:\/\/www.ufmg.br\/proplan\/wp-json\/wp\/v2\/users\/2"}],"replies":[{"embeddable":true,"href":"https:\/\/www.ufmg.br\/proplan\/wp-json\/wp\/v2\/comments?post=1722"}],"version-history":[{"count":2,"href":"https:\/\/www.ufmg.br\/proplan\/wp-json\/wp\/v2\/pages\/1722\/revisions"}],"predecessor-version":[{"id":1745,"href":"https:\/\/www.ufmg.br\/proplan\/wp-json\/wp\/v2\/pages\/1722\/revisions\/1745"}],"up":[{"embeddable":true,"href":"https:\/\/www.ufmg.br\/proplan\/wp-json\/wp\/v2\/pages\/414"}],"wp:attachment":[{"href":"https:\/\/www.ufmg.br\/proplan\/wp-json\/wp\/v2\/media?parent=1722"}],"wp:term":[{"taxonomy":"post_tag","embeddable":true,"href":"https:\/\/www.ufmg.br\/proplan\/wp-json\/wp\/v2\/tags?post=1722"}],"curies":[{"name":"wp","href":"https:\/\/api.w.org\/{rel}","templated":true}]}}

Legislação

<p style="text-align: justify;"><a href="https://www.almg.gov.br/consulte/legislacao/completa/completa-nova-min.html?tipo=Con&amp;num=1989&amp;ano=1989">Constituição do Estado de Minas Gerais, de 21 de setembro de 1989</a>. Art. 50 das Disposições Transitórias – Região metropolitana de Belo Horizonte. (<a href="https://www.ufmg.br/proplan/wp-content/uploads/Mun%C3%ADcipios-que-integram-a-RMBH.pdf">Ver Mapa</a>)</p>
<p style="text-align: justify;"><a href="http://www.planalto.gov.br/ccivil_03/leis/l8112cons.htm">Lei 8.112/90</a> – Dispõe sobre o regime jurídico dos servidores públicos civis da União, das autarquias e das fundações públicas federais.</p>
<p style="text-align: justify;"><a href="http://www.planalto.gov.br/ccivil_03/leis/L8216.htm">Lei 8.216/91</a> – Dispõe sobre antecipação a ser compensada quando da revisão geral da remuneração dos servidores públicos, corrige e reestrutura tabelas de vencimentos e dá outras providências.</p>
<p style="text-align: justify;"><a href="http://www.planalto.gov.br/ccivil_03/leis/L5809.htm">Lei 5.809/72</a> – Dispõe sobre a retribuição e direitos do pessoal civil e militar em serviço da União no exterior, e dá outras providências.</p>
<p style="text-align: justify;"><a href="http://www.planalto.gov.br/ccivil_03/decreto/D71733.htm">Decreto 71.733/73</a> – Regulamenta a Lei nº 5.809, de 10 de outubro de 1972, que dispõe sobre a retribuição e direitos do pessoal civil e militar em serviço da União no exterior.</p>
<p style="text-align: justify;"><a href="http://www.planalto.gov.br/ccivil_03/decreto/D91800.htm">Decreto 91.800/85 –</a> Dispõe sobre viagens ao exterior, a serviço ou com o fim de aperfeiçoamento sem nomeação ou designação, e dá outras providências.</p>
<p style="text-align: justify;"><a href="http://www.planalto.gov.br/ccivil_03/decreto/Antigos/D0825.htm">Decreto 825/93</a> – Estabelece normas para a programação e execução orçamentária e financeira dos orçamentos fiscal e da seguridade social, aprova quadro de cotas trimestrais de despesa para o Poder Executivo e dá outras providências.</p>
<p style="text-align: justify;"><a href="http://www.planalto.gov.br/ccivil_03/decreto/D1387.htm">Decreto 1.387/95</a> – Dispõe sobre o afastamento do País de servidores civis da Administração Pública Federal, e dá outras providências.</p>
<p style="text-align: justify;"><a href="http://www.planalto.gov.br/ccivil_03/decreto/D3184.htm">Decreto 3.184/99</a> – Dispõe sobre a concessão de indenização de transporte aos servidores públicos da Administração direta, autárquica e fundacional do Poder Executivo da União.</p>
<p style="text-align: justify;"><a href="http://www.planalto.gov.br/ccivil_03/decreto/D3643.htm">Decreto 3.643/2000</a> – Dispõe sobre diárias do pessoal civil da Administração Pública Federal direta, indireta e fundacional, e do militar, no País e no exterior; altera dispositivos do Decreto no 71.733, de 18 de janeiro de 1973, e dá outras providências.</p>
<p style="text-align: justify;"><a href="http://www.planalto.gov.br/ccivil_03/_Ato2004-2006/2006/Decreto/D5992.htm">Decreto 5.992/06</a> – Dispõe sobre a concessão de diárias no âmbito da administração federal direta, autárquica e fundacional, e dá outras providências.</p>
<p style="text-align: justify;"><a href="http://www.planalto.gov.br/ccivil_03/_ato2007-2010/2007/Decreto/D6258.htm">Decreto 6.258/07</a> – Altera e acresce dispositivos aos Decretos n<sup>o</sup><sup>s</sup> 4.307, de 18 de julho de 2002 e 5.992, de 19 de dezembro de 2006, que dispõem sobre o pagamento de diárias.</p>
<p style="text-align: justify;"><a href="https://www.ufmg.br/proplan/wp-content/uploads/Decreto-10193-2019.pdf">Decreto 10.193/19</a> – Estabelece limites e instâncias de governança para a contratação de bens e serviços e para a realização de gastos com diárias e passagens no âmbito<br />
do Poder Executivo federal.</p>
<p class="documentFirstHeading" style="text-align: justify;"><a href="https://www.ufmg.br/proplan/wp-content/uploads/Instru%C3%A7%C3%A3o-Normativa-3-de-11-de-Fevereiro-de-2015.pdf">Instrução Normativa 3, de 11 de Fevereiro de 2015</a> – Dispõe sobre diretrizes e procedimentos para aquisição de passagens aéreas pela Administração Pública Federal direta, autárquica e fundacional.</p>
<p style="text-align: justify;"><a href="http://www.planalto.gov.br/ccivil_03/leis/L8460consol.htm">Lei 8.460/92</a> – Concede antecipação de reajuste de vencimentos e de soldos dos servidores civis e militares do Poder Executivo e dá outras providências.</p>
<p style="text-align: justify;"><a href="http://www.planalto.gov.br/ccivil_03/mpv/2165-36.htm">Medida Provisória 2.165/01</a> – Institui o Auxílio-Transporte, dispõe sobre o pagamento dos militares e dos servidores do Poder Executivo Federal, inclusive de suas autarquias, fundações, empresas públicas e sociedades de economia mista, e dá outras providências.</p>
<p style="text-align: justify;"><a href="http://www.in.gov.br/en/web/dou/-/portaria-n-204-de-6-de-fevereiro-de-2020-242078421">Portaria MEC 204/20</a> – Dispõe sobre os procedimentos para afastamento da sede e do País e concessão de diárias e passagens em viagens nacionais e internacionais, no interesse da Administração, e delega competência a dirigentes do Ministério da Educação – MEC e das entidades vinculadas para a prática dos atos que menciona.</p>
<p style="text-align: justify;"><a href="https://www.ufmg.br/proplan/wp-content/uploads/Portaria-UFMG-242-2020-Di%C3%A1rias-e-Passagens.pdf">Portaria UFMG 242/20</a> – Dispõe sobre as autorizações para concessão de diárias e passagens em viagens nacionais e internacionais, a serviço, no âmbito da Universidade Federal de Minas Gerais.</p>
<p style="text-align: justify;"><a href="https://www.ufmg.br/proplan/wp-content/uploads/Perguntas-e-Respostas-Diarias-e-Passagens-Manual-da-CGU.pdf">Perguntas e Respostas Diarias e Passagens Manual da CGU</a> – Manual elaborado pela Controladoria-Geral da União – CGU, com o objetivo de orientar os gestores e servidores públicos federais quanto aos procedimentos para utilização de diárias e passagens no âmbito da Administração Pública Federal.</p>
<p style="text-align: justify;"><a href="https://www.ufmg.br/proplan/wp-content/uploads/Despacho-SRH-n-043000075142007-47.pdf" target="_blank" rel="noopener">Despacho SRH nº 0043.007514/2007-47</a> – Vedação à concessão de diárias ao exterior a pessoas sem vínculo com a Administração Pública Federal, constante no §2º do art. 10 do Decreto nº 5.992/2006, com redação dada pelo Decreto nº 6.258/2007.</p>
<p style="text-align: justify;"><a href="https://www.ufmg.br/proplan/wp-content/uploads/Despacho-SRH-n-04500.0006032007-14.pdf" target="_blank" rel="noopener">Despacho SRH nº 04500.000603/2007-14</a> – Concessão de Adicional de deslocamento a servidor que utiliza veículo oficial.</p>
<p style="text-align: justify;"><a href="https://www.ufmg.br/proplan/wp-content/uploads/Desp-04500.008376-2007-67.pdf" target="_blank" rel="noopener">Despacho nº 04500.008376/2007-67</a> – Pagamento de diárias em casos de atrasos ou cancelamentos de vôos, quando as despesas com hospedagem, alimentação e locomoção foram custeadas pela companhia aérea.</p>
<p style="text-align: justify;"><a href="https://www.ufmg.br/proplan/wp-content/uploads/Nota-T%C3%A9cnica-167-2009.pdf" target="_blank" rel="noopener">Nota Técnica nº 167/2009</a> – Trata do pagamento da metade do valor de diária com fulcro no § 1° do art. 58 da Lei 8.112 de 11 de dezembro de 1990.</p>
<p style="text-align: justify;"><a href="https://www.ufmg.br/proplan/wp-content/uploads/NOTA-T%C3%89CNICA-130-2011.pdf" target="_blank" rel="noopener">Nota Técnica nº 130/2011/CGNOR/DENOP/SRH/ </a>– Pagamento de diárias a colaborador eventual.</p>
<p style="text-align: justify;"><a href="https://www.ufmg.br/proplan/wp-content/uploads/Ac%C3%B3rd%C3%A3o-2789.pdf">ACÓRDÃO Nº 2789/2009 – TCU</a> – Jurisprudência sobre diárias e passagens.</p>

<p>Constituição do Estado de Minas Gerais, de 21 de setembro [&hellip;]</p>
