{"id":2846,"date":"2023-01-25T10:43:15","date_gmt":"2023-01-25T13:43:15","guid":{"rendered":"https:\/\/www.ufmg.br\/proplan\/?page_id=2846"},"modified":"2024-03-14T16:34:08","modified_gmt":"2024-03-14T19:34:08","slug":"arrecadacao-de-recursos-proprios-2023","status":"publish","type":"page","link":"https:\/\/www.ufmg.br\/proplan\/arrecadacao-de-recursos-proprios-2023\/","title":{"rendered":"Arrecada\u00e7\u00e3o de Recursos Pr\u00f3prios 2023"},"content":{"rendered":"<p><a href=\"https:\/\/www.ufmg.br\/proplan\/wp-content\/uploads\/2024\/03\/Acompanhamento_da_Receita_Propria_2023_Recurso-Resolucoes-10-95-e-13-2022-grafico-e-Fundacoes_2023__pub1.xls\">Acompanhamento_da_Receita_Propria_2023_Recurso-Resolu\u00e7\u00f5es 10-95 e 13-2022 -gr\u00e1fico-e-Fundacoes_2023__pub1<\/a><\/p>\n","protected":false},"excerpt":{"rendered":"<p>Acompanhamento_da_Receita_Propria_2023_Recurso-Resolu\u00e7\u00f5es 10-95 e 13-2022 -gr\u00e1fico-e-Fundacoes_2023__pub1<\/p>\n","protected":false},"author":8,"featured_media":0,"parent":0,"menu_order":0,"comment_status":"closed","ping_status":"closed","template":"","meta":{"footnotes":""},"tags":[],"class_list":["post-2846","page","type-page","status-publish","hentry"],"_links":{"self":[{"href":"https:\/\/www.ufmg.br\/proplan\/wp-json\/wp\/v2\/pages\/2846","targetHints":{"allow":["GET"]}}],"collection":[{"href":"https:\/\/www.ufmg.br\/proplan\/wp-json\/wp\/v2\/pages"}],"about":[{"href":"https:\/\/www.ufmg.br\/proplan\/wp-json\/wp\/v2\/types\/page"}],"author":[{"embeddable":true,"href":"https:\/\/www.ufmg.br\/proplan\/wp-json\/wp\/v2\/users\/8"}],"replies":[{"embeddable":true,"href":"https:\/\/www.ufmg.br\/proplan\/wp-json\/wp\/v2\/comments?post=2846"}],"version-history":[{"count":25,"href":"https:\/\/www.ufmg.br\/proplan\/wp-json\/wp\/v2\/pages\/2846\/revisions"}],"predecessor-version":[{"id":5918,"href":"https:\/\/www.ufmg.br\/proplan\/wp-json\/wp\/v2\/pages\/2846\/revisions\/5918"}],"wp:attachment":[{"href":"https:\/\/www.ufmg.br\/proplan\/wp-json\/wp\/v2\/media?parent=2846"}],"wp:term":[{"taxonomy":"post_tag","embeddable":true,"href":"https:\/\/www.ufmg.br\/proplan\/wp-json\/wp\/v2\/tags?post=2846"}],"curies":[{"name":"wp","href":"https:\/\/api.w.org\/{rel}","templated":true}]}}