{"id":372,"date":"2021-08-10T10:43:26","date_gmt":"2021-08-10T13:43:26","guid":{"rendered":"https:\/\/www.ufmg.br\/proplan\/?page_id=372"},"modified":"2025-08-26T13:56:15","modified_gmt":"2025-08-26T16:56:15","slug":"celebracao_ted","status":"publish","type":"page","link":"https:\/\/www.ufmg.br\/proplan\/convenios\/celebracao_ted\/","title":{"rendered":"TED &#8211; Termo de Execu\u00e7\u00e3o Descentralizada"},"content":{"rendered":"<p style=\"text-align: justify;\">O Termo de Execu\u00e7\u00e3o Descentralizada (TED) \u00e9 definido, pelo\u00a0<a href=\"https:\/\/www.in.gov.br\/en\/web\/dou\/-\/decreto-n-10.426-de-16-de-julho-de-2020-267273875\">Decreto n\u00ba 10.426<\/a>, de 16 de julho de 2020, como \u201cinstrumento por meio do qual a descentraliza\u00e7\u00e3o de cr\u00e9ditos entre \u00f3rg\u00e3os e entidades integrantes dos Or\u00e7amentos Fiscal e da Seguridade Social da Uni\u00e3o \u00e9 ajustada, com vistas \u00e0 execu\u00e7\u00e3o de programas, de projetos e de atividades, nos termos estabelecidos no plano de trabalho e observada a classifica\u00e7\u00e3o funcional program\u00e1tica\u201d.<\/p>\n<p style=\"text-align: justify;\"><a href=\"https:\/\/www.ufmg.br\/proplan\/convenios\/celebracao_ted\/teds-vinculados-ao-mec\/\">TED&#8217;s vinculados ao Minist\u00e9rio da Educa\u00e7\u00e3o &#8211; MEC<\/a><\/p>\n<p style=\"text-align: justify;\"><a href=\"https:\/\/www.ufmg.br\/proplan\/convenios\/celebracao_ted\/teds-vinculados-a-outros-ministerios\/\">TED&#8217;s vinculados a outros Minist\u00e9rios<\/a><\/p>\n<h3><\/h3>\n<h3><strong>Termos de Execu\u00e7\u00e3o Descentralizada (TED):<\/strong><\/h3>\n<p><a href=\"https:\/\/www.ufmg.br\/proplan\/teds-2025\/\">2025<\/a><\/p>\n<p><a href=\"https:\/\/www.ufmg.br\/proplan\/teds-2024\/\">2024<\/a><\/p>\n<p><a href=\"https:\/\/www.ufmg.br\/proplan\/teds-2023\/\">2023<\/a><\/p>\n<p><a href=\"https:\/\/www.ufmg.br\/proplan\/teds-2022\/\">2022<\/a><\/p>\n<p><a href=\"https:\/\/www.ufmg.br\/proplan\/teds-2021\/\">2021<\/a><\/p>\n<p><a href=\"https:\/\/www.ufmg.br\/proplan\/teds-2020\/\">2020<\/a><\/p>\n<p>&nbsp;<\/p>\n","protected":false},"excerpt":{"rendered":"<p>O Termo de Execu\u00e7\u00e3o Descentralizada (TED) \u00e9 definido, pelo\u00a0Decreto n\u00ba [&hellip;]<\/p>\n","protected":false},"author":1,"featured_media":0,"parent":348,"menu_order":0,"comment_status":"closed","ping_status":"closed","template":"","meta":{"footnotes":""},"tags":[],"class_list":["post-372","page","type-page","status-publish","hentry"],"_links":{"self":[{"href":"https:\/\/www.ufmg.br\/proplan\/wp-json\/wp\/v2\/pages\/372","targetHints":{"allow":["GET"]}}],"collection":[{"href":"https:\/\/www.ufmg.br\/proplan\/wp-json\/wp\/v2\/pages"}],"about":[{"href":"https:\/\/www.ufmg.br\/proplan\/wp-json\/wp\/v2\/types\/page"}],"author":[{"embeddable":true,"href":"https:\/\/www.ufmg.br\/proplan\/wp-json\/wp\/v2\/users\/1"}],"replies":[{"embeddable":true,"href":"https:\/\/www.ufmg.br\/proplan\/wp-json\/wp\/v2\/comments?post=372"}],"version-history":[{"count":37,"href":"https:\/\/www.ufmg.br\/proplan\/wp-json\/wp\/v2\/pages\/372\/revisions"}],"predecessor-version":[{"id":10825,"href":"https:\/\/www.ufmg.br\/proplan\/wp-json\/wp\/v2\/pages\/372\/revisions\/10825"}],"up":[{"embeddable":true,"href":"https:\/\/www.ufmg.br\/proplan\/wp-json\/wp\/v2\/pages\/348"}],"wp:attachment":[{"href":"https:\/\/www.ufmg.br\/proplan\/wp-json\/wp\/v2\/media?parent=372"}],"wp:term":[{"taxonomy":"post_tag","embeddable":true,"href":"https:\/\/www.ufmg.br\/proplan\/wp-json\/wp\/v2\/tags?post=372"}],"curies":[{"name":"wp","href":"https:\/\/api.w.org\/{rel}","templated":true}]}}