{"id":440,"date":"2021-08-10T11:12:03","date_gmt":"2021-08-10T14:12:03","guid":{"rendered":"https:\/\/www.ufmg.br\/proplan\/?page_id=440"},"modified":"2022-04-20T16:11:43","modified_gmt":"2022-04-20T19:11:43","slug":"outras-informacoes","status":"publish","type":"page","link":"https:\/\/www.ufmg.br\/proplan\/outras-informacoes\/","title":{"rendered":"Outras informa\u00e7\u00f5es"},"content":{"rendered":"<p style=\"text-align: justify;\">[maxbutton id=&#8221;2&#8243; url=&#8221;https:\/\/www.ufmg.br\/proplan\/outras-informacoes\/atribuicoes-dos-setores-de-contabilidade\/&#8221; text=&#8221;Atribui\u00e7\u00f5es dos setores de Contabilidade&#8221; ]<\/p>\n<p style=\"text-align: justify;\">[maxbutton id=&#8221;2&#8243; url=&#8221;https:\/\/www.ufmg.br\/proplan\/outras-informacoes\/atribuicoes-fiscais-de-contrato-de-fundacao-de-apoio\/&#8221; text=&#8221;Atribui\u00e7\u00f5es fiscais de contrato de funda\u00e7\u00e3o de apoio&#8221; ]<\/p>\n<p style=\"text-align: justify;\">[maxbutton id=&#8221;2&#8243; url=&#8221;https:\/\/www.ufmg.br\/proplan\/contatos-das-unidades-gestoras-da-ufmg\/&#8221; text=&#8221;Contatos das Unidades Gestoras da UFMG&#8221; ]<\/p>\n<p style=\"text-align: justify;\">[maxbutton id=&#8221;2&#8243; url=&#8221;https:\/\/www.ufmg.br\/proplan\/outras-informacoes\/planilha-de-softwares-composicao\/&#8221; text=&#8221;Planilha de Softwares&#8221; ]<\/p>\n<p>&nbsp;<\/p>\n","protected":false},"excerpt":{"rendered":"<p>[maxbutton id=&#8221;2&#8243; url=&#8221;https:\/\/www.ufmg.br\/proplan\/outras-informacoes\/atribuicoes-dos-setores-de-contabilidade\/&#8221; text=&#8221;Atribui\u00e7\u00f5es dos setores de Contabilidade&#8221; ] [maxbutton [&hellip;]<\/p>\n","protected":false},"author":1,"featured_media":0,"parent":0,"menu_order":0,"comment_status":"closed","ping_status":"closed","template":"","meta":{"footnotes":""},"tags":[],"class_list":["post-440","page","type-page","status-publish","hentry"],"_links":{"self":[{"href":"https:\/\/www.ufmg.br\/proplan\/wp-json\/wp\/v2\/pages\/440","targetHints":{"allow":["GET"]}}],"collection":[{"href":"https:\/\/www.ufmg.br\/proplan\/wp-json\/wp\/v2\/pages"}],"about":[{"href":"https:\/\/www.ufmg.br\/proplan\/wp-json\/wp\/v2\/types\/page"}],"author":[{"embeddable":true,"href":"https:\/\/www.ufmg.br\/proplan\/wp-json\/wp\/v2\/users\/1"}],"replies":[{"embeddable":true,"href":"https:\/\/www.ufmg.br\/proplan\/wp-json\/wp\/v2\/comments?post=440"}],"version-history":[{"count":4,"href":"https:\/\/www.ufmg.br\/proplan\/wp-json\/wp\/v2\/pages\/440\/revisions"}],"predecessor-version":[{"id":1276,"href":"https:\/\/www.ufmg.br\/proplan\/wp-json\/wp\/v2\/pages\/440\/revisions\/1276"}],"wp:attachment":[{"href":"https:\/\/www.ufmg.br\/proplan\/wp-json\/wp\/v2\/media?parent=440"}],"wp:term":[{"taxonomy":"post_tag","embeddable":true,"href":"https:\/\/www.ufmg.br\/proplan\/wp-json\/wp\/v2\/tags?post=440"}],"curies":[{"name":"wp","href":"https:\/\/api.w.org\/{rel}","templated":true}]}}