{"id":442,"date":"2021-08-10T11:12:04","date_gmt":"2021-08-10T14:12:04","guid":{"rendered":"https:\/\/www.ufmg.br\/proplan\/?page_id=442"},"modified":"2022-05-03T11:46:20","modified_gmt":"2022-05-03T14:46:20","slug":"matriz-de-distribuicao-e-evolucao-orcamentaria-da-ufmg","status":"publish","type":"page","link":"https:\/\/www.ufmg.br\/proplan\/orcamento\/matriz-de-distribuicao-e-evolucao-orcamentaria-da-ufmg\/","title":{"rendered":"Matriz de Distribui\u00e7\u00e3o Or\u00e7ament\u00e1ria e Evolu\u00e7\u00e3o do Or\u00e7amento da UFMG"},"content":{"rendered":"<div id=\"sp-ea-1476\" class=\"sp-ea-one sp-easy-accordion\" data-ex-icon=\"fa-minus\" data-col-icon=\"fa-plus\"  data-ea-active=\"ea-click\"  data-ea-mode=\"vertical\" data-preloader=\"\"><div class=\"ea-card  sp-ea-single\"><h3 class=\"ea-header\"><a class=\"collapsed\" data-sptoggle=\"spcollapse\" data-sptarget=#collapse14760 href=\"javascript:void(0)\" aria-expanded=\"false\"><i class=\"ea-expand-icon fa fa-plus\"><\/i> Matriz de Distribui\u00e7\u00e3o Or\u00e7ament\u00e1ria UFMG<\/a><\/h3><div class=\"sp-collapse spcollapse spcollapse\" id=\"collapse14760\" data-parent=#sp-ea-1476><div class=\"ea-body\"><p>A Proplan publica Portaria que estabelece a nova metodologia da matriz de distribui\u00e7\u00e3o dos recursos de OCC (Outros Custeios e Capital) como estrat\u00e9gia para aloca\u00e7\u00e3o de recursos or\u00e7ament\u00e1rios nas diversas Unidades Acad\u00eamicas da UFMG.<\/p>\n<p><a href=\"https:\/\/www.ufmg.br\/proplan\/wp-content\/uploads\/2022\/05\/Apresentacao_4570593_2024_MOCC_apresentacao_18.09.25.pdf\">Matriz de Distribui\u00e7\u00e3o Or\u00e7ament\u00e1ria<\/a><\/p>\n<p><a href=\"https:\/\/www.ufmg.br\/proplan\/wp-content\/uploads\/2022\/05\/SEI_4570468_Portaria_9545.pdf\">Portaria N\u00ba 9545, de 18 de setembro de 2025<\/a><\/p>\n<\/div><\/div><\/div><div class=\"ea-card  sp-ea-single\"><h3 class=\"ea-header\"><a class=\"collapsed\" data-sptoggle=\"spcollapse\" data-sptarget=#collapse14761 href=\"javascript:void(0)\" aria-expanded=\"false\"><i class=\"ea-expand-icon fa fa-plus\"><\/i> Evolu\u00e7\u00e3o Or\u00e7ament\u00e1ria da UFMG<\/a><\/h3><div class=\"sp-collapse spcollapse spcollapse\" id=\"collapse14761\" data-parent=#sp-ea-1476><div class=\"ea-body\"><p><img loading=\"lazy\" decoding=\"async\" class=\"alignnone size-large wp-image-12841\" src=\"https:\/\/www.ufmg.br\/proplan\/wp-content\/uploads\/2022\/05\/UFMG-RP2-Emp-Tesouro-valor-nominal-em-milhoes-de-reais_2006a2026-1024x354.png\" alt=\"\" width=\"1024\" height=\"354\" srcset=\"https:\/\/www.ufmg.br\/proplan\/wp-content\/uploads\/2022\/05\/UFMG-RP2-Emp-Tesouro-valor-nominal-em-milhoes-de-reais_2006a2026-1024x354.png 1024w, https:\/\/www.ufmg.br\/proplan\/wp-content\/uploads\/2022\/05\/UFMG-RP2-Emp-Tesouro-valor-nominal-em-milhoes-de-reais_2006a2026-300x104.png 300w, https:\/\/www.ufmg.br\/proplan\/wp-content\/uploads\/2022\/05\/UFMG-RP2-Emp-Tesouro-valor-nominal-em-milhoes-de-reais_2006a2026-768x265.png 768w, https:\/\/www.ufmg.br\/proplan\/wp-content\/uploads\/2022\/05\/UFMG-RP2-Emp-Tesouro-valor-nominal-em-milhoes-de-reais_2006a2026-1536x531.png 1536w, https:\/\/www.ufmg.br\/proplan\/wp-content\/uploads\/2022\/05\/UFMG-RP2-Emp-Tesouro-valor-nominal-em-milhoes-de-reais_2006a2026-2048x708.png 2048w\" sizes=\"auto, (max-width: 1024px) 100vw, 1024px\" \/><\/p>\n<p><strong>Fonte:<\/strong> SIOP - Sistema Integrado de Planejamento e Or\u00e7amento do Governo<\/p>\n<p>\u00a0<\/p>\n<p>\u00a0<\/p>\n<p><img loading=\"lazy\" decoding=\"async\" class=\"alignnone size-large wp-image-12842\" src=\"https:\/\/www.ufmg.br\/proplan\/wp-content\/uploads\/2022\/05\/UFMG-RP2-Emp-Tesouro-valor-Corrigido-pelo-IPCA-em-milhoes-de-reais_2006a2026-1024x288.png\" alt=\"\" width=\"1024\" height=\"288\" srcset=\"https:\/\/www.ufmg.br\/proplan\/wp-content\/uploads\/2022\/05\/UFMG-RP2-Emp-Tesouro-valor-Corrigido-pelo-IPCA-em-milhoes-de-reais_2006a2026-1024x288.png 1024w, https:\/\/www.ufmg.br\/proplan\/wp-content\/uploads\/2022\/05\/UFMG-RP2-Emp-Tesouro-valor-Corrigido-pelo-IPCA-em-milhoes-de-reais_2006a2026-300x84.png 300w, https:\/\/www.ufmg.br\/proplan\/wp-content\/uploads\/2022\/05\/UFMG-RP2-Emp-Tesouro-valor-Corrigido-pelo-IPCA-em-milhoes-de-reais_2006a2026-768x216.png 768w, https:\/\/www.ufmg.br\/proplan\/wp-content\/uploads\/2022\/05\/UFMG-RP2-Emp-Tesouro-valor-Corrigido-pelo-IPCA-em-milhoes-de-reais_2006a2026-1536x433.png 1536w, https:\/\/www.ufmg.br\/proplan\/wp-content\/uploads\/2022\/05\/UFMG-RP2-Emp-Tesouro-valor-Corrigido-pelo-IPCA-em-milhoes-de-reais_2006a2026-2048x577.png 2048w\" sizes=\"auto, (max-width: 1024px) 100vw, 1024px\" \/><\/p>\n<p><strong>Fonte:<\/strong> SIOP - Sistema Integrado de Planejamento e Or\u00e7amento do Governo<\/p>\n<p>\u00a0<\/p>\n<p>\u00a0<\/p>\n<p>\u00a0<\/p>\n<p>\u00a0<\/p>\n<\/div><\/div><\/div><\/div>\n","protected":false},"excerpt":{"rendered":"","protected":false},"author":1,"featured_media":0,"parent":400,"menu_order":0,"comment_status":"closed","ping_status":"closed","template":"","meta":{"footnotes":""},"tags":[],"class_list":["post-442","page","type-page","status-publish","hentry"],"_links":{"self":[{"href":"https:\/\/www.ufmg.br\/proplan\/wp-json\/wp\/v2\/pages\/442","targetHints":{"allow":["GET"]}}],"collection":[{"href":"https:\/\/www.ufmg.br\/proplan\/wp-json\/wp\/v2\/pages"}],"about":[{"href":"https:\/\/www.ufmg.br\/proplan\/wp-json\/wp\/v2\/types\/page"}],"author":[{"embeddable":true,"href":"https:\/\/www.ufmg.br\/proplan\/wp-json\/wp\/v2\/users\/1"}],"replies":[{"embeddable":true,"href":"https:\/\/www.ufmg.br\/proplan\/wp-json\/wp\/v2\/comments?post=442"}],"version-history":[{"count":6,"href":"https:\/\/www.ufmg.br\/proplan\/wp-json\/wp\/v2\/pages\/442\/revisions"}],"predecessor-version":[{"id":1478,"href":"https:\/\/www.ufmg.br\/proplan\/wp-json\/wp\/v2\/pages\/442\/revisions\/1478"}],"up":[{"embeddable":true,"href":"https:\/\/www.ufmg.br\/proplan\/wp-json\/wp\/v2\/pages\/400"}],"wp:attachment":[{"href":"https:\/\/www.ufmg.br\/proplan\/wp-json\/wp\/v2\/media?parent=442"}],"wp:term":[{"taxonomy":"post_tag","embeddable":true,"href":"https:\/\/www.ufmg.br\/proplan\/wp-json\/wp\/v2\/tags?post=442"}],"curies":[{"name":"wp","href":"https:\/\/api.w.org\/{rel}","templated":true}]}}