{"id":456,"date":"2021-08-10T11:18:17","date_gmt":"2021-08-10T14:18:17","guid":{"rendered":"https:\/\/www.ufmg.br\/proplan\/?page_id=456"},"modified":"2025-05-16T09:37:20","modified_gmt":"2025-05-16T12:37:20","slug":"orcamentos-anuais","status":"publish","type":"page","link":"https:\/\/www.ufmg.br\/proplan\/orcamento\/orcamentos-anuais\/","title":{"rendered":"Or\u00e7amentos anuais"},"content":{"rendered":"<div id=\"sp-ea-1481\" class=\"sp-ea-one sp-easy-accordion\" data-ex-icon=\"fa-minus\" data-col-icon=\"fa-plus\"  data-ea-active=\"ea-click\"  data-ea-mode=\"vertical\" data-preloader=\"\"><div class=\"ea-card  sp-ea-single\"><h3 class=\"ea-header\"><a class=\"collapsed\" data-sptoggle=\"spcollapse\" data-sptarget=#collapse14810 href=\"javascript:void(0)\" aria-expanded=\"false\"><i class=\"ea-expand-icon fa fa-plus\"><\/i> 2026<\/a><\/h3><div class=\"sp-collapse spcollapse spcollapse\" id=\"collapse14810\" data-parent=#sp-ea-1481><div class=\"ea-body\"><p><a href=\"https:\/\/www.ufmg.br\/proplan\/lei-e-proposta-orcamentaria-2026\/\">Lei e Proposta Or\u00e7ament\u00e1ria 2026<\/a><\/p>\n<p><a href=\"https:\/\/www.ufmg.br\/proplan\/arrecadacao-de-recursos-proprios-2026\/\">Arrecada\u00e7\u00e3o de Recursos Pr\u00f3prios 2026<\/a><\/p>\n<p><a href=\"https:\/\/www.ufmg.br\/proplan\/execucao-orcamentaria-2026\/\">Execu\u00e7\u00e3o Or\u00e7ament\u00e1ria 2026<\/a><\/p>\n<\/div><\/div><\/div><div class=\"ea-card  sp-ea-single\"><h3 class=\"ea-header\"><a class=\"collapsed\" data-sptoggle=\"spcollapse\" data-sptarget=#collapse14811 href=\"javascript:void(0)\" aria-expanded=\"false\"><i class=\"ea-expand-icon fa fa-plus\"><\/i> 2025<\/a><\/h3><div class=\"sp-collapse spcollapse spcollapse\" id=\"collapse14811\" data-parent=#sp-ea-1481><div class=\"ea-body\"><p><a href=\"https:\/\/www.ufmg.br\/proplan\/lei-e-proposta-orcamentaria-2025\/\">Lei e Proposta Or\u00e7ament\u00e1ria 2025<\/a><\/p>\n<p><a href=\"https:\/\/www.ufmg.br\/proplan\/arrecadacao-de-recursos-proprios-2025\/\">Arrecada\u00e7\u00e3o de Recursos Pr\u00f3prios 2025<\/a><\/p>\n<p><a href=\"https:\/\/www.ufmg.br\/proplan\/execucao-orcamentaria-2025\/\">Execu\u00e7\u00e3o Or\u00e7ament\u00e1ria 2025<\/a><\/p>\n<\/div><\/div><\/div><div class=\"ea-card  sp-ea-single\"><h3 class=\"ea-header\"><a class=\"collapsed\" data-sptoggle=\"spcollapse\" data-sptarget=#collapse14812 href=\"javascript:void(0)\" aria-expanded=\"false\"><i class=\"ea-expand-icon fa fa-plus\"><\/i> 2024<\/a><\/h3><div class=\"sp-collapse spcollapse spcollapse\" id=\"collapse14812\" data-parent=#sp-ea-1481><div class=\"ea-body\"><p><a href=\"https:\/\/www.ufmg.br\/proplan\/lei-e-proposta-orcamentaria-2024\/\">Lei e Proposta Or\u00e7ament\u00e1ria 2024<\/a><\/p>\n<p><a href=\"https:\/\/www.ufmg.br\/proplan\/arrecadacao-de-recursos-proprios-2024\/\">Arrecada\u00e7\u00e3o de Recursos Pr\u00f3prios 2024<\/a><\/p>\n<p><a href=\"https:\/\/www.ufmg.br\/proplan\/execucao-orcamentaria-2024\/\">Execu\u00e7\u00e3o Or\u00e7ament\u00e1ria 2024<\/a><\/p>\n<\/div><\/div><\/div><div class=\"ea-card  sp-ea-single\"><h3 class=\"ea-header\"><a class=\"collapsed\" data-sptoggle=\"spcollapse\" data-sptarget=#collapse14813 href=\"javascript:void(0)\" aria-expanded=\"false\"><i class=\"ea-expand-icon fa fa-plus\"><\/i> 2023<\/a><\/h3><div class=\"sp-collapse spcollapse spcollapse\" id=\"collapse14813\" data-parent=#sp-ea-1481><div class=\"ea-body\"><p><a href=\"https:\/\/www.ufmg.br\/proplan\/lei-e-proposta-orcamentaria-2023\/\">Lei e Proposta Or\u00e7ament\u00e1ria 2023<\/a><\/p>\n<p><a href=\"https:\/\/www.ufmg.br\/proplan\/arrecadacao-de-recursos-proprios-2023\/\">Arrecada\u00e7\u00e3o de Recursos Pr\u00f3prios 2023<\/a><\/p>\n<p><a href=\"https:\/\/www.ufmg.br\/proplan\/execucao-orcamentaria-2023\/\">Execu\u00e7\u00e3o Or\u00e7ament\u00e1ria 2023<\/a><\/p>\n<\/div><\/div><\/div><div class=\"ea-card  sp-ea-single\"><h3 class=\"ea-header\"><a class=\"collapsed\" data-sptoggle=\"spcollapse\" data-sptarget=#collapse14814 href=\"javascript:void(0)\" aria-expanded=\"false\"><i class=\"ea-expand-icon fa fa-plus\"><\/i> 2022<\/a><\/h3><div class=\"sp-collapse spcollapse spcollapse\" id=\"collapse14814\" data-parent=#sp-ea-1481><div class=\"ea-body\"><p><a href=\"https:\/\/www.ufmg.br\/proplan\/lei-e-proposta-orcamentaria-2022\/\">Lei e Proposta Or\u00e7ament\u00e1ria 2022<\/a><\/p>\n<p><a href=\"https:\/\/www.ufmg.br\/proplan\/arrecadacao-de-recursos-proprios-2022\/\">Arrecada\u00e7\u00e3o de Recursos Pr\u00f3prios 2022<\/a><\/p>\n<p><a href=\"https:\/\/www.ufmg.br\/proplan\/execucao-orcamentaria-2022\/\">Execu\u00e7\u00e3o Or\u00e7ament\u00e1ria 2022<\/a><\/p>\n<\/div><\/div><\/div><div class=\"ea-card  sp-ea-single\"><h3 class=\"ea-header\"><a class=\"collapsed\" data-sptoggle=\"spcollapse\" data-sptarget=#collapse14815 href=\"javascript:void(0)\" aria-expanded=\"false\"><i class=\"ea-expand-icon fa fa-plus\"><\/i> 2021<\/a><\/h3><div class=\"sp-collapse spcollapse spcollapse\" id=\"collapse14815\" data-parent=#sp-ea-1481><div class=\"ea-body\"><p><a href=\"https:\/\/www.ufmg.br\/proplan\/lei-e-proposta-orcamentaria-2021\/\">Lei e Proposta Or\u00e7ament\u00e1ria 2021<\/a><\/p>\n<p><a href=\"https:\/\/www.ufmg.br\/proplan\/arrecadacao-de-recursos-proprios-2021\/\">Arrecada\u00e7\u00e3o de Recursos Pr\u00f3prios 2021<\/a><\/p>\n<p><a href=\"https:\/\/www.ufmg.br\/proplan\/execucao-orcamentaria-2021\/\">Execu\u00e7\u00e3o Or\u00e7ament\u00e1ria 2021<\/a><\/p>\n<\/div><\/div><\/div><div class=\"ea-card  sp-ea-single\"><h3 class=\"ea-header\"><a class=\"collapsed\" data-sptoggle=\"spcollapse\" data-sptarget=#collapse14816 href=\"javascript:void(0)\" aria-expanded=\"false\"><i class=\"ea-expand-icon fa fa-plus\"><\/i> 2020<\/a><\/h3><div class=\"sp-collapse spcollapse spcollapse\" id=\"collapse14816\" data-parent=#sp-ea-1481><div class=\"ea-body\"><p><a href=\"https:\/\/www.ufmg.br\/proplan\/lei-e-proposta-orcamentaria-2020\/\">Lei e Proposta Or\u00e7ament\u00e1ria 2020<\/a><\/p>\n<p><a href=\"https:\/\/www.ufmg.br\/proplan\/arrecadacao-de-recursos-proprios-2020\/\">Arrecada\u00e7\u00e3o de Recursos Pr\u00f3prios 2020<\/a><\/p>\n<p><a href=\"https:\/\/www.ufmg.br\/proplan\/execucao-orcamentaria-2020\/\">Execu\u00e7\u00e3o Or\u00e7ament\u00e1ria 2020<\/a><\/p>\n<\/div><\/div><\/div><div class=\"ea-card  sp-ea-single\"><h3 class=\"ea-header\"><a class=\"collapsed\" data-sptoggle=\"spcollapse\" data-sptarget=#collapse14817 href=\"javascript:void(0)\" aria-expanded=\"false\"><i class=\"ea-expand-icon fa fa-plus\"><\/i> 2019<\/a><\/h3><div class=\"sp-collapse spcollapse spcollapse\" id=\"collapse14817\" data-parent=#sp-ea-1481><div class=\"ea-body\"><p><a href=\"https:\/\/www.ufmg.br\/proplan\/lei-e-proposta-orcamentaria-2019\/\">Lei e Proposta Or\u00e7ament\u00e1ria 2019<\/a><\/p>\n<p><a href=\"https:\/\/www.ufmg.br\/proplan\/arrecadacao-de-recursos-proprio-2019\/\">Arrecada\u00e7\u00e3o de Recursos Pr\u00f3prios 2019<\/a><\/p>\n<p><a href=\"https:\/\/www.ufmg.br\/proplan\/execucao-orcamentaria-2019\/\">Execu\u00e7\u00e3o Or\u00e7ament\u00e1ria 2019<\/a><\/p>\n<\/div><\/div><\/div><div class=\"ea-card  sp-ea-single\"><h3 class=\"ea-header\"><a class=\"collapsed\" data-sptoggle=\"spcollapse\" data-sptarget=#collapse14818 href=\"javascript:void(0)\" aria-expanded=\"false\"><i class=\"ea-expand-icon fa fa-plus\"><\/i> 2018<\/a><\/h3><div class=\"sp-collapse spcollapse spcollapse\" id=\"collapse14818\" data-parent=#sp-ea-1481><div class=\"ea-body\"><p><a href=\"https:\/\/www.ufmg.br\/proplan\/lei-e-proposta-orcamentaria-2018\/\">Lei e Proposta Or\u00e7ament\u00e1ria 2018<\/a><\/p>\n<p><a href=\"https:\/\/www.ufmg.br\/proplan\/arrecadacao-de-recursos-proprios-2018\/\">Arrecada\u00e7\u00e3o de Recursos Pr\u00f3prios 2018<\/a><\/p>\n<p><a href=\"https:\/\/www.ufmg.br\/proplan\/execucao-orcamentaria-2018\/\">Execu\u00e7\u00e3o Or\u00e7ament\u00e1ria 2018<\/a><\/p>\n<\/div><\/div><\/div><div class=\"ea-card  sp-ea-single\"><h3 class=\"ea-header\"><a class=\"collapsed\" data-sptoggle=\"spcollapse\" data-sptarget=#collapse14819 href=\"javascript:void(0)\" aria-expanded=\"false\"><i class=\"ea-expand-icon fa fa-plus\"><\/i> 2017<\/a><\/h3><div class=\"sp-collapse spcollapse spcollapse\" id=\"collapse14819\" data-parent=#sp-ea-1481><div class=\"ea-body\"><p><a href=\"https:\/\/www.ufmg.br\/proplan\/lei-e-proposta-orcamentaria-2017\">Lei e Proposta Or\u00e7ament\u00e1ria 2017<\/a><\/p>\n<p><a href=\"https:\/\/www.ufmg.br\/proplan\/arrecadacao-de-recursos-proprios-2017\/\">Arrecada\u00e7\u00e3o de Recursos Pr\u00f3prios 2017<\/a><\/p>\n<p><a href=\"https:\/\/www.ufmg.br\/proplan\/execucao-orcamentaria-2017\/\">Execu\u00e7\u00e3o Or\u00e7ament\u00e1ria 2017<\/a><\/p>\n<\/div><\/div><\/div><div class=\"ea-card  sp-ea-single\"><h3 class=\"ea-header\"><a class=\"collapsed\" data-sptoggle=\"spcollapse\" data-sptarget=#collapse148110 href=\"javascript:void(0)\" aria-expanded=\"false\"><i class=\"ea-expand-icon fa fa-plus\"><\/i> 2016<\/a><\/h3><div class=\"sp-collapse spcollapse spcollapse\" id=\"collapse148110\" data-parent=#sp-ea-1481><div class=\"ea-body\"><p><a href=\"https:\/\/www.ufmg.br\/proplan\/lei-e-proposta-orcamentaria-2016\/\">Lei e Proposta Or\u00e7ament\u00e1ria 2016<\/a><\/p>\n<p><a href=\"https:\/\/www.ufmg.br\/proplan\/arrecadacao-de-recursos-proprios-2016\/\">Arrecada\u00e7\u00e3o de Recursos Pr\u00f3prios 2016<\/a><\/p>\n<p><a href=\"https:\/\/www.ufmg.br\/proplan\/execucao-orcamentaria-2016\/\">Execu\u00e7\u00e3o Or\u00e7ament\u00e1ria 2016<\/a><\/p>\n<\/div><\/div><\/div><div class=\"ea-card  sp-ea-single\"><h3 class=\"ea-header\"><a class=\"collapsed\" data-sptoggle=\"spcollapse\" data-sptarget=#collapse148111 href=\"javascript:void(0)\" aria-expanded=\"false\"><i class=\"ea-expand-icon fa fa-plus\"><\/i> 2015<\/a><\/h3><div class=\"sp-collapse spcollapse spcollapse\" id=\"collapse148111\" data-parent=#sp-ea-1481><div class=\"ea-body\"><p><a href=\"https:\/\/www.ufmg.br\/proplan\/lei-e-proposta-orcamentaria-2015\/\">Lei e Proposta Or\u00e7ament\u00e1ria 2015<\/a><\/p>\n<p><a href=\"https:\/\/www.ufmg.br\/proplan\/arrecadacao-de-recursos-proprios-2015\/\">Arrecada\u00e7\u00e3o de Recursos Pr\u00f3prios 2015<\/a><\/p>\n<p><a href=\"https:\/\/www.ufmg.br\/proplan\/execucao-orcamentaria-2015\/\">Execu\u00e7\u00e3o Or\u00e7ament\u00e1ria 2015<\/a><\/p>\n<\/div><\/div><\/div><div class=\"ea-card  sp-ea-single\"><h3 class=\"ea-header\"><a class=\"collapsed\" data-sptoggle=\"spcollapse\" data-sptarget=#collapse148112 href=\"javascript:void(0)\" aria-expanded=\"false\"><i class=\"ea-expand-icon fa fa-plus\"><\/i> 2014<\/a><\/h3><div class=\"sp-collapse spcollapse spcollapse\" id=\"collapse148112\" data-parent=#sp-ea-1481><div class=\"ea-body\"><p><a href=\"https:\/\/www.ufmg.br\/proplan\/lei-e-proposta-orcamentaria-2014\/\">Lei e Proposta Or\u00e7ament\u00e1ria 2014<\/a><\/p>\n<p><a href=\"https:\/\/www.ufmg.br\/proplan\/arrecadacao-de-recursos-proprios-2014\/\">Arrecada\u00e7\u00e3o de Recursos Pr\u00f3prios 2014<\/a><\/p>\n<p><a href=\"https:\/\/www.ufmg.br\/proplan\/execucao-orcamentaria-2014\/\">Execu\u00e7\u00e3o Or\u00e7ament\u00e1ria 2014<\/a><\/p>\n<\/div><\/div><\/div><div class=\"ea-card  sp-ea-single\"><h3 class=\"ea-header\"><a class=\"collapsed\" data-sptoggle=\"spcollapse\" data-sptarget=#collapse148113 href=\"javascript:void(0)\" aria-expanded=\"false\"><i class=\"ea-expand-icon fa fa-plus\"><\/i> 2013<\/a><\/h3><div class=\"sp-collapse spcollapse spcollapse\" id=\"collapse148113\" data-parent=#sp-ea-1481><div class=\"ea-body\"><p><a href=\"https:\/\/www.ufmg.br\/proplan\/lei-e-proposta-orcamentaria-2013\/\">Lei e Proposta Or\u00e7ament\u00e1ria 2013<\/a><\/p>\n<p><a href=\"https:\/\/www.ufmg.br\/proplan\/execucao-orcamentaria-2013\/\">Execu\u00e7\u00e3o Or\u00e7ament\u00e1ria 2013<\/a><\/p>\n<\/div><\/div><\/div><div class=\"ea-card  sp-ea-single\"><h3 class=\"ea-header\"><a class=\"collapsed\" data-sptoggle=\"spcollapse\" data-sptarget=#collapse148114 href=\"javascript:void(0)\" aria-expanded=\"false\"><i class=\"ea-expand-icon fa fa-plus\"><\/i> 2012<\/a><\/h3><div class=\"sp-collapse spcollapse spcollapse\" id=\"collapse148114\" data-parent=#sp-ea-1481><div class=\"ea-body\"><p><a href=\"https:\/\/www.ufmg.br\/proplan\/lei-e-proposta-orcamentaria-2012\/\">Lei e Proposta Or\u00e7ament\u00e1ria 2012<\/a><\/p>\n<p><a href=\"https:\/\/www.ufmg.br\/proplan\/execucao-orcamentaria-2012\/\">Execu\u00e7\u00e3o Or\u00e7ament\u00e1ria 2012<\/a><\/p>\n<\/div><\/div><\/div><div class=\"ea-card  sp-ea-single\"><h3 class=\"ea-header\"><a class=\"collapsed\" data-sptoggle=\"spcollapse\" data-sptarget=#collapse148115 href=\"javascript:void(0)\" aria-expanded=\"false\"><i class=\"ea-expand-icon fa fa-plus\"><\/i> 2011<\/a><\/h3><div class=\"sp-collapse spcollapse spcollapse\" id=\"collapse148115\" data-parent=#sp-ea-1481><div class=\"ea-body\"><p><a href=\"https:\/\/www.ufmg.br\/proplan\/lei-e-proposta-orcamentaria-2011\/\">Lei e Proposta Or\u00e7ament\u00e1ria 2011<\/a><\/p>\n<p><a href=\"https:\/\/www.ufmg.br\/proplan\/arrecadacao-de-recursos-proprios-2011\/\">Arrecada\u00e7\u00e3o de Recursos Pr\u00f3prios 2011<\/a><\/p>\n<p><a href=\"https:\/\/www.ufmg.br\/proplan\/execucao-orcamentaria-2011\/\">Execu\u00e7\u00e3o Or\u00e7ament\u00e1ria 2011<\/a><\/p>\n<\/div><\/div><\/div><\/div>\n<p>&nbsp;<\/p>\n","protected":false},"excerpt":{"rendered":"<p>&nbsp;<\/p>\n","protected":false},"author":1,"featured_media":0,"parent":400,"menu_order":0,"comment_status":"closed","ping_status":"closed","template":"","meta":{"footnotes":""},"tags":[],"class_list":["post-456","page","type-page","status-publish","hentry"],"_links":{"self":[{"href":"https:\/\/www.ufmg.br\/proplan\/wp-json\/wp\/v2\/pages\/456","targetHints":{"allow":["GET"]}}],"collection":[{"href":"https:\/\/www.ufmg.br\/proplan\/wp-json\/wp\/v2\/pages"}],"about":[{"href":"https:\/\/www.ufmg.br\/proplan\/wp-json\/wp\/v2\/types\/page"}],"author":[{"embeddable":true,"href":"https:\/\/www.ufmg.br\/proplan\/wp-json\/wp\/v2\/users\/1"}],"replies":[{"embeddable":true,"href":"https:\/\/www.ufmg.br\/proplan\/wp-json\/wp\/v2\/comments?post=456"}],"version-history":[{"count":23,"href":"https:\/\/www.ufmg.br\/proplan\/wp-json\/wp\/v2\/pages\/456\/revisions"}],"predecessor-version":[{"id":1554,"href":"https:\/\/www.ufmg.br\/proplan\/wp-json\/wp\/v2\/pages\/456\/revisions\/1554"}],"up":[{"embeddable":true,"href":"https:\/\/www.ufmg.br\/proplan\/wp-json\/wp\/v2\/pages\/400"}],"wp:attachment":[{"href":"https:\/\/www.ufmg.br\/proplan\/wp-json\/wp\/v2\/media?parent=456"}],"wp:term":[{"taxonomy":"post_tag","embeddable":true,"href":"https:\/\/www.ufmg.br\/proplan\/wp-json\/wp\/v2\/tags?post=456"}],"curies":[{"name":"wp","href":"https:\/\/api.w.org\/{rel}","templated":true}]}}