{"id":6051,"date":"2024-05-27T10:11:38","date_gmt":"2024-05-27T13:11:38","guid":{"rendered":"https:\/\/www.ufmg.br\/proplan\/?page_id=6051"},"modified":"2024-05-27T10:13:55","modified_gmt":"2024-05-27T13:13:55","slug":"criacao-alteracao-baixa-e-cancelamento-de-cnpj","status":"publish","type":"page","link":"https:\/\/www.ufmg.br\/proplan\/criacao-alteracao-baixa-e-cancelamento-de-cnpj\/","title":{"rendered":"Cria\u00e7\u00e3o, Altera\u00e7\u00e3o, Baixa e Cancelamento de\u00a0CNPJ"},"content":{"rendered":"<p>A cria\u00e7\u00e3o, altera\u00e7\u00e3o, baixa ou cancelamento de um CNPJ (Matriz ou Filial) inicia-se com um pedido formal (of\u00edcio) do Pr\u00f3-Reitor ou Diretor da unidade, explicitando e justificando sua demanda. O processo, aberto na classe Administra\u00e7\u00e3o: Habilita\u00e7\u00e3o jur\u00eddica e regulariza\u00e7\u00e3o fiscal, dever\u00e1 ser tramitado para a Diretoria do Departamento de Contabilidade e Finan\u00e7as.<br \/>\nPosteriormente, ser\u00e1 solicitado ao Gabinete do(a) Reitor(a) a emiss\u00e3o de uma portaria contendo o ato (abertura, altera\u00e7\u00e3o, baixa ou cancelamento) que ser\u00e1 pleiteado junto \u00e0 Receita Federal. A portaria dever\u00e1 ser publicada no Di\u00e1rio Oficial.<\/p>\n<p>Nos casos de pedido de altera\u00e7\u00e3o\/acr\u00e9scimo de CNAE\u2019s, o of\u00edcio dever\u00e1 conter: a justificativa para solicita\u00e7\u00e3o; a indica\u00e7\u00e3o dos c\u00f3digos da(s) atividade(s), conforme a tabela de Classifica\u00e7\u00e3o Nacional de Atividades Econ\u00f4micas \u2013 CNAE; a informa\u00e7\u00e3o de que a Congrega\u00e7\u00e3o da Escola aprovou a inclus\u00e3o da atividade.<\/p>\n","protected":false},"excerpt":{"rendered":"<p>A cria\u00e7\u00e3o, altera\u00e7\u00e3o, baixa ou cancelamento de um CNPJ (Matriz [&hellip;]<\/p>\n","protected":false},"author":9,"featured_media":0,"parent":0,"menu_order":0,"comment_status":"closed","ping_status":"closed","template":"","meta":{"footnotes":""},"tags":[],"class_list":["post-6051","page","type-page","status-publish","hentry"],"_links":{"self":[{"href":"https:\/\/www.ufmg.br\/proplan\/wp-json\/wp\/v2\/pages\/6051","targetHints":{"allow":["GET"]}}],"collection":[{"href":"https:\/\/www.ufmg.br\/proplan\/wp-json\/wp\/v2\/pages"}],"about":[{"href":"https:\/\/www.ufmg.br\/proplan\/wp-json\/wp\/v2\/types\/page"}],"author":[{"embeddable":true,"href":"https:\/\/www.ufmg.br\/proplan\/wp-json\/wp\/v2\/users\/9"}],"replies":[{"embeddable":true,"href":"https:\/\/www.ufmg.br\/proplan\/wp-json\/wp\/v2\/comments?post=6051"}],"version-history":[{"count":2,"href":"https:\/\/www.ufmg.br\/proplan\/wp-json\/wp\/v2\/pages\/6051\/revisions"}],"predecessor-version":[{"id":6054,"href":"https:\/\/www.ufmg.br\/proplan\/wp-json\/wp\/v2\/pages\/6051\/revisions\/6054"}],"wp:attachment":[{"href":"https:\/\/www.ufmg.br\/proplan\/wp-json\/wp\/v2\/media?parent=6051"}],"wp:term":[{"taxonomy":"post_tag","embeddable":true,"href":"https:\/\/www.ufmg.br\/proplan\/wp-json\/wp\/v2\/tags?post=6051"}],"curies":[{"name":"wp","href":"https:\/\/api.w.org\/{rel}","templated":true}]}}