{"id":609,"date":"2021-11-16T10:39:02","date_gmt":"2021-11-16T13:39:02","guid":{"rendered":"https:\/\/www.ufmg.br\/proplan\/?page_id=609"},"modified":"2026-04-08T14:05:40","modified_gmt":"2026-04-08T17:05:40","slug":"certidoes","status":"publish","type":"page","link":"https:\/\/www.ufmg.br\/proplan\/certidoes-e-outros-documentos\/certidoes\/","title":{"rendered":"Certid\u00f5es"},"content":{"rendered":"<p style=\"text-align: justify;\">A Certid\u00e3o Negativa de D\u00e9bitos (CND) \u00e9 um documento que atesta a aus\u00eancia de pend\u00eancias (financeiras ou processuais), \u00a0em nome de uma pessoa f\u00edsica ou jur\u00eddica, com as esferas \u00a0federal, estadual e municipal.<\/p>\n<p style=\"text-align: justify;\">\u00c9 compet\u00eancia da Secretaria Administrativa do DCF emiss\u00e3o das certid\u00f5es referentes ao CNPJ Matriz da Universidade (17.217.985\/0001-04). Ao solicitar uma certid\u00e3o, caso seja detectada alguma pend\u00eancia que n\u00e3o permita a sua emiss\u00e3o ou a torne positivada, o DCF notifica o setor respons\u00e1vel, solicitando provid\u00eancias para regulariza\u00e7\u00e3o.<\/p>\n<p style=\"text-align: justify;\">De posse das certid\u00f5es atualizadas o DCF realiza a atualiza\u00e7\u00e3o cadastral da UFMG junto ao Cadastro Geral de Convenentes (CAGEC), Sistema \u00danico de Cadastro de Fornecedores (SUCAF), Cadastro Geral de Fornecedores (CAGEF), Sistema Integrado ao Cadastramento de Fornecedor (SICAF), Funda\u00e7\u00e3o de Amparo \u00e0 Pesquisa do Estado de Minas Gerais (FAPEMIG) e outros.<\/p>\n<p style=\"text-align: justify;\">Tais cadastros quando n\u00e3o atualizados torna a UFMG impedida de firmar contratos e celebrar conv\u00eanios.<\/p>\n<p style=\"text-align: justify;\">Veja abaixo as certid\u00f5es emitidas pelo DCF:<\/p>\n<ul style=\"text-align: justify;\">\n<li><strong>Certid\u00e3o Negativa de D\u00e9bitos (CND) Municipal\/ Certid\u00e3o de Quita\u00e7\u00e3o Plena Pessoa Jur\u00eddica<\/strong><\/li>\n<\/ul>\n<p style=\"text-align: justify;\">\u00c9 o documento que comprova a regularidade da pessoa f\u00edsica ou jur\u00eddica para com o munic\u00edpio. A CND tem validade de 30 (trinta) dias, a partir da sua expedi\u00e7\u00e3o pela Prefeitura.<\/p>\n<p style=\"text-align: justify;\">Para emitir uma nova certid\u00e3o\u00a0<a href=\"http:\/\/cndonline.siatu.pbh.gov.br\/CNDOnline\/?null\" target=\"_blank\" rel=\"noopener\">Clique Aqui<\/a><\/p>\n<p style=\"text-align: justify;\">Download da \u00faltima certid\u00e3o emitida pelo DCF: <a href=\"https:\/\/www.ufmg.br\/proplan\/wp-content\/uploads\/2026\/04\/CND-Municipal-Validade-06-05-2026.pdf\">CND Municipal &#8211; Validade 06-05-2026<\/a><\/p>\n<ul style=\"text-align: justify;\">\n<li><strong>Certid\u00e3o de D\u00e9bitos Tribut\u00e1rios (CDT) Estadual<\/strong><\/li>\n<\/ul>\n<p style=\"text-align: justify;\">\u00c9 o documento que comprova a exist\u00eancia ou n\u00e3o de d\u00e9bitos relativos a tributos estaduais em Minas Gerais da pessoa f\u00edsica ou jur\u00eddica.\u00a0A CDTT \u00e9 v\u00e1lida por 90 dias, contado da data de sua emiss\u00e3o.<\/p>\n<p style=\"text-align: justify;\">Para emitir uma nova certid\u00e3o\u00a0<a href=\"https:\/\/www2.fazenda.mg.gov.br\/sol\/ctrl\/SOL\/CDT\/SERVICO_829?ACAO=INICIAR\" target=\"_blank\" rel=\"noopener\">Clique Aqui<\/a><\/p>\n<p style=\"text-align: justify;\">Download da \u00faltima certid\u00e3o emitida pelo DCF: <a href=\"https:\/\/www.ufmg.br\/proplan\/wp-content\/uploads\/2026\/02\/CDT-ESTADUAL-Validade-03-05-2026.pdf\">CDT ESTADUAL &#8211; Validade 03-05-2026<\/a><\/p>\n<ul style=\"text-align: justify;\">\n<li><strong>Certid\u00e3o Negativa de D\u00e9bitos Trabalhistas (CNDT)<\/strong><\/li>\n<\/ul>\n<p style=\"text-align: justify;\">\u00c9 o documento que comprova a inexist\u00eancia ou n\u00e3o de d\u00e9bitos inadimplidos perante a Justi\u00e7a do Trabalho. O prazo de validade da CNDT \u00e9 de 180 (cento e oitenta) dias, contado da data de sua emiss\u00e3o.<\/p>\n<p style=\"text-align: justify;\">Para emitir uma nova certid\u00e3o\u00a0<a href=\"http:\/\/www.tst.jus.br\/certidao\" target=\"_blank\" rel=\"noopener\">Clique Aqui<\/a><\/p>\n<p style=\"text-align: justify;\">Download da \u00faltima certid\u00e3o emitida pelo DCF: <a href=\"https:\/\/www.ufmg.br\/proplan\/wp-content\/uploads\/2026\/02\/CND-TRABALHISTA-Validade-14-07-2026.pdf\">CND-TRABALHISTA &#8211; Validade 14-07-2026<\/a><\/p>\n<ul style=\"text-align: justify;\">\n<li><strong>Certid\u00e3o Negativa de D\u00e9bitos Relativos aos Tributos Federais e \u00e0 D\u00edvida Ativa da Uni\u00e3o<\/strong><\/li>\n<\/ul>\n<p style=\"text-align: justify;\">A prova de regularidade fiscal perante a Fazenda Nacional para quaisquer fins \u00e9 efetuada mediante apresenta\u00e7\u00e3o desta certid\u00e3o, expedida conjuntamente pela Secretaria Especial da Receita Federal do Brasil (RFB) e pela Procuradoria-Geral da Fazenda Nacional (PGFN), que refere-se a todos os cr\u00e9ditos tribut\u00e1rios federais e \u00e0 D\u00edvida Ativa da Uni\u00e3o por elas administrados. O prazo de validade da \u00e9 de 180 (cento e oitenta) dias, a partir da data de emiss\u00e3o.<\/p>\n<p style=\"text-align: justify;\">Para a pessoa jur\u00eddica, a certid\u00e3o \u00e9 emitida no CNPJ do estabelecimento matriz, tendo validade para todos os demais estabelecimentos.<\/p>\n<p style=\"text-align: justify;\">Para emitir uma nova certid\u00e3o\u00a0<a href=\"http:\/\/servicos.receita.fazenda.gov.br\/Servicos\/certidao\/CndConjuntaInter\/InformaNICertidao.asp?Tipo=1\" target=\"_blank\" rel=\"noopener\">Clique Aqui<\/a><\/p>\n<p style=\"text-align: justify;\">Download da \u00faltima certid\u00e3o emitida pelo DCF: <a href=\"https:\/\/www.ufmg.br\/proplan\/wp-content\/uploads\/2026\/04\/CND-Federal-INSS-Validade-19-09-2026.pdf\">CND-Federal-INSS-Validade-19-09-2026<\/a><\/p>\n<ul style=\"text-align: justify;\">\n<li><strong>Certificado de Regularidade do FGTS \u2013 CRF<\/strong><\/li>\n<\/ul>\n<p style=\"text-align: justify;\">\u00c9 o documento que comprova se a empresa\/\u00f3rg\u00e3o encontra-se em situa\u00e7\u00e3o regular perante o Fundo de Garantia do Tempo de Servi\u00e7o \u2013 FGTS.\u00a0O CRF tem validade de 30 (trinta) dias, a partir da sua emiss\u00e3o.<\/p>\n<p style=\"text-align: justify;\">Para emitir uma nova certid\u00e3o\u00a0<a href=\"https:\/\/consulta-crf.caixa.gov.br\/consultacrf\/pages\/consultaEmpregador.jsf\" target=\"_blank\" rel=\"noopener\">Clique Aqui<\/a><\/p>\n<p style=\"text-align: justify;\">Download da \u00faltima certid\u00e3o emitida pelo DCF: <a href=\"https:\/\/www.ufmg.br\/proplan\/wp-content\/uploads\/2026\/04\/CRF-FGTS-Validade-29-04-2026.pdf\">CRF-FGTS &#8211; Validade 29-04-2026<\/a><\/p>\n<ul style=\"text-align: justify;\">\n<li><strong>Certid\u00e3o C\u00edvel de Fal\u00eancia e Concordata Negativa<\/strong><\/li>\n<\/ul>\n<p style=\"text-align: justify;\">\u00c9 o documento fornecido pelo Tribunal de Justi\u00e7a onde consta a exist\u00eancia ou a inexist\u00eancia de a\u00e7\u00f5es\u00a0c\u00edveis de pedidos de\u00a0fal\u00eancia\u00a0\/\u00a0concordata\u00a0em uma determinada Comarca.<\/p>\n<p style=\"text-align: justify;\">Para emitir uma nova certid\u00e3o\u00a0<a href=\"http:\/\/rupe.tjmg.jus.br\/rupe\/justica\/publico\/certidoes\/criarSolicitacaoCertidao.rupe?solicitacaoPublica=true\" target=\"_blank\" rel=\"noopener\">Clique Aqui<\/a><\/p>\n<p style=\"text-align: justify;\">A certid\u00e3o n\u00e3o possui per\u00edodo de validade e deve ser emitida toda vez que necess\u00e1rio.<\/p>\n<ul style=\"text-align: justify;\">\n<li><strong>Certificado de Registro Cadastral (CRC\/CAGEF-MG)<\/strong><\/li>\n<\/ul>\n<p style=\"text-align: justify;\">A inscri\u00e7\u00e3o no CAGEF (Cadastro Geral de Fornecedores de Minas Gerais) \u00e9 obrigat\u00f3ria para firmar parcerias e conv\u00eanios com a administra\u00e7\u00e3o p\u00fablica estadual de Minas Gerais.<\/p>\n<p style=\"text-align: justify;\">Ao ser inscrito no CAGEF-MG a institui\u00e7\u00e3o poder\u00e1 emitir o Certificado de Registro Cadastral (CRC), que possibilita que os documentos de habilita\u00e7\u00e3o sejam substitu\u00eddos por este \u00fanico documento.<\/p>\n<p style=\"text-align: justify;\">Para emitir um novo certificado\u00a0<a href=\"https:\/\/www.cagec.mg.gov.br\/convenente-web\/publico\/index.zul\" target=\"_blank\" rel=\"noopener\">Clique Aqui<\/a>\u00a0&gt; Certificado\/Autentica\u00e7\u00e3o &gt; Consulta Certificado.<\/p>\n<p style=\"text-align: justify;\">Download do \u00faltimo certificado emitido pelo DCF: <a href=\"https:\/\/www.ufmg.br\/proplan\/wp-content\/uploads\/2026\/04\/CERTIFICADO-CAGEF-emitido-em-01-04-2026.pdf\">CERTIFICADO CAGEF &#8211; emitido em 01-04-2026<\/a><\/p>\n<p style=\"text-align: justify;\"><strong>Cadastro Geral de Convenentes do Estado de Minas Gerais \u2013\u00a0CAGEC<\/strong><\/p>\n<p>O\u00a0CAGEC, institu\u00eddo pelo Governo do estado de Minas Gerais, tem como finalidade dar transpar\u00eancia \u00e0 situa\u00e7\u00e3o formal e legal de institui\u00e7\u00f5es interessadas em formalizar conv\u00eanios, acordos, ajustes e outros instrumentos cong\u00eaneres envolvendo a transfer\u00eancia de recursos financeiros do Estado de Minas Gerais.<\/p>\n<p>Download do \u00faltimo certificado emitido pelo DCF: <a href=\"https:\/\/www.ufmg.br\/proplan\/wp-content\/uploads\/2026\/04\/CAGEC-CRC-emitido-em-07-04-2026.pdf\">CAGEC &#8211; CRC emitido em 07-04-2026<\/a><\/p>\n<ul>\n<li><strong>SUCAF \u2013 cadastro de Fornecedores da Prefeitura de Belo Horizonte<\/strong><\/li>\n<\/ul>\n<p>O SUCAF possibilita o registro de pessoas jur\u00eddicas interessadas em fornecer servi\u00e7os e produtos para a Prefeitura de Belo Horizonte (PBH). O cadastramento \u00e9 condi\u00e7\u00e3o obrigat\u00f3ria para os interessados em manter contratos de fornecimento com a administra\u00e7\u00e3o municipal.<\/p>\n<p>A inscri\u00e7\u00e3o e manuten\u00e7\u00e3o do cadastro no SUCAF possibilita que os documentos de habilita\u00e7\u00e3o nas licita\u00e7\u00f5es com a PBH sejam substitu\u00eddos por este \u00fanico documento.<\/p>\n<p>Download do \u00faltimo certificado emitido pelo DCF: <a href=\"https:\/\/www.ufmg.br\/proplan\/wp-content\/uploads\/2026\/03\/SUCAF-Relatorio-emitido-em-24-03-2026.pdf\">SUCAF &#8211; Relat\u00f3rio emitido em 24-03-2026<\/a><\/p>\n<p>Atualizado em 23\/12\/2022<\/p>\n","protected":false},"excerpt":{"rendered":"<p>A Certid\u00e3o Negativa de D\u00e9bitos (CND) \u00e9 um documento que [&hellip;]<\/p>\n","protected":false},"author":1,"featured_media":0,"parent":439,"menu_order":0,"comment_status":"closed","ping_status":"closed","template":"","meta":{"footnotes":""},"tags":[],"class_list":["post-609","page","type-page","status-publish","hentry"],"_links":{"self":[{"href":"https:\/\/www.ufmg.br\/proplan\/wp-json\/wp\/v2\/pages\/609","targetHints":{"allow":["GET"]}}],"collection":[{"href":"https:\/\/www.ufmg.br\/proplan\/wp-json\/wp\/v2\/pages"}],"about":[{"href":"https:\/\/www.ufmg.br\/proplan\/wp-json\/wp\/v2\/types\/page"}],"author":[{"embeddable":true,"href":"https:\/\/www.ufmg.br\/proplan\/wp-json\/wp\/v2\/users\/1"}],"replies":[{"embeddable":true,"href":"https:\/\/www.ufmg.br\/proplan\/wp-json\/wp\/v2\/comments?post=609"}],"version-history":[{"count":177,"href":"https:\/\/www.ufmg.br\/proplan\/wp-json\/wp\/v2\/pages\/609\/revisions"}],"predecessor-version":[{"id":13234,"href":"https:\/\/www.ufmg.br\/proplan\/wp-json\/wp\/v2\/pages\/609\/revisions\/13234"}],"up":[{"embeddable":true,"href":"https:\/\/www.ufmg.br\/proplan\/wp-json\/wp\/v2\/pages\/439"}],"wp:attachment":[{"href":"https:\/\/www.ufmg.br\/proplan\/wp-json\/wp\/v2\/media?parent=609"}],"wp:term":[{"taxonomy":"post_tag","embeddable":true,"href":"https:\/\/www.ufmg.br\/proplan\/wp-json\/wp\/v2\/tags?post=609"}],"curies":[{"name":"wp","href":"https:\/\/api.w.org\/{rel}","templated":true}]}}