{"id":707,"date":"2021-12-14T14:29:35","date_gmt":"2021-12-14T17:29:35","guid":{"rendered":"https:\/\/www.ufmg.br\/proplan\/?page_id=707"},"modified":"2025-06-23T14:59:07","modified_gmt":"2025-06-23T17:59:07","slug":"manuais-e-orientacoes-suprimentos-de-fundos","status":"publish","type":"page","link":"https:\/\/www.ufmg.br\/proplan\/execucao-da-despesa-publica\/suprimento-de-fundos\/manuais-e-orientacoes-suprimentos-de-fundos\/","title":{"rendered":"Manuais e Orienta\u00e7\u00f5es (Suprimentos de Fundos)"},"content":{"rendered":"<ul>\n<li><a href=\"https:\/\/www.ufmg.br\/proplan\/wp-content\/uploads\/2023\/04\/SSF-Suprimento-de-Fundos-1-Parte-Teorica.pdf\"><strong>MANUAL SUPRIMENTO DE FUNDOS \u2013 PARTE TE\u00d3RICA \u2013 SPO<\/strong><\/a><\/li>\n<li><a href=\"https:\/\/www.ufmg.br\/proplan\/wp-content\/uploads\/2023\/04\/SSF-Suprimento-de-Fundos-2-Parte-Pratica.pdf\"><strong>MANUAL SUPRIMENTO DE FUNDOS \u2013 PARTE PR\u00c1TICA \u2013 SPO<\/strong><\/a><\/li>\n<li><a href=\"https:\/\/sisweb.tesouro.gov.br\/apex\/cosis\/manuais\/siafi\/021121\"><strong>MACROFUN\u00c7\u00c3O SIAFI 021121 \u2013 SUPRIMENTO DE FUNDOS<\/strong><\/a><\/li>\n<li><strong><a href=\"https:\/\/www.ufmg.br\/proplan\/wp-content\/uploads\/2023\/04\/Pilulas-do-Conhecimento-Suprimento-de-Fundos-Orientacoes-Gerais-e-Regularizacao-de-Inconsistencias.pdf\" target=\"_blank\" rel=\"noopener\">Suprimento de Fundos &#8211; Orienta\u00e7\u00f5es Gerais e Regulariza\u00e7\u00e3o de Inconsist\u00eancias &#8211; SPO \/ P\u00edlulas do Conhecimento<\/a><\/strong><\/li>\n<li><strong><a href=\"https:\/\/www.ufmg.br\/proplan\/wp-content\/uploads\/2025\/04\/Procedimentos-para-Solicitacao-do-Cartao-de-Pagamento-do-Governo-Federal.pdf\">PROCEDIMENTOS PARA SOLICITA\u00c7\u00c3O DO CART\u00c3O DE PAGAMENTO DO GOVERNO FEDERAL<\/a><\/strong><\/li>\n<li><strong><a href=\"https:\/\/www.ufmg.br\/proplan\/wp-content\/uploads\/Ades%C3%A3o-ao-Cart%C3%A3o-de-Pagamento-do-Governo-Federal-1.pdf\">ADES\u00c3O AO CART\u00c3O DE PAGAMENTO DO GOVERNO FEDERAL<\/a><\/strong><\/li>\n<li><a href=\"https:\/\/www.ufmg.br\/proplan\/wp-content\/uploads\/2025\/04\/Guia-de-Boas-Praticas-em-Suprimento-de-Fundos-CGU-2024.pdf\"><strong>Guia de Boas Pr\u00e1ticas em Suprimento de Fundos &#8211; CGU<\/strong><\/a><\/li>\n<li><strong>ESAF: <a href=\"https:\/\/www.ufmg.br\/proplan\/wp-content\/uploads\/Oficina-35-Cartao-de-Pagamento_Sistema.pdf\" target=\"_blank\" rel=\"noopener noreferrer\">Oficina 35 \u2013 Cartao de Pagamento_Sistema<\/a><\/strong><\/li>\n<li><strong>ESAF: <a href=\"https:\/\/www.ufmg.br\/proplan\/wp-content\/uploads\/Oficina-75-Suprimento-de-Fundos-Legislacao-.pdf\" target=\"_blank\" rel=\"noopener noreferrer\">Oficina 75 \u2013 Suprimento de Fundos \u2013 Legislacao<\/a><\/strong><\/li>\n<li><strong>ESAF: <a href=\"https:\/\/www.ufmg.br\/proplan\/wp-content\/uploads\/Oficina-76-%E2%80%93-Suprimento-de-Fundos-%E2%80%93-CPGF-%E2%80%93-Auto-Atendimento-Setor-Publico.pdf\">Oficina 76 \u2013 Suprimento de Fundos \u2013 CPGF \u2013 Auto Atendimento Setor Publico<\/a><\/strong><\/li>\n<\/ul>\n<p>&nbsp;<\/p>\n<p>&nbsp;<\/p>\n<p>Atualizado em Abril\/2025<\/p>\n","protected":false},"excerpt":{"rendered":"<p>MANUAL SUPRIMENTO DE FUNDOS \u2013 PARTE TE\u00d3RICA \u2013 SPO MANUAL [&hellip;]<\/p>\n","protected":false},"author":1,"featured_media":0,"parent":415,"menu_order":0,"comment_status":"closed","ping_status":"closed","template":"","meta":{"footnotes":""},"tags":[],"class_list":["post-707","page","type-page","status-publish","hentry"],"_links":{"self":[{"href":"https:\/\/www.ufmg.br\/proplan\/wp-json\/wp\/v2\/pages\/707","targetHints":{"allow":["GET"]}}],"collection":[{"href":"https:\/\/www.ufmg.br\/proplan\/wp-json\/wp\/v2\/pages"}],"about":[{"href":"https:\/\/www.ufmg.br\/proplan\/wp-json\/wp\/v2\/types\/page"}],"author":[{"embeddable":true,"href":"https:\/\/www.ufmg.br\/proplan\/wp-json\/wp\/v2\/users\/1"}],"replies":[{"embeddable":true,"href":"https:\/\/www.ufmg.br\/proplan\/wp-json\/wp\/v2\/comments?post=707"}],"version-history":[{"count":14,"href":"https:\/\/www.ufmg.br\/proplan\/wp-json\/wp\/v2\/pages\/707\/revisions"}],"predecessor-version":[{"id":9851,"href":"https:\/\/www.ufmg.br\/proplan\/wp-json\/wp\/v2\/pages\/707\/revisions\/9851"}],"up":[{"embeddable":true,"href":"https:\/\/www.ufmg.br\/proplan\/wp-json\/wp\/v2\/pages\/415"}],"wp:attachment":[{"href":"https:\/\/www.ufmg.br\/proplan\/wp-json\/wp\/v2\/media?parent=707"}],"wp:term":[{"taxonomy":"post_tag","embeddable":true,"href":"https:\/\/www.ufmg.br\/proplan\/wp-json\/wp\/v2\/tags?post=707"}],"curies":[{"name":"wp","href":"https:\/\/api.w.org\/{rel}","templated":true}]}}