{"id":750,"date":"2021-12-14T16:00:59","date_gmt":"2021-12-14T19:00:59","guid":{"rendered":"https:\/\/www.ufmg.br\/proplan\/?page_id=750"},"modified":"2026-03-30T14:41:00","modified_gmt":"2026-03-30T17:41:00","slug":"encerramento-de-exercicio","status":"publish","type":"page","link":"https:\/\/www.ufmg.br\/proplan\/conformidade-no-siafi\/encerramento-de-exercicio\/","title":{"rendered":"Encerramento do Exerc\u00edcio 2025"},"content":{"rendered":"<h4 style=\"text-align: justify;\"><strong>ENCERRAMENTO DO EXERC\u00cdCIO 2025\u00a0 \u2013 PROCEDIMENTOS<\/strong><\/h4>\n<p data-path-to-node=\"3,2\">Os normativos, orienta\u00e7\u00f5es e demais conte\u00fados necess\u00e1rios para o encerramento do exerc\u00edcio financeiro vigente no \u00e2mbito da Universidade Federal de Minas Gerais (UFMG) est\u00e3o disponibilizados nos links abaixo. \u00c9 fundamental que todo o conte\u00fado seja rigorosamente observado.<\/p>\n<ul>\n<li style=\"text-align: justify;\"><a href=\"https:\/\/www.in.gov.br\/web\/dou\/-\/portaria-n-2-de-6-de-novembro-de-2025-667414508\"><strong>Portaria n\u00ba 2 MEC\/SE\/SPO de 06 de novembro de 2025<\/strong><\/a> \u2013 Divulga o calend\u00e1rio e os procedimentos de encerramento do exerc\u00edcio financeiro de 2025 e abertura do exerc\u00edcio de 2026 a serem observados no \u00e2mbito do Minist\u00e9rio da Educa\u00e7\u00e3o, em conformidade com a Macrofun\u00e7\u00e3o 02.03.18 &#8211; Encerramento do Exerc\u00edcio &#8211; do Manual do Sistema Integrado de Administra\u00e7\u00e3o Financeira do Governo Federal &#8211; Siafi divulgada pela Secretaria do Tesouro Nacional.<\/li>\n<li style=\"text-align: justify;\"><a href=\"https:\/\/ramec.mec.gov.br\/spo\/orientacoes-tecnicas-da-setorial-contabil\/encerramento-do-exercicio-2025\/7908-2025-calendario-encerramento-2025-e-abertura-2026\"><strong>Encerramento do Exerc\u00edcio de 2025 e Abertura do Exerc\u00edcio de 2026 <\/strong><\/a>&#8211; Calend\u00e1rio e Processos de Encerramento e Abertura do Exerc\u00edcio apresentados na 2\u00aa Edi\u00e7\u00e3o do Encontro com as Setoriais de Contabilidade do Governo Federal de 2025 (ENCONT).<\/li>\n<li style=\"text-align: justify;\"><a href=\"https:\/\/sisweb.tesouro.gov.br\/apex\/cosis\/manuais\/siafi\/020317\" target=\"_blank\" rel=\"noopener\"><strong>Macrofun\u00e7\u00e3o 02.03.17 \u2013 Restos a Pagar<\/strong><\/a><\/li>\n<li style=\"text-align: justify;\"><a href=\"https:\/\/sisweb.tesouro.gov.br\/apex\/cosis\/manuais\/siafi\/encerramento_do_exercicio\" target=\"_blank\" rel=\"noopener\"><strong>Macrofun\u00e7\u00e3o 02.03.18 \u2013 Encerramento do Exerc\u00edcio<\/strong><\/a><\/li>\n<li><a href=\"https:\/\/www.ufmg.br\/proplan\/wp-content\/uploads\/2025\/12\/SEI_4740164_Oficio_Circular_8.pdf\" target=\"_blank\" rel=\"noopener\"><strong>Of. Circular N\u00ba 8\/2025\/DCF\/UFMG<\/strong><\/a> &#8211; Encerramento do Exerc\u00edcio 2024 &#8211; Parte II<\/li>\n<li><strong>Of. Circular N\u00ba X\/2024\/DCF\/UFMG<\/strong> &#8211; Encerramento do Exerc\u00edcio 2024 &#8211; Parte III &#8211; Em Breve<\/li>\n<li style=\"text-align: justify;\"><a href=\"https:\/\/www.ufmg.br\/proplan\/wp-content\/uploads\/2025\/11\/Instrucoes-para-Encerramento-do-Exercicio_2025.pdf\" target=\"_blank\" rel=\"noopener\"><strong>Instru\u00e7\u00f5es para encerramento do Exerc\u00edcio 2025<\/strong><\/a> \u2013 Instru\u00e7\u00f5es complementares aos Of\u00edcios Circulares DCF\/PROPLAN n\u00ba 08\/2023 que disp\u00f5e sobre o encerramento do exerc\u00edco fiinanceiro de 2025 no \u00e2mbito da UFMG.<\/li>\n<li style=\"text-align: justify;\"><strong><a href=\"https:\/\/www.ufmg.br\/proplan\/wp-content\/uploads\/2023\/12\/2023-Restos-a-Pagar-Bloqueio-cancelamento-e-inscricao-2.pdf\" target=\"_blank\" rel=\"noopener\">Inscri\u00e7\u00e3o de Restos a Pagar no SIAFI WEB<\/a>\u00a0<\/strong> \u2013 Orienta\u00e7\u00f5es para a nova rotina de Inscri\u00e7\u00e3o de Restos a Pagar no SIAFI Web. (Fonte: II ENCONT 2023)<\/li>\n<li style=\"text-align: justify;\"><a href=\"https:\/\/www.ufmg.br\/proplan\/wp-content\/uploads\/PASSOS-SUPRIMENTO-DE-FUNDOS-CARTAO-VERSAO-AGOSTO-2020.pdf\" target=\"_blank\" rel=\"noopener\"><strong>Passo a passo para contabiliza\u00e7\u00e3o de Suprimento de Fundos<\/strong><\/a><\/li>\n<li style=\"text-align: justify;\"><a href=\"https:\/\/www.ufmg.br\/proplan\/wp-content\/uploads\/2024\/12\/Declaracao-Anual-Sem-Restricao.docx\"><strong>Modelo de Declara\u00e7\u00e3o Anual de Contador Plena (Sem Restri\u00e7\u00e3o)<\/strong><\/a><\/li>\n<li style=\"text-align: justify;\"><a href=\"https:\/\/www.ufmg.br\/proplan\/wp-content\/uploads\/2024\/12\/Declaracao-Anual-Com-Restricao.docx\"><strong>Modelo de Declara\u00e7\u00e3o Anual de Contador (Com Restri\u00e7\u00e3o)<\/strong><\/a><\/li>\n<li><strong><a href=\"https:\/\/www.ufmg.br\/proplan\/wp-content\/uploads\/2026\/03\/Termo_Baixa_Softwares_2026.docx\">Termo de Baixa de Sofwares &#8211; Modelo DCF (2026)<\/a><\/strong><\/li>\n<\/ul>\n","protected":false},"excerpt":{"rendered":"<p>ENCERRAMENTO DO EXERC\u00cdCIO 2025\u00a0 \u2013 PROCEDIMENTOS Os normativos, orienta\u00e7\u00f5es e [&hellip;]<\/p>\n","protected":false},"author":1,"featured_media":0,"parent":417,"menu_order":0,"comment_status":"closed","ping_status":"closed","template":"","meta":{"footnotes":""},"tags":[],"class_list":["post-750","page","type-page","status-publish","hentry"],"_links":{"self":[{"href":"https:\/\/www.ufmg.br\/proplan\/wp-json\/wp\/v2\/pages\/750","targetHints":{"allow":["GET"]}}],"collection":[{"href":"https:\/\/www.ufmg.br\/proplan\/wp-json\/wp\/v2\/pages"}],"about":[{"href":"https:\/\/www.ufmg.br\/proplan\/wp-json\/wp\/v2\/types\/page"}],"author":[{"embeddable":true,"href":"https:\/\/www.ufmg.br\/proplan\/wp-json\/wp\/v2\/users\/1"}],"replies":[{"embeddable":true,"href":"https:\/\/www.ufmg.br\/proplan\/wp-json\/wp\/v2\/comments?post=750"}],"version-history":[{"count":76,"href":"https:\/\/www.ufmg.br\/proplan\/wp-json\/wp\/v2\/pages\/750\/revisions"}],"predecessor-version":[{"id":13213,"href":"https:\/\/www.ufmg.br\/proplan\/wp-json\/wp\/v2\/pages\/750\/revisions\/13213"}],"up":[{"embeddable":true,"href":"https:\/\/www.ufmg.br\/proplan\/wp-json\/wp\/v2\/pages\/417"}],"wp:attachment":[{"href":"https:\/\/www.ufmg.br\/proplan\/wp-json\/wp\/v2\/media?parent=750"}],"wp:term":[{"taxonomy":"post_tag","embeddable":true,"href":"https:\/\/www.ufmg.br\/proplan\/wp-json\/wp\/v2\/tags?post=750"}],"curies":[{"name":"wp","href":"https:\/\/api.w.org\/{rel}","templated":true}]}}