{"id":843,"date":"2022-01-27T15:13:26","date_gmt":"2022-01-27T18:13:26","guid":{"rendered":"https:\/\/www.ufmg.br\/proplan\/?page_id=843"},"modified":"2022-05-03T16:07:02","modified_gmt":"2022-05-03T19:07:02","slug":"execucao-orcamentaria-2018","status":"publish","type":"page","link":"https:\/\/www.ufmg.br\/proplan\/execucao-orcamentaria-2018\/","title":{"rendered":"Execu\u00e7\u00e3o Or\u00e7ament\u00e1ria 2018"},"content":{"rendered":"<p><a href=\"https:\/\/www.ufmg.br\/proplan\/wp-content\/uploads\/EXECUCAO-2018-.xls\">EXECU\u00c7\u00c3O 2018 (Modalidade de Aplica\u00e7\u00e3o)<\/a><\/p>\n<p>&nbsp;<\/p>\n<p><a href=\"https:\/\/www.ufmg.br\/proplan\/wp-content\/uploads\/01_Bgu_Academicas_2018.pdf\">1 \u2013 Demonstrativo da Execu\u00e7\u00e3o Or\u00e7ament\u00e1ria por Unidade Acad\u00eamica \u2013 2018<\/a><\/p>\n<p><a href=\"https:\/\/www.ufmg.br\/proplan\/wp-content\/uploads\/02_Bgu_Administrativas_2018.pdf\">2 \u2013\u00a0Demonstrativo da Execu\u00e7\u00e3o Or\u00e7ament\u00e1ria por Unidade Administrativa \u2013 2018<\/a><\/p>\n<p><a href=\"https:\/\/www.ufmg.br\/proplan\/wp-content\/uploads\/03_Bgu_Academicas-Execucao-Orcamentaria-por-PI_2018.pdf\">3 \u2013 Demonstrativo da Execu\u00e7\u00e3o Or\u00e7ament\u00e1ria das Unidades Acad\u00eamicas por Plano Interno \u2013 2018<\/a><\/p>\n<p><a href=\"https:\/\/www.ufmg.br\/proplan\/wp-content\/uploads\/04_Bgu_Academicas-Execucao-Orcamentaria-Total_2018.pdf\">4 \u2013 Demonstrativo da Execu\u00e7\u00e3o Total das Unidades Acad\u00eamicas por Plano Interno -2018<\/a><\/p>\n<p><a href=\"https:\/\/www.ufmg.br\/proplan\/wp-content\/uploads\/05_Bgu_Academicas_Total_por_Unidade_2018.pdf\">5 \u2013 Demonstrativo da Execu\u00e7\u00e3o Total por Unidade -2018<\/a><\/p>\n<p><a href=\"https:\/\/www.ufmg.br\/proplan\/wp-content\/uploads\/06_Bgu_Administrativas_Total_por_Unidade_2018.pdf\">6 \u2013 Demonstrativo da Execu\u00e7\u00e3o Total por Unidade Administrativa \u2013 2018<\/a><\/p>\n<p><a href=\"https:\/\/www.ufmg.br\/proplan\/wp-content\/uploads\/07_Bgu_PNAES_2018.pdf\">7 \u2013 Demonstrativo da Execu\u00e7\u00e3o Or\u00e7ament\u00e1ria PNAES \u2013 2018<\/a><\/p>\n<p><a href=\"https:\/\/www.ufmg.br\/proplan\/wp-content\/uploads\/08_Bgu_Idiomas_Sem_Fronteiras_e_NAI_2018.pdf\">8 \u2013 Demonstrativo da Execu\u00e7\u00e3o Or\u00e7ament\u00e1ria PDU Internacionaliza\u00e7\u00e3o e Idiomas sem Fronteiras \u2013 2018<\/a><\/p>\n<p><a href=\"https:\/\/www.ufmg.br\/proplan\/wp-content\/uploads\/09_Bgu_Execucao_PAIE_2018.pdf\">9 \u2013 Demonstrativo da Execu\u00e7\u00e3o PAIE -2018<\/a><\/p>\n","protected":false},"excerpt":{"rendered":"<p>EXECU\u00c7\u00c3O 2018 (Modalidade de Aplica\u00e7\u00e3o) &nbsp; 1 \u2013 Demonstrativo da [&hellip;]<\/p>\n","protected":false},"author":1,"featured_media":0,"parent":0,"menu_order":0,"comment_status":"closed","ping_status":"closed","template":"","meta":{"footnotes":""},"tags":[],"class_list":["post-843","page","type-page","status-publish","hentry"],"_links":{"self":[{"href":"https:\/\/www.ufmg.br\/proplan\/wp-json\/wp\/v2\/pages\/843","targetHints":{"allow":["GET"]}}],"collection":[{"href":"https:\/\/www.ufmg.br\/proplan\/wp-json\/wp\/v2\/pages"}],"about":[{"href":"https:\/\/www.ufmg.br\/proplan\/wp-json\/wp\/v2\/types\/page"}],"author":[{"embeddable":true,"href":"https:\/\/www.ufmg.br\/proplan\/wp-json\/wp\/v2\/users\/1"}],"replies":[{"embeddable":true,"href":"https:\/\/www.ufmg.br\/proplan\/wp-json\/wp\/v2\/comments?post=843"}],"version-history":[{"count":2,"href":"https:\/\/www.ufmg.br\/proplan\/wp-json\/wp\/v2\/pages\/843\/revisions"}],"predecessor-version":[{"id":1491,"href":"https:\/\/www.ufmg.br\/proplan\/wp-json\/wp\/v2\/pages\/843\/revisions\/1491"}],"wp:attachment":[{"href":"https:\/\/www.ufmg.br\/proplan\/wp-json\/wp\/v2\/media?parent=843"}],"wp:term":[{"taxonomy":"post_tag","embeddable":true,"href":"https:\/\/www.ufmg.br\/proplan\/wp-json\/wp\/v2\/tags?post=843"}],"curies":[{"name":"wp","href":"https:\/\/api.w.org\/{rel}","templated":true}]}}

Execução Orçamentária 2018

<p><a href="https://www.ufmg.br/proplan/wp-content/uploads/EXECUCAO-2018-.xls">EXECUÇÃO 2018 (Modalidade de Aplicação)</a></p>
<p>&nbsp;</p>
<p><a href="https://www.ufmg.br/proplan/wp-content/uploads/01_Bgu_Academicas_2018.pdf">1 – Demonstrativo da Execução Orçamentária por Unidade Acadêmica – 2018</a></p>
<p><a href="https://www.ufmg.br/proplan/wp-content/uploads/02_Bgu_Administrativas_2018.pdf">2 – Demonstrativo da Execução Orçamentária por Unidade Administrativa – 2018</a></p>
<p><a href="https://www.ufmg.br/proplan/wp-content/uploads/03_Bgu_Academicas-Execucao-Orcamentaria-por-PI_2018.pdf">3 – Demonstrativo da Execução Orçamentária das Unidades Acadêmicas por Plano Interno – 2018</a></p>
<p><a href="https://www.ufmg.br/proplan/wp-content/uploads/04_Bgu_Academicas-Execucao-Orcamentaria-Total_2018.pdf">4 – Demonstrativo da Execução Total das Unidades Acadêmicas por Plano Interno -2018</a></p>
<p><a href="https://www.ufmg.br/proplan/wp-content/uploads/05_Bgu_Academicas_Total_por_Unidade_2018.pdf">5 – Demonstrativo da Execução Total por Unidade -2018</a></p>
<p><a href="https://www.ufmg.br/proplan/wp-content/uploads/06_Bgu_Administrativas_Total_por_Unidade_2018.pdf">6 – Demonstrativo da Execução Total por Unidade Administrativa – 2018</a></p>
<p><a href="https://www.ufmg.br/proplan/wp-content/uploads/07_Bgu_PNAES_2018.pdf">7 – Demonstrativo da Execução Orçamentária PNAES – 2018</a></p>
<p><a href="https://www.ufmg.br/proplan/wp-content/uploads/08_Bgu_Idiomas_Sem_Fronteiras_e_NAI_2018.pdf">8 – Demonstrativo da Execução Orçamentária PDU Internacionalização e Idiomas sem Fronteiras – 2018</a></p>
<p><a href="https://www.ufmg.br/proplan/wp-content/uploads/09_Bgu_Execucao_PAIE_2018.pdf">9 – Demonstrativo da Execução PAIE -2018</a></p>

<p>EXECUÇÃO 2018 (Modalidade de Aplicação) &nbsp; 1 – Demonstrativo da [&hellip;]</p>
