{"id":878,"date":"2022-01-27T15:53:14","date_gmt":"2022-01-27T18:53:14","guid":{"rendered":"https:\/\/www.ufmg.br\/proplan\/?page_id=878"},"modified":"2022-05-03T16:07:13","modified_gmt":"2022-05-03T19:07:13","slug":"execucao-orcamentaria-2015","status":"publish","type":"page","link":"https:\/\/www.ufmg.br\/proplan\/execucao-orcamentaria-2015\/","title":{"rendered":"Execu\u00e7\u00e3o Or\u00e7ament\u00e1ria 2015"},"content":{"rendered":"<p><a href=\"https:\/\/www.ufmg.br\/proplan\/wp-content\/uploads\/Demonstrativo-da-Execu%C3%A7%C3%A3o-Or%C3%A7ament%C3%A1ria-UFMG-2015.pdf\">Demonstrativo da Execu\u00e7\u00e3o Or\u00e7ament\u00e1ria UFMG 2015<\/a><\/p>\n<p><a href=\"https:\/\/www.ufmg.br\/proplan\/wp-content\/uploads\/1-Unidades-Acad%C3%AAmicas-por-Plano-Interno.pdf\">1 \u2013 Unidades Acad\u00eamicas por Plano Interno<\/a><\/p>\n<p><a href=\"https:\/\/www.ufmg.br\/proplan\/wp-content\/uploads\/2-Unidades-Administrativas-por-Plano-Interno.pdf\">2 \u2013 Unidades Administrativas por Plano Interno<\/a><\/p>\n<p><a href=\"https:\/\/www.ufmg.br\/proplan\/wp-content\/uploads\/3-Plano-Interno-por-Unidade-Acad%C3%AAmica.pdf\">3 \u2013 Plano Interno por Unidade Acad\u00eamica<\/a><\/p>\n<p><a href=\"https:\/\/www.ufmg.br\/proplan\/wp-content\/uploads\/4-Total-por-Plano-Interno-das-Unidades-Acad%C3%AAmicas.pdf\">4 \u2013 Total por Plano Interno das Unidades Acad\u00eamicas<\/a><\/p>\n<p><a href=\"https:\/\/www.ufmg.br\/proplan\/wp-content\/uploads\/5-Or%C3%A7amento-Total-das-Unidades-Acad%C3%AAmicas.pdf\">5 \u2013 Or\u00e7amento Total das Unidades Acad\u00eamicas<\/a><\/p>\n<p><a href=\"https:\/\/www.ufmg.br\/proplan\/wp-content\/uploads\/6-Or%C3%A7amento-Total-das-Unidades-Administrativas.pdf\">6 \u2013 Or\u00e7amento Total das Unidades Administrativas<\/a><\/p>\n<p><a href=\"https:\/\/www.ufmg.br\/proplan\/wp-content\/uploads\/7-Assist%C3%AAncia-Estudantil.pdf\">7 \u2013 Assist\u00eancia Estudantil<\/a><\/p>\n<p><a href=\"https:\/\/www.ufmg.br\/proplan\/wp-content\/uploads\/8-Apoio-a-Capacita%C3%A7%C3%A3o-e-Forma%C3%A7%C3%A3o-Inicial-e-Continuada-Educa%C3%A7%C3%A3o-B%C3%A1sica-SECADI-e-SEB.pdf\">8 \u2013 Apoio a Capacita\u00e7\u00e3o e Forma\u00e7\u00e3o Inicial e Continuada Educa\u00e7\u00e3o B\u00e1sica \u2013 SECADI e SEB<\/a><\/p>\n","protected":false},"excerpt":{"rendered":"<p>Demonstrativo da Execu\u00e7\u00e3o Or\u00e7ament\u00e1ria UFMG 2015 1 \u2013 Unidades Acad\u00eamicas [&hellip;]<\/p>\n","protected":false},"author":1,"featured_media":0,"parent":0,"menu_order":0,"comment_status":"closed","ping_status":"closed","template":"","meta":{"footnotes":""},"tags":[],"class_list":["post-878","page","type-page","status-publish","hentry"],"_links":{"self":[{"href":"https:\/\/www.ufmg.br\/proplan\/wp-json\/wp\/v2\/pages\/878","targetHints":{"allow":["GET"]}}],"collection":[{"href":"https:\/\/www.ufmg.br\/proplan\/wp-json\/wp\/v2\/pages"}],"about":[{"href":"https:\/\/www.ufmg.br\/proplan\/wp-json\/wp\/v2\/types\/page"}],"author":[{"embeddable":true,"href":"https:\/\/www.ufmg.br\/proplan\/wp-json\/wp\/v2\/users\/1"}],"replies":[{"embeddable":true,"href":"https:\/\/www.ufmg.br\/proplan\/wp-json\/wp\/v2\/comments?post=878"}],"version-history":[{"count":3,"href":"https:\/\/www.ufmg.br\/proplan\/wp-json\/wp\/v2\/pages\/878\/revisions"}],"predecessor-version":[{"id":1496,"href":"https:\/\/www.ufmg.br\/proplan\/wp-json\/wp\/v2\/pages\/878\/revisions\/1496"}],"wp:attachment":[{"href":"https:\/\/www.ufmg.br\/proplan\/wp-json\/wp\/v2\/media?parent=878"}],"wp:term":[{"taxonomy":"post_tag","embeddable":true,"href":"https:\/\/www.ufmg.br\/proplan\/wp-json\/wp\/v2\/tags?post=878"}],"curies":[{"name":"wp","href":"https:\/\/api.w.org\/{rel}","templated":true}]}}

Execução Orçamentária 2015

<p><a href="https://www.ufmg.br/proplan/wp-content/uploads/Demonstrativo-da-Execu%C3%A7%C3%A3o-Or%C3%A7ament%C3%A1ria-UFMG-2015.pdf">Demonstrativo da Execução Orçamentária UFMG 2015</a></p>
<p><a href="https://www.ufmg.br/proplan/wp-content/uploads/1-Unidades-Acad%C3%AAmicas-por-Plano-Interno.pdf">1 – Unidades Acadêmicas por Plano Interno</a></p>
<p><a href="https://www.ufmg.br/proplan/wp-content/uploads/2-Unidades-Administrativas-por-Plano-Interno.pdf">2 – Unidades Administrativas por Plano Interno</a></p>
<p><a href="https://www.ufmg.br/proplan/wp-content/uploads/3-Plano-Interno-por-Unidade-Acad%C3%AAmica.pdf">3 – Plano Interno por Unidade Acadêmica</a></p>
<p><a href="https://www.ufmg.br/proplan/wp-content/uploads/4-Total-por-Plano-Interno-das-Unidades-Acad%C3%AAmicas.pdf">4 – Total por Plano Interno das Unidades Acadêmicas</a></p>
<p><a href="https://www.ufmg.br/proplan/wp-content/uploads/5-Or%C3%A7amento-Total-das-Unidades-Acad%C3%AAmicas.pdf">5 – Orçamento Total das Unidades Acadêmicas</a></p>
<p><a href="https://www.ufmg.br/proplan/wp-content/uploads/6-Or%C3%A7amento-Total-das-Unidades-Administrativas.pdf">6 – Orçamento Total das Unidades Administrativas</a></p>
<p><a href="https://www.ufmg.br/proplan/wp-content/uploads/7-Assist%C3%AAncia-Estudantil.pdf">7 – Assistência Estudantil</a></p>
<p><a href="https://www.ufmg.br/proplan/wp-content/uploads/8-Apoio-a-Capacita%C3%A7%C3%A3o-e-Forma%C3%A7%C3%A3o-Inicial-e-Continuada-Educa%C3%A7%C3%A3o-B%C3%A1sica-SECADI-e-SEB.pdf">8 – Apoio a Capacitação e Formação Inicial e Continuada Educação Básica – SECADI e SEB</a></p>

<p>Demonstrativo da Execução Orçamentária UFMG 2015 1 – Unidades Acadêmicas [&hellip;]</p>
