{"id":884,"date":"2022-01-27T15:57:55","date_gmt":"2022-01-27T18:57:55","guid":{"rendered":"https:\/\/www.ufmg.br\/proplan\/?page_id=884"},"modified":"2022-05-03T15:52:40","modified_gmt":"2022-05-03T18:52:40","slug":"lei-e-proposta-orcamentaria-2014","status":"publish","type":"page","link":"https:\/\/www.ufmg.br\/proplan\/lei-e-proposta-orcamentaria-2014\/","title":{"rendered":"Lei e Proposta Or\u00e7ament\u00e1ria 2014"},"content":{"rendered":"<ul>\n<li><a href=\"https:\/\/www.ufmg.br\/proplan\/wp-content\/uploads\/Lei-Or%C3%A7ament%C3%A1ria-Anual-LOA-2014-Hospital-das-Cl%C3%ADnicas.pdf\">Lei Or\u00e7ament\u00e1ria Anual (LOA) 2014 Hospital das Cl\u00ednicas<\/a><\/li>\n<li><a href=\"https:\/\/www.ufmg.br\/proplan\/wp-content\/uploads\/Lei-Or%C3%A7ament%C3%A1ria-Anual-LOA-2014-UFMG.pdf\">Lei Or\u00e7ament\u00e1ria Anual (LOA) 2014 UFMG<\/a><\/li>\n<\/ul>\n","protected":false},"excerpt":{"rendered":"<p>Lei Or\u00e7ament\u00e1ria Anual (LOA) 2014 Hospital das Cl\u00ednicas Lei Or\u00e7ament\u00e1ria [&hellip;]<\/p>\n","protected":false},"author":1,"featured_media":0,"parent":0,"menu_order":0,"comment_status":"closed","ping_status":"closed","template":"","meta":{"footnotes":""},"tags":[],"class_list":["post-884","page","type-page","status-publish","hentry"],"_links":{"self":[{"href":"https:\/\/www.ufmg.br\/proplan\/wp-json\/wp\/v2\/pages\/884","targetHints":{"allow":["GET"]}}],"collection":[{"href":"https:\/\/www.ufmg.br\/proplan\/wp-json\/wp\/v2\/pages"}],"about":[{"href":"https:\/\/www.ufmg.br\/proplan\/wp-json\/wp\/v2\/types\/page"}],"author":[{"embeddable":true,"href":"https:\/\/www.ufmg.br\/proplan\/wp-json\/wp\/v2\/users\/1"}],"replies":[{"embeddable":true,"href":"https:\/\/www.ufmg.br\/proplan\/wp-json\/wp\/v2\/comments?post=884"}],"version-history":[{"count":1,"href":"https:\/\/www.ufmg.br\/proplan\/wp-json\/wp\/v2\/pages\/884\/revisions"}],"predecessor-version":[{"id":885,"href":"https:\/\/www.ufmg.br\/proplan\/wp-json\/wp\/v2\/pages\/884\/revisions\/885"}],"wp:attachment":[{"href":"https:\/\/www.ufmg.br\/proplan\/wp-json\/wp\/v2\/media?parent=884"}],"wp:term":[{"taxonomy":"post_tag","embeddable":true,"href":"https:\/\/www.ufmg.br\/proplan\/wp-json\/wp\/v2\/tags?post=884"}],"curies":[{"name":"wp","href":"https:\/\/api.w.org\/{rel}","templated":true}]}}