{"id":1241,"date":"2021-10-06T14:27:49","date_gmt":"2021-10-06T17:27:49","guid":{"rendered":"https:\/\/www.ufmg.br\/prorh\/?page_id=1241"},"modified":"2021-11-09T18:06:20","modified_gmt":"2021-11-09T21:06:20","slug":"gabinete-prorh","status":"publish","type":"page","link":"https:\/\/www.ufmg.br\/prorh\/a-prorh\/estrutura-2\/gabinete-prorh\/","title":{"rendered":"Gabinete PRORH"},"content":{"rendered":"<p><a href=\"https:\/\/www.ufmg.br\/prorh\/wp-content\/uploads\/2021\/11\/8870394685_b8c97de24a_o-1-scaled-e1636163830133.jpg\"><img loading=\"lazy\" class=\"alignnone wp-image-1957 size-full\" src=\"https:\/\/www.ufmg.br\/prorh\/wp-content\/uploads\/2021\/11\/8870394685_b8c97de24a_o-1-scaled-e1636491977962.jpg\" alt=\"\" width=\"780\" height=\"300\" \/><\/a><\/p>\n<h6><em>Foto: Lucas Braga\/UFMG<\/em><\/h6>\n<p>&nbsp;<\/p>\n<div id=\"sp-ea-729\" class=\"sp-ea-one sp-easy-accordion\" data-ex-icon=\"fa-minus\" data-col-icon=\"fa-plus\"  data-ea-active=\"ea-click\"  data-ea-mode=\"vertical\" data-preloader=\"\"><div class=\"ea-card ea-expand sp-ea-single\"><h3 class=\"ea-header\"><a class=\"collapsed\" data-sptoggle=\"spcollapse\" data-sptarget=#collapse7290 href=\"javascript:void(0)\" aria-expanded=\"true\"><i class=\"ea-expand-icon fa fa-minus\"><\/i> Sobre<\/a><\/h3><div class=\"sp-collapse spcollapse collapsed show\" id=\"collapse7290\" data-parent=#sp-ea-729><div class=\"ea-body\"><p style=\"text-align: justify\">A Pr\u00f3-Reitoria de Recursos Humanos (PRORH), criada em 2000, \u00e9 o \u00f3rg\u00e3o respons\u00e1vel pela gest\u00e3o de pessoas e pela administra\u00e7\u00e3o do quadro funcional da UFMG.<\/p>\n<p style=\"text-align: justify\">Por meio da articula\u00e7\u00e3o de seu Gabinete com os demais Departamentos, desenvolve programas voltados \u00e0 qualifica\u00e7\u00e3o dos servidores, ao cuidado com a sa\u00fade do trabalhador e \u00e0 promo\u00e7\u00e3o da qualidade de vida no ambiente laboral, al\u00e9m de implementar sistemas de avalia\u00e7\u00e3o de desempenho.<\/p>\n<p style=\"text-align: justify\">A partir dessas iniciativas, a PRORH age no sentido de consolidar pr\u00e1ticas institucionalmente existentes e agregar novas a\u00e7\u00f5es para a constru\u00e7\u00e3o de uma pol\u00edtica consistente de recursos humanos, buscando conscientizar os servidores sobre seu papel fundamental na miss\u00e3o da Universidade: produzir e disseminar conhecimento.<\/p>\n<\/div><\/div><\/div><div class=\"ea-card  sp-ea-single\"><h3 class=\"ea-header\"><a class=\"collapsed\" data-sptoggle=\"spcollapse\" data-sptarget=#collapse7291 href=\"javascript:void(0)\" aria-expanded=\"false\"><i class=\"ea-expand-icon fa fa-plus\"><\/i> Atribui\u00e7\u00f5es<\/a><\/h3><div class=\"sp-collapse spcollapse \" id=\"collapse7291\" data-parent=#sp-ea-729><div class=\"ea-body\"><p style=\"text-align: justify;\"><strong>Compete \u00e0 Pr\u00f3-Reitoria de Recursos Humanos da UFMG:<\/strong><\/p>\n<p style=\"text-align: justify;\">I - elaborar relat\u00f3rios, projetos e estudos, em colabora\u00e7\u00e3o com outros \u00f3rg\u00e3os da Universidade, em especial com as demais Pr\u00f3-Reitorias, para subsidiar as decis\u00f5es do Conselho Universit\u00e1rio e do CEPE relativas \u00e0 pol\u00edtica de pessoal e de recursos humanos;<\/p>\n<p style=\"text-align: justify;\">II - acompanhar e gerenciar a pol\u00edtica de recursos humanos da Universidade, definida pelo Conselho Universit\u00e1rio e pelo CEPE;<\/p>\n<p style=\"text-align: justify;\">III - cuidar de todos os atos referentes \u00e0 administra\u00e7\u00e3o de pessoal e \u00e0 promo\u00e7\u00e3o da sa\u00fade e da qualidade de vida no trabalho;<\/p>\n<p style=\"text-align: justify;\">IV - formular e coordenar a execu\u00e7\u00e3o de programas de capacita\u00e7\u00e3o permanentes e eventuais, bem como de avalia\u00e7\u00e3o sistem\u00e1tica do desempenho do corpo t\u00e9cnico e administrativo;<\/p>\n<p style=\"text-align: justify;\">V - colaborar com as Unidades e Departamentos no que se refere \u00e0 concep\u00e7\u00e3o, ao planejamento e \u00e0 execu\u00e7\u00e3o de programas de qualifica\u00e7\u00e3o docente;<\/p>\n<p style=\"text-align: justify;\">VI - subsidiar os \u00f3rg\u00e3os competentes no estabelecimento dos diferentes processos de avalia\u00e7\u00e3o do corpo docente, bem como acompanhar e gerenciar sua execu\u00e7\u00e3o.<\/p>\n<hr \/>\n<p><a href=\"https:\/\/www.ufmg.br\/prorh\/wp-content\/uploads\/2026\/03\/Portaria-No-2711-de-20-de-Marco-de-2026_Delegacao-de-Competencias-PRORH.pdf\"><strong>Portaria de Delega\u00e7\u00e3o de Compet\u00eancias<\/strong><\/a><\/p>\n<\/div><\/div><\/div><div class=\"ea-card  sp-ea-single\"><h3 class=\"ea-header\"><a class=\"collapsed\" data-sptoggle=\"spcollapse\" data-sptarget=#collapse7292 href=\"javascript:void(0)\" aria-expanded=\"false\"><i class=\"ea-expand-icon fa fa-plus\"><\/i> Organograma<\/a><\/h3><div class=\"sp-collapse spcollapse \" id=\"collapse7292\" data-parent=#sp-ea-729><div class=\"ea-body\"><p>O Gabinete da PRORH conta com o suporte dos seguintes \u00f3rg\u00e3os:<\/p>\n<ul>\n<li>Assessoria T\u00e9cnica (ASTEC),<\/li>\n<li>Divis\u00e3o de Apoio Administrativo (DAAD),<\/li>\n<li>Divis\u00e3o de Conv\u00eanios e Programas (DCPR),<\/li>\n<li>Divis\u00e3o de Gest\u00e3o de Documentos (DGED) e<\/li>\n<li>Divis\u00e3o de Tecnologia da Informa\u00e7\u00e3o e Comunica\u00e7\u00e3o (DTIC).<\/li>\n<\/ul>\n<p><img class=\"wp-image-5021 size-full aligncenter\" src=\"https:\/\/www.ufmg.br\/prorh\/wp-content\/uploads\/2026\/03\/GAB-PRORH-2026.png\" alt=\"\" width=\"693\" height=\"187\" \/><\/p>\n<\/div><\/div><\/div><div class=\"ea-card  sp-ea-single\"><h3 class=\"ea-header\"><a class=\"collapsed\" data-sptoggle=\"spcollapse\" data-sptarget=#collapse7293 href=\"javascript:void(0)\" aria-expanded=\"false\"><i class=\"ea-expand-icon fa fa-plus\"><\/i> Equipe<\/a><\/h3><div class=\"sp-collapse spcollapse \" id=\"collapse7293\" data-parent=#sp-ea-729><div class=\"ea-body\">\n<table id=\"tablepress-17\" class=\"tablepress tablepress-id-17\">\n<thead>\n<tr class=\"row-1 odd\">\n\t<th class=\"column-1\">GABINETE DA PRORH<\/th><th class=\"column-2\"> <\/th>\n<\/tr>\n<\/thead>\n<tbody class=\"row-hover\">\n<tr class=\"row-2 even\">\n\t<td class=\"column-1\">PR\u00d3-REITORA DE RECURSOS HUMANOS<\/td><td class=\"column-2\">Prof\u00aa. Carla Aparecida Spagnol<\/td>\n<\/tr>\n<tr class=\"row-3 odd\">\n\t<td class=\"column-1\">PR\u00d3-REITORA ADJUNTA DE RECURSOS HUMANOS<\/td><td class=\"column-2\">Le\u00f4nor Gon\u00e7alves<\/td>\n<\/tr>\n<tr class=\"row-4 even\">\n\t<td class=\"column-1\">ASSESSORA DO GABINETE DA PRORH<\/td><td class=\"column-2\">Rejani Aparecida de Andrade Silva<\/td>\n<\/tr>\n<tr class=\"row-5 odd\">\n\t<td class=\"column-1\">ASSESSORIA T\u00c9CNICA<\/td><td class=\"column-2\">Coordenador:<br \/>\nJonas Pinheiro Sobrinho<br \/>\n<\/td>\n<\/tr>\n<tr class=\"row-6 even\">\n\t<td class=\"column-1\">DIVIS\u00c3O DE APOIO ADMINISTRATIVO<\/td><td class=\"column-2\">Coordenadora:<br \/>\nLuana Medeiros Ribeiro Ara\u00fajo<\/td>\n<\/tr>\n<tr class=\"row-7 odd\">\n\t<td class=\"column-1\">DIVIS\u00c3O DE CONV\u00caNIOS E PROGRAMAS<\/td><td class=\"column-2\">Coordenador:<br \/>\nFelipe Santiago Oliveira Nunes<\/td>\n<\/tr>\n<tr class=\"row-8 even\">\n\t<td class=\"column-1\">DIVIS\u00c3O DE GEST\u00c3O DE DOCUMENTOS<\/td><td class=\"column-2\">Coordenador:<br \/>\nM\u00e1rio Rodrigues Ara\u00fajo<\/td>\n<\/tr>\n<tr class=\"row-9 odd\">\n\t<td class=\"column-1\">DIVIS\u00c3O DE TECNOLOGIA DA INFORMA\u00c7\u00c3O E COMUNICA\u00c7\u00c3O<\/td><td class=\"column-2\">Coordenador:<br \/>\nVander Camargos Pinto Costa<\/td>\n<\/tr>\n<\/tbody>\n<\/table>\n<!-- #tablepress-17 from cache -->\n<\/div><\/div><\/div><div class=\"ea-card  sp-ea-single\"><h3 class=\"ea-header\"><a class=\"collapsed\" data-sptoggle=\"spcollapse\" data-sptarget=#collapse7294 href=\"javascript:void(0)\" aria-expanded=\"false\"><i class=\"ea-expand-icon fa fa-plus\"><\/i> Contatos<\/a><\/h3><div class=\"sp-collapse spcollapse \" id=\"collapse7294\" data-parent=#sp-ea-729><div class=\"ea-body\"><h5>Gabinete<\/h5>\n<ul>\n<li>E-mail: gab@prorh.ufmg.br<\/li>\n<li>Telefones: (31) 3409-4113<\/li>\n<\/ul>\n<h5>Divis\u00e3o de Apoio Administrativo (DAAD)<\/h5>\n<ul>\n<li>E-mail: info@prorh.ufmg.br<\/li>\n<li>Telefones: (31) 3409-4547, (31) 3409-4529, (31) 3409-3939, (31) 3409-4308<\/li>\n<\/ul>\n<h5>Divis\u00e3o de Conv\u00eanios e Programas (DCPR)<\/h5>\n<ul>\n<li>E-mail: dcpr@prorh.ufmg.br<\/li>\n<li>Telefones: (31) 3409-4527, (31) 3409-4429<\/li>\n<\/ul>\n<h5>Divis\u00e3o de Gest\u00e3o de Documentos (DGED)<\/h5>\n<ul>\n<li>E-mail: dged@prorh.ufmg.br<\/li>\n<li>Telefones: (31) 3409-4431<\/li>\n<\/ul>\n<h5>Divis\u00e3o de Tecnologia da Informa\u00e7\u00e3o (DTIC)<\/h5>\n<ul>\n<li>E-mail: dico@prorh.ufmg.br<\/li>\n<li>Telefones: (31) 3409-3937, (31) 3409-4770<\/li>\n<\/ul>\n<\/div><\/div><\/div><div class=\"ea-card  sp-ea-single\"><h3 class=\"ea-header\"><a class=\"collapsed\" data-sptoggle=\"spcollapse\" data-sptarget=#collapse7295 href=\"javascript:void(0)\" aria-expanded=\"false\"><i class=\"ea-expand-icon fa fa-plus\"><\/i> Localiza\u00e7\u00e3o<\/a><\/h3><div class=\"sp-collapse spcollapse \" id=\"collapse7295\" data-parent=#sp-ea-729><div class=\"ea-body\"><p>Universidade Federal de Minas Gerais<br \/>\nCampus Pampulha \u2013 Reitoria \u2013 2\u00b0 andar<br \/>\nAv. Ant\u00f4nio Carlos, 6.627, Pampulha<br \/>\nCEP 31.270-901 \u2013 Belo Horizonte \u2013 MG<\/p>\n<\/div><\/div><\/div><\/div>\n","protected":false},"excerpt":{"rendered":"<p>Foto: Lucas Braga\/UFMG &nbsp;<\/p>\n","protected":false},"author":1,"featured_media":0,"parent":725,"menu_order":0,"comment_status":"closed","ping_status":"closed","template":"","meta":[],"tags":[],"_links":{"self":[{"href":"https:\/\/www.ufmg.br\/prorh\/wp-json\/wp\/v2\/pages\/1241"}],"collection":[{"href":"https:\/\/www.ufmg.br\/prorh\/wp-json\/wp\/v2\/pages"}],"about":[{"href":"https:\/\/www.ufmg.br\/prorh\/wp-json\/wp\/v2\/types\/page"}],"author":[{"embeddable":true,"href":"https:\/\/www.ufmg.br\/prorh\/wp-json\/wp\/v2\/users\/1"}],"replies":[{"embeddable":true,"href":"https:\/\/www.ufmg.br\/prorh\/wp-json\/wp\/v2\/comments?post=1241"}],"version-history":[{"count":5,"href":"https:\/\/www.ufmg.br\/prorh\/wp-json\/wp\/v2\/pages\/1241\/revisions"}],"predecessor-version":[{"id":2024,"href":"https:\/\/www.ufmg.br\/prorh\/wp-json\/wp\/v2\/pages\/1241\/revisions\/2024"}],"up":[{"embeddable":true,"href":"https:\/\/www.ufmg.br\/prorh\/wp-json\/wp\/v2\/pages\/725"}],"wp:attachment":[{"href":"https:\/\/www.ufmg.br\/prorh\/wp-json\/wp\/v2\/media?parent=1241"}],"wp:term":[{"taxonomy":"post_tag","embeddable":true,"href":"https:\/\/www.ufmg.br\/prorh\/wp-json\/wp\/v2\/tags?post=1241"}],"curies":[{"name":"wp","href":"https:\/\/api.w.org\/{rel}","templated":true}]}}

<p><a href="https://www.ufmg.br/prorh/wp-content/uploads/2021/11/8870394685_b8c97de24a_o-1-scaled-e1636163830133.jpg"><img loading="lazy" class="alignnone wp-image-1957 size-full" src="https://www.ufmg.br/prorh/wp-content/uploads/2021/11/8870394685_b8c97de24a_o-1-scaled-e1636491977962.jpg" alt="" width="780" height="300" /></a></p>
<h6><em>Foto: Lucas Braga/UFMG</em></h6>
<p>&nbsp;</p>
<div id="sp-ea-729" class="sp-ea-one sp-easy-accordion" data-ex-icon="fa-minus" data-col-icon="fa-plus"  data-ea-active="ea-click"  data-ea-mode="vertical" data-preloader=""><div class="ea-card ea-expand sp-ea-single"><h3 class="ea-header"><a class="collapsed" data-sptoggle="spcollapse" data-sptarget=#collapse7290 href="javascript:void(0)" aria-expanded="true"><i class="ea-expand-icon fa fa-minus"></i> Sobre</a></h3><div class="sp-collapse spcollapse collapsed show" id="collapse7290" data-parent=#sp-ea-729><div class="ea-body"><p style="text-align: justify">A Pró-Reitoria de Recursos Humanos (PRORH), criada em 2000, é o órgão responsável pela gestão de pessoas e pela administração do quadro funcional da UFMG.</p>
<p style="text-align: justify">Por meio da articulação de seu Gabinete com os demais Departamentos, desenvolve programas voltados à qualificação dos servidores, ao cuidado com a saúde do trabalhador e à promoção da qualidade de vida no ambiente laboral, além de implementar sistemas de avaliação de desempenho.</p>
<p style="text-align: justify">A partir dessas iniciativas, a PRORH age no sentido de consolidar práticas institucionalmente existentes e agregar novas ações para a construção de uma política consistente de recursos humanos, buscando conscientizar os servidores sobre seu papel fundamental na missão da Universidade: produzir e disseminar conhecimento.</p>
</div></div></div><div class="ea-card  sp-ea-single"><h3 class="ea-header"><a class="collapsed" data-sptoggle="spcollapse" data-sptarget=#collapse7291 href="javascript:void(0)" aria-expanded="false"><i class="ea-expand-icon fa fa-plus"></i> Atribuições</a></h3><div class="sp-collapse spcollapse " id="collapse7291" data-parent=#sp-ea-729><div class="ea-body"><p style="text-align: justify;"><strong>Compete à Pró-Reitoria de Recursos Humanos da UFMG:</strong></p>
<p style="text-align: justify;">I - elaborar relatórios, projetos e estudos, em colaboração com outros órgãos da Universidade, em especial com as demais Pró-Reitorias, para subsidiar as decisões do Conselho Universitário e do CEPE relativas à política de pessoal e de recursos humanos;</p>
<p style="text-align: justify;">II - acompanhar e gerenciar a política de recursos humanos da Universidade, definida pelo Conselho Universitário e pelo CEPE;</p>
<p style="text-align: justify;">III - cuidar de todos os atos referentes à administração de pessoal e à promoção da saúde e da qualidade de vida no trabalho;</p>
<p style="text-align: justify;">IV - formular e coordenar a execução de programas de capacitação permanentes e eventuais, bem como de avaliação sistemática do desempenho do corpo técnico e administrativo;</p>
<p style="text-align: justify;">V - colaborar com as Unidades e Departamentos no que se refere à concepção, ao planejamento e à execução de programas de qualificação docente;</p>
<p style="text-align: justify;">VI - subsidiar os órgãos competentes no estabelecimento dos diferentes processos de avaliação do corpo docente, bem como acompanhar e gerenciar sua execução.</p>
<hr />
<p><a href="https://www.ufmg.br/prorh/wp-content/uploads/2026/03/Portaria-No-2711-de-20-de-Marco-de-2026_Delegacao-de-Competencias-PRORH.pdf"><strong>Portaria de Delegação de Competências</strong></a></p>
</div></div></div><div class="ea-card  sp-ea-single"><h3 class="ea-header"><a class="collapsed" data-sptoggle="spcollapse" data-sptarget=#collapse7292 href="javascript:void(0)" aria-expanded="false"><i class="ea-expand-icon fa fa-plus"></i> Organograma</a></h3><div class="sp-collapse spcollapse " id="collapse7292" data-parent=#sp-ea-729><div class="ea-body"><p>O Gabinete da PRORH conta com o suporte dos seguintes órgãos:</p>
<ul>
<li>Assessoria Técnica (ASTEC),</li>
<li>Divisão de Apoio Administrativo (DAAD),</li>
<li>Divisão de Convênios e Programas (DCPR),</li>
<li>Divisão de Gestão de Documentos (DGED) e</li>
<li>Divisão de Tecnologia da Informação e Comunicação (DTIC).</li>
</ul>
<p><img class="wp-image-5021 size-full aligncenter" src="https://www.ufmg.br/prorh/wp-content/uploads/2026/03/GAB-PRORH-2026.png" alt="" width="693" height="187" /></p>
</div></div></div><div class="ea-card  sp-ea-single"><h3 class="ea-header"><a class="collapsed" data-sptoggle="spcollapse" data-sptarget=#collapse7293 href="javascript:void(0)" aria-expanded="false"><i class="ea-expand-icon fa fa-plus"></i> Equipe</a></h3><div class="sp-collapse spcollapse " id="collapse7293" data-parent=#sp-ea-729><div class="ea-body">
<table id="tablepress-17" class="tablepress tablepress-id-17">
<thead>
<tr class="row-1 odd">
	<th class="column-1">GABINETE DA PRORH</th><th class="column-2"> </th>
</tr>
</thead>
<tbody class="row-hover">
<tr class="row-2 even">
	<td class="column-1">PRÓ-REITORA DE RECURSOS HUMANOS</td><td class="column-2">Profª. Carla Aparecida Spagnol</td>
</tr>
<tr class="row-3 odd">
	<td class="column-1">PRÓ-REITORA ADJUNTA DE RECURSOS HUMANOS</td><td class="column-2">Leônor Gonçalves</td>
</tr>
<tr class="row-4 even">
	<td class="column-1">ASSESSORA DO GABINETE DA PRORH</td><td class="column-2">Rejani Aparecida de Andrade Silva</td>
</tr>
<tr class="row-5 odd">
	<td class="column-1">ASSESSORIA TÉCNICA</td><td class="column-2">Coordenador:<br />
Jonas Pinheiro Sobrinho<br />
</td>
</tr>
<tr class="row-6 even">
	<td class="column-1">DIVISÃO DE APOIO ADMINISTRATIVO</td><td class="column-2">Coordenadora:<br />
Luana Medeiros Ribeiro Araújo</td>
</tr>
<tr class="row-7 odd">
	<td class="column-1">DIVISÃO DE CONVÊNIOS E PROGRAMAS</td><td class="column-2">Coordenador:<br />
Felipe Santiago Oliveira Nunes</td>
</tr>
<tr class="row-8 even">
	<td class="column-1">DIVISÃO DE GESTÃO DE DOCUMENTOS</td><td class="column-2">Coordenador:<br />
Mário Rodrigues Araújo</td>
</tr>
<tr class="row-9 odd">
	<td class="column-1">DIVISÃO DE TECNOLOGIA DA INFORMAÇÃO E COMUNICAÇÃO</td><td class="column-2">Coordenador:<br />
Vander Camargos Pinto Costa</td>
</tr>
</tbody>
</table>
<!-- #tablepress-17 from cache -->
</div></div></div><div class="ea-card  sp-ea-single"><h3 class="ea-header"><a class="collapsed" data-sptoggle="spcollapse" data-sptarget=#collapse7294 href="javascript:void(0)" aria-expanded="false"><i class="ea-expand-icon fa fa-plus"></i> Contatos</a></h3><div class="sp-collapse spcollapse " id="collapse7294" data-parent=#sp-ea-729><div class="ea-body"><h5>Gabinete</h5>
<ul>
<li>E-mail: gab@prorh.ufmg.br</li>
<li>Telefones: (31) 3409-4113</li>
</ul>
<h5>Divisão de Apoio Administrativo (DAAD)</h5>
<ul>
<li>E-mail: info@prorh.ufmg.br</li>
<li>Telefones: (31) 3409-4547, (31) 3409-4529, (31) 3409-3939, (31) 3409-4308</li>
</ul>
<h5>Divisão de Convênios e Programas (DCPR)</h5>
<ul>
<li>E-mail: dcpr@prorh.ufmg.br</li>
<li>Telefones: (31) 3409-4527, (31) 3409-4429</li>
</ul>
<h5>Divisão de Gestão de Documentos (DGED)</h5>
<ul>
<li>E-mail: dged@prorh.ufmg.br</li>
<li>Telefones: (31) 3409-4431</li>
</ul>
<h5>Divisão de Tecnologia da Informação (DTIC)</h5>
<ul>
<li>E-mail: dico@prorh.ufmg.br</li>
<li>Telefones: (31) 3409-3937, (31) 3409-4770</li>
</ul>
</div></div></div><div class="ea-card  sp-ea-single"><h3 class="ea-header"><a class="collapsed" data-sptoggle="spcollapse" data-sptarget=#collapse7295 href="javascript:void(0)" aria-expanded="false"><i class="ea-expand-icon fa fa-plus"></i> Localização</a></h3><div class="sp-collapse spcollapse " id="collapse7295" data-parent=#sp-ea-729><div class="ea-body"><p>Universidade Federal de Minas Gerais<br />
Campus Pampulha – Reitoria – 2° andar<br />
Av. Antônio Carlos, 6.627, Pampulha<br />
CEP 31.270-901 – Belo Horizonte – MG</p>
</div></div></div></div>
