{"id":2790,"date":"2022-06-30T11:51:04","date_gmt":"2022-06-30T14:51:04","guid":{"rendered":"https:\/\/www.ufmg.br\/prorh\/?page_id=2790"},"modified":"2023-05-02T17:03:25","modified_gmt":"2023-05-02T20:03:25","slug":"link-util","status":"publish","type":"page","link":"https:\/\/www.ufmg.br\/prorh\/link-util\/","title":{"rendered":"Links"},"content":{"rendered":"\n<table id=\"tablepress-24\" class=\"tablepress tablepress-id-24\">\n<thead>\n<tr class=\"row-1 odd\">\n\t<th class=\"column-1\">Legisla\u00e7\u00e3o<\/th><th class=\"column-2\">Link<\/th>\n<\/tr>\n<\/thead>\n<tbody class=\"row-hover\">\n<tr class=\"row-2 even\">\n\t<td class=\"column-1\">Nota T\u00e9cnica n\u00ba 70\/2023\/MOV\/COLEP\/CGGP\/SAA<br \/>\n<br \/>\nPortaria SEGRT\/MGI n\u00ba 619\/2023 - Redistribui\u00e7\u00e3o de cargos efetivos ocupados e vagos.<\/td><td class=\"column-2\"><a href=\"https:\/\/www.ufmg.br\/prorh\/wp-content\/uploads\/2023\/05\/NOTA-TECNICA-No-702023MOVCOLEPCGGPSAA.pdf\" rel=\"noopener\" target=\"_blank\">Acesse aqui<\/a><\/td>\n<\/tr>\n<tr class=\"row-3 odd\">\n\t<td class=\"column-1\">Of\u00edcio Circular PRORH n\u00ba 31\/2019<br \/>\n<br \/>\nAnu\u00eancia pr\u00e9via para cess\u00e3o de servidor da UFMG.<\/td><td class=\"column-2\"><a href=\"https:\/\/www.ufmg.br\/prorh\/wp-content\/uploads\/2023\/05\/Oficio-Circular-PRORH-31-2019.pdf\" rel=\"noopener\" target=\"_blank\">Acesse aqui<\/a><\/td>\n<\/tr>\n<tr class=\"row-4 even\">\n\t<td class=\"column-1\">Parecer n\u00ba 08\/2019 - PF-UNIFAP\/PGF\/AGU<br \/>\n<br \/>\nCess\u00e3o de servidor.<\/td><td class=\"column-2\"><a href=\"https:\/\/www.ufmg.br\/prorh\/wp-content\/uploads\/2022\/09\/Parecer-08-2019-PF-UNIFAP-PGF-AGU.pdf\" rel=\"noopener\" target=\"_blank\">Acesse aqui<\/a><\/td>\n<\/tr>\n<tr class=\"row-5 odd\">\n\t<td class=\"column-1\">Portaria da Reitoria UFMG n\u00ba 112\/2006<br \/>\n<br \/>\nDisp\u00f5e sobre a avalia\u00e7\u00e3o de desempenho para aquisi\u00e7\u00e3o de estabilidade dos servidores t\u00e9cnicos e administrativos da UFMG e d\u00e1 outras provid\u00eancias. <\/td><td class=\"column-2\"><a href=\"https:\/\/www.ufmg.br\/prorh\/wp-content\/uploads\/2022\/06\/PORTARIA_112-2006.pdf\" rel=\"noopener\" target=\"_blank\">Acesse aqui<\/a><\/td>\n<\/tr>\n<tr class=\"row-6 even\">\n\t<td class=\"column-1\">Resolu\u00e7\u00e3o do Conselho Universit\u00e1rio n\u00ba 17\/92<br \/>\n<br \/>\nEstabelece normas quanto aos procedimentos para efetiva\u00e7\u00e3o de servidores t\u00e9cnicos e administrativos na UFMG \u2013 Est\u00e1gio Probat\u00f3rio.<\/td><td class=\"column-2\"><a href=\"https:\/\/www.ufmg.br\/prorh\/wp-content\/uploads\/2022\/06\/RESOLUCAO-17-92.pdf\" rel=\"noopener\" target=\"_blank\">Acesse aqui<\/a><\/td>\n<\/tr>\n<tr class=\"row-7 odd\">\n\t<td class=\"column-1\">Resolu\u00e7\u00e3o n\u00ba 01\/89<br \/>\n<br \/>\nEstabelece normas para a redistribui\u00e7\u00e3o de pessoal docente da Carreira de Magist\u00e9rio Superior para a UFMG.<\/td><td class=\"column-2\"><a href=\"https:\/\/www.ufmg.br\/prorh\/wp-content\/uploads\/2023\/05\/RESOLUCAO-01-89.pdf\" rel=\"noopener\" target=\"_blank\">Acesse aqui<\/a><\/td>\n<\/tr>\n<\/tbody>\n<\/table>\n<!-- #tablepress-24 from cache -->\n","protected":false},"excerpt":{"rendered":"","protected":false},"author":7,"featured_media":0,"parent":0,"menu_order":0,"comment_status":"closed","ping_status":"closed","template":"","meta":[],"tags":[],"_links":{"self":[{"href":"https:\/\/www.ufmg.br\/prorh\/wp-json\/wp\/v2\/pages\/2790"}],"collection":[{"href":"https:\/\/www.ufmg.br\/prorh\/wp-json\/wp\/v2\/pages"}],"about":[{"href":"https:\/\/www.ufmg.br\/prorh\/wp-json\/wp\/v2\/types\/page"}],"author":[{"embeddable":true,"href":"https:\/\/www.ufmg.br\/prorh\/wp-json\/wp\/v2\/users\/7"}],"replies":[{"embeddable":true,"href":"https:\/\/www.ufmg.br\/prorh\/wp-json\/wp\/v2\/comments?post=2790"}],"version-history":[{"count":3,"href":"https:\/\/www.ufmg.br\/prorh\/wp-json\/wp\/v2\/pages\/2790\/revisions"}],"predecessor-version":[{"id":3037,"href":"https:\/\/www.ufmg.br\/prorh\/wp-json\/wp\/v2\/pages\/2790\/revisions\/3037"}],"wp:attachment":[{"href":"https:\/\/www.ufmg.br\/prorh\/wp-json\/wp\/v2\/media?parent=2790"}],"wp:term":[{"taxonomy":"post_tag","embeddable":true,"href":"https:\/\/www.ufmg.br\/prorh\/wp-json\/wp\/v2\/tags?post=2790"}],"curies":[{"name":"wp","href":"https:\/\/api.w.org\/{rel}","templated":true}]}}