{"id":382,"date":"2021-07-23T23:24:46","date_gmt":"2021-07-24T02:24:46","guid":{"rendered":"https:\/\/www.ufmg.br\/prorh\/?page_id=382"},"modified":"2022-01-05T17:22:45","modified_gmt":"2022-01-05T20:22:45","slug":"admissao-e-contratacao","status":"publish","type":"page","link":"https:\/\/www.ufmg.br\/prorh\/admissao-e-contratacao\/","title":{"rendered":"Admiss\u00e3o e Contrata\u00e7\u00e3o"},"content":{"rendered":"<p>Informa\u00e7\u00f5es sobre os processos de admiss\u00e3o e contrata\u00e7\u00e3o de servidores efetivos e tempor\u00e1rios, incluindo indica\u00e7\u00e3o dos normativos relacionados, instru\u00e7\u00e3o do fluxo dos processos, de interesse de departamentos\/unidades, se\u00e7\u00e3o de pessoal e dos candidatos.<\/p>\n<p>&nbsp;<\/p>\n<h2 class=\"eap_section_title eap_section_title_747\"> Admiss\u00e3o e Contrata\u00e7\u00e3o <\/h2><div id=\"sp-ea-747\" class=\"sp-ea-one sp-easy-accordion\" data-ex-icon=\"fa-minus\" data-col-icon=\"fa-plus\"  data-ea-active=\"ea-click\"  data-ea-mode=\"vertical\" data-preloader=\"\"><div class=\"ea-card  sp-ea-single\"><h3 class=\"ea-header\"><a class=\"collapsed\" data-sptoggle=\"spcollapse\" data-sptarget=#collapse7470 href=\"javascript:void(0)\" aria-expanded=\"false\"><i class=\"ea-expand-icon fa fa-plus\"><\/i> Admiss\u00e3o cargo efetivo - Docente<\/a><\/h3><div class=\"sp-collapse spcollapse spcollapse\" id=\"collapse7470\" data-parent=#sp-ea-747><div class=\"ea-body\"><blockquote><p>\u00c9 a nomea\u00e7\u00e3o e posse de candidato aprovado em concurso p\u00fablico para a carreira de Magist\u00e9rio Superior ou de Magist\u00e9rio do Ensino B\u00e1sico, T\u00e9cnico e Tecnol\u00f3gico, realizado para suprir as vagas existentes no \u00e2mbito da Universidade Federal de Minas Gerais (UFMG).<\/p><\/blockquote>\n<p>Para a nomea\u00e7\u00e3o e posse de candidatos para vagas docentes alocadas em departamentos\/estruturas equivalentes, deve ser instru\u00eddo, no Sistema Eletr\u00f4nico de Informa\u00e7\u00e3o, processo do tipo \u201cPessoal: Provimento - Nomea\u00e7\u00e3o\/posse para cargo Efetivo DOC\u201d.<\/p>\n<h5>Para mais informa\u00e7\u00f5es acesse:<\/h5>\n<ul>\n<li><a href=\"https:\/\/sei.ufmg.br\/index.php\/2019\/08\/28\/bases-de-conhecimento\/?id=100000822\" target=\"_blank\" rel=\"noopener\">Base de conhecimento<\/a><\/li>\n<li><a href=\"https:\/\/www.ufmg.br\/prorh\/wp-content\/uploads\/2021\/11\/cnp.pdf\" target=\"_blank\" rel=\"noopener\">Compilado de normas<\/a><\/li>\n<\/ul>\n<p>Para mais informa\u00e7\u00f5es sobre a abertura do processo, gentileza encaminhar consulta \u00e0 Divis\u00e3o de Provimento e Movimenta\u00e7\u00e3o (DPM\/DRH): <em>admissaodocente@drh.ufmg.br.<\/em><\/p>\n<\/div><\/div><\/div><div class=\"ea-card  sp-ea-single\"><h3 class=\"ea-header\"><a class=\"collapsed\" data-sptoggle=\"spcollapse\" data-sptarget=#collapse7471 href=\"javascript:void(0)\" aria-expanded=\"false\"><i class=\"ea-expand-icon fa fa-plus\"><\/i> Admiss\u00e3o cargo efetivo - T\u00e9cnico Administrativo em Educa\u00e7\u00e3o (TAE)<\/a><\/h3><div class=\"sp-collapse spcollapse spcollapse\" id=\"collapse7471\" data-parent=#sp-ea-747><div class=\"ea-body\"><blockquote><p>\u00c9 a nomea\u00e7\u00e3o e posse de candidato aprovado em concurso p\u00fablico para a carreira dos cargos T\u00e9cnico-Administrativos em Educa\u00e7\u00e3o, realizado para suprir as vagas existentes no \u00e2mbito da Universidade Federal de Minas Gerais (UFMG).<\/p><\/blockquote>\n<h5>Para mais informa\u00e7\u00f5es acesse:<\/h5>\n<ul>\n<li><a href=\"https:\/\/www.ufmg.br\/prorh\/wp-content\/uploads\/2025\/09\/ace.pdf\" target=\"_blank\" rel=\"noopener\">Compilado de normas<\/a><\/li>\n<\/ul>\n<p>Para mais informa\u00e7\u00f5es sobre a abertura do processo, gentileza encaminhar consulta \u00e0 Divis\u00e3o de Provimento e Movimenta\u00e7\u00e3o (DPM\/DRH): admissaotae@drh.ufmg.br.<\/p>\n<\/div><\/div><\/div><div class=\"ea-card  sp-ea-single\"><h3 class=\"ea-header\"><a class=\"collapsed\" data-sptoggle=\"spcollapse\" data-sptarget=#collapse7472 href=\"javascript:void(0)\" aria-expanded=\"false\"><i class=\"ea-expand-icon fa fa-plus\"><\/i> Contra\u00e7\u00e3o tempor\u00e1ria de profissional t\u00e9cnico especializado<\/a><\/h3><div class=\"sp-collapse spcollapse spcollapse\" id=\"collapse7472\" data-parent=#sp-ea-747><div class=\"ea-body\"><blockquote><p>\u00c9 a admiss\u00e3o de profissional t\u00e9cnico especializado por tempo determinado para atender \u00e0 necessidade tempor\u00e1ria de excepcional interesse p\u00fablico, obedecendo a condi\u00e7\u00f5es e prazos previstos na Lei n\u00ba 8.745, de 09\/12\/1993, ap\u00f3s sua aprova\u00e7\u00e3o em processo seletivo.<\/p><\/blockquote>\n<h5>Base legal:<\/h5>\n<ul>\n<li><a href=\"http:\/\/www.planalto.gov.br\/ccivil_03\/constituicao\/ConstituicaoCompilado.htm\" target=\"_blank\" rel=\"noopener\">Art.37, inciso IX da Constitui\u00e7\u00e3o da Rep\u00fablica Federativa do Brasil, de 05\/10\/1988<\/a><\/li>\n<li><a href=\"http:\/\/planalto.gov.br\/ccivil_03\/Leis\/L8745compilada.htm\" target=\"_blank\" rel=\"noopener\">Lei n\u00ba 8.745, de 09\/12\/1993<\/a><\/li>\n<\/ul>\n<p>Para mais informa\u00e7\u00f5es sobre a abertura do processo, gentileza encaminhar consulta \u00e0 Divis\u00e3o de Provimento e Movimenta\u00e7\u00e3o (DPM\/DRH): admissaotae@drh.ufmg.br.<\/p>\n<\/div><\/div><\/div><div class=\"ea-card  sp-ea-single\"><h3 class=\"ea-header\"><a class=\"collapsed\" data-sptoggle=\"spcollapse\" data-sptarget=#collapse7473 href=\"javascript:void(0)\" aria-expanded=\"false\"><i class=\"ea-expand-icon fa fa-plus\"><\/i> Professor Substituto<\/a><\/h3><div class=\"sp-collapse spcollapse spcollapse\" id=\"collapse7473\" data-parent=#sp-ea-747><div class=\"ea-body\"><div id=\"sp-ea-1042\" class=\"sp-ea-one sp-easy-accordion\" data-ex-icon=\"fa-minus\" data-col-icon=\"fa-plus\"  data-ea-active=\"ea-click\"  data-ea-mode=\"vertical\" data-preloader=\"\"><div class=\"ea-card  sp-ea-single\"><h3 class=\"ea-header\"><a class=\"collapsed\" data-sptoggle=\"spcollapse\" data-sptarget=#collapse10420 href=\"javascript:void(0)\" aria-expanded=\"false\"><i class=\"ea-expand-icon fa fa-plus\"><\/i> Concess\u00e3o de vaga de Professor Substituto<\/a><\/h3><div class=\"sp-collapse spcollapse spcollapse\" id=\"collapse10420\" data-parent=#sp-ea-1042><div class=\"ea-body\"><blockquote><p>A concess\u00e3o de vaga de professor substituto \u00e9 o procedimento administrativo que permite a realiza\u00e7\u00e3o de processo seletivo e posterior contrata\u00e7\u00e3o de professor substituto. Essa a\u00e7\u00e3o administrativa depende da exist\u00eancia de motivo autorizado pela Lei n\u00ba 8.745, de 09\/12\/1993. Quando concedida, a vaga de professor substituto tem uma vig\u00eancia. A vig\u00eancia da vaga de professor substituto pode ser prorrogada, desde que a vaga n\u00e3o tenha sido ocupada por professor(a) substituto(a) contratado(a).<\/p><\/blockquote>\n<p>A concess\u00e3o de vaga de professor substituto deve ser solicitada no Sistema Eletr\u00f4nico de Informa\u00e7\u00e3o - SEI, processo do tipo \u201cPessoal: Concess\u00e3o de Professor substituto\u201d.<\/p>\n<h5>Para mais informa\u00e7\u00f5es acesse:<\/h5>\n<ul>\n<li><a href=\"https:\/\/sei.ufmg.br\/index.php\/2019\/08\/28\/base-de-conhecimento\/?id_procedimento=100000770&id_base=991\" target=\"_blank\" rel=\"noopener\">Base de conhecimento<\/a><\/li>\n<\/ul>\n<p>Para mais informa\u00e7\u00f5es sobre a abertura do processo, gentileza encaminhar consulta \u00e0 Comiss\u00e3o Permanente de Pessoal Docente (CPPD): cppd@prorh.ufmg.br.<\/p>\n<\/div><\/div><\/div><div class=\"ea-card  sp-ea-single\"><h3 class=\"ea-header\"><a class=\"collapsed\" data-sptoggle=\"spcollapse\" data-sptarget=#collapse10421 href=\"javascript:void(0)\" aria-expanded=\"false\"><i class=\"ea-expand-icon fa fa-plus\"><\/i> Contrata\u00e7\u00e3o de Professor Substituto<\/a><\/h3><div class=\"sp-collapse spcollapse spcollapse\" id=\"collapse10421\" data-parent=#sp-ea-1042><div class=\"ea-body\"><blockquote><p>\u00c9 a admiss\u00e3o de professor substituto por tempo determinado para atender \u00e0 necessidade tempor\u00e1ria de excepcional interesse p\u00fablico, obedecendo a condi\u00e7\u00f5es e prazos previstos na Lei n\u00ba 8.745, de 09\/12\/1993, ap\u00f3s sua aprova\u00e7\u00e3o em processo seletivo.<\/p><\/blockquote>\n<p><em>A contrata\u00e7\u00e3o de professor substituto depende:<\/em><\/p>\n<ol>\n<li style=\"list-style-type: none;\">\n<ul>\n<li><em>da concess\u00e3o de vaga de professor substituto nos termos de parecer emitido pela Comiss\u00e3o Permanente de Pessoal Docente - CPPD (ver Concess\u00e3o de Vagas de Professor Substituto);<\/em><\/li>\n<\/ul>\n<\/li>\n<\/ol>\n<ol>\n<li style=\"list-style-type: none;\">\n<ul>\n<li><em>da exist\u00eancia de candidato(a) aprovado(a) em processo seletivo simplificado v\u00e1lido (ver Processo Seletivo Simplificado).<\/em><\/li>\n<\/ul>\n<\/li>\n<\/ol>\n<p>A contrata\u00e7\u00e3o de professor substituto deve ser solicitada no Sistema Eletr\u00f4nico de Informa\u00e7\u00e3o - SEI, processo do tipo \u201cPessoal: Contrata\u00e7\u00e3o de Professor substituto\u201d.<\/p>\n<h5>Para mais informa\u00e7\u00f5es acesse:<\/h5>\n<ul>\n<li><a href=\"https:\/\/sei.ufmg.br\/index.php\/2019\/08\/28\/bases-de-conhecimento\/?id=100000605\" target=\"_blank\" rel=\"noopener\">Base de conhecimento<\/a><\/li>\n<li><a href=\"https:\/\/www.ufmg.br\/prorh\/wp-content\/uploads\/2023\/09\/nps.pdf\" target=\"_blank\" rel=\"noopener\">Compilado de normas<\/a><\/li>\n<\/ul>\n<p>Para mais informa\u00e7\u00f5es sobre a abertura do processo, gentileza encaminhar consulta \u00e0 Divis\u00e3o de Provimento e Movimenta\u00e7\u00e3o (DPM\/DRH): admissaodocente@drh.ufmg.br.<\/p>\n<h5>Formul\u00e1rios relativos \u00e0 contrata\u00e7\u00e3o e rescis\u00e3o de contrato de professor substituto:<\/h5>\n<ul>\n<li><a href=\"https:\/\/www.ufmg.br\/prorh\/wp-content\/uploads\/2021\/11\/DAP-020-Declaracao-de-Acumulacao-de-Cargos-Empregos-Funcoes-e-Proventos-2.doc\" target=\"_blank\" rel=\"noopener\">Declara\u00e7\u00e3o de Acumula\u00e7\u00e3o de Cargos, Empregos, Fun\u00e7\u00f5es e Proventos<\/a><\/li>\n<li><em>Contrato por Prazo Determinado - Magist\u00e9rio (dispon\u00edvel no SEI)<\/em><\/li>\n<li><em>Rescis\u00e3o de Contrato por Prazo Determinado de Magist\u00e9rio (dispon\u00edvel no SEI)<\/em><\/li>\n<\/ul>\n<\/div><\/div><\/div><div class=\"ea-card  sp-ea-single\"><h3 class=\"ea-header\"><a class=\"collapsed\" data-sptoggle=\"spcollapse\" data-sptarget=#collapse10422 href=\"javascript:void(0)\" aria-expanded=\"false\"><i class=\"ea-expand-icon fa fa-plus\"><\/i> Prorroga\u00e7\u00e3o de Contrata\u00e7\u00e3o Professor Substituto<\/a><\/h3><div class=\"sp-collapse spcollapse spcollapse\" id=\"collapse10422\" data-parent=#sp-ea-1042><div class=\"ea-body\"><blockquote><p>\u00c9 a prorroga\u00e7\u00e3o da vig\u00eancia do contrato firmado entre o professor substituto e a Universidade.<\/p><\/blockquote>\n<p>A prorroga\u00e7\u00e3o de contrato de professor substituto depende das seguintes condi\u00e7\u00f5es, que s\u00e3o verificadas em parecer da Comiss\u00e3o Permanente de Pessoal Docente - CPPD:<\/p>\n<ol>\n<li><em> da manuten\u00e7\u00e3o das condi\u00e7\u00f5es legais que permitiram a contrata\u00e7\u00e3o por tempo determinado; <\/em><\/li>\n<li><em>nos casos de vac\u00e2ncia, da manuten\u00e7\u00e3o de vaga docente no departamento\/estrutura equivalente, que autorize a contrata\u00e7\u00e3o de professor substituto;<\/em><\/li>\n<li><em> da exist\u00eancia de disponibilidade or\u00e7ament\u00e1ria;<\/em><\/li>\n<li><em> da manuten\u00e7\u00e3o da quantidade de contratos de professor substituto e de professores visitantes dentro do limite <\/em><em>de vinte por cento do quantitativo total de docentes efetivos em cada uma das carreiras (Magist\u00e9rio Superior e Ensino B\u00e1sico, T\u00e9cnico e <\/em><em>Tecnol\u00f3gico);<\/em><\/li>\n<li><em> do limite m\u00e1ximo de 2 anos para a vig\u00eancia de contrato.<\/em><\/li>\n<\/ol>\n<p>A solicita\u00e7\u00e3o de prorroga\u00e7\u00e3o de contrato de professor substituto deve ser realizada por meio de abertura de processo do tipo \u201cPessoal: Prorroga\u00e7\u00e3o de contrato de professor substituto no Sistema Eletr\u00f4nico de Informa\u00e7\u00e3o - SEI.<\/p>\n<h5>Para mais informa\u00e7\u00f5es acesse:<\/h5>\n<ul>\n<li><a href=\"https:\/\/sei.ufmg.br\/index.php\/2019\/08\/28\/bases-de-conhecimento\/?id=100000530\" target=\"_blank\" rel=\"noopener\">Base de conhecimento<\/a><\/li>\n<li><a href=\"https:\/\/www.ufmg.br\/prorh\/wp-content\/uploads\/2023\/05\/nps.pdf\" target=\"_blank\" rel=\"noopener\">Compilado de normas<\/a><\/li>\n<\/ul>\n<p>Para mais informa\u00e7\u00f5es sobre a abertura do processo, gentileza encaminhar consulta \u00e0 Divis\u00e3o de Provimento e Movimenta\u00e7\u00e3o (DPM\/DRH): admissaodocente@drh.ufmg.br.<\/p>\n<\/div><\/div><\/div><\/div>\n<\/div><\/div><\/div><div class=\"ea-card  sp-ea-single\"><h3 class=\"ea-header\"><a class=\"collapsed\" data-sptoggle=\"spcollapse\" data-sptarget=#collapse7474 href=\"javascript:void(0)\" aria-expanded=\"false\"><i class=\"ea-expand-icon fa fa-plus\"><\/i> Professor Visitante e Visitante Estrangeiro<\/a><\/h3><div class=\"sp-collapse spcollapse spcollapse\" id=\"collapse7474\" data-parent=#sp-ea-747><div class=\"ea-body\"><div id=\"sp-ea-1044\" class=\"sp-ea-one sp-easy-accordion\" data-ex-icon=\"fa-minus\" data-col-icon=\"fa-plus\"  data-ea-active=\"ea-click\"  data-ea-mode=\"vertical\" data-preloader=\"\"><div class=\"ea-card  sp-ea-single\"><h3 class=\"ea-header\"><a class=\"collapsed\" data-sptoggle=\"spcollapse\" data-sptarget=#collapse10440 href=\"javascript:void(0)\" aria-expanded=\"false\"><i class=\"ea-expand-icon fa fa-plus\"><\/i> Contrata\u00e7\u00e3o de Professor Visitante e Visitante Estrangeiro <\/a><\/h3><div class=\"sp-collapse spcollapse spcollapse\" id=\"collapse10440\" data-parent=#sp-ea-1044><div class=\"ea-body\"><blockquote><p>\u00c9 a admiss\u00e3o de professor visitante e visitante estrangeiro por tempo determinado para atender \u00e0 necessidade tempor\u00e1ria de excepcional interesse p\u00fablico, obedecendo a condi\u00e7\u00f5es e prazos previstos na Lei n\u00ba 8.745, de 09\/12\/1993, ap\u00f3s sua aprova\u00e7\u00e3o em processo seletivo.<\/p><\/blockquote>\n<h5>Para mais informa\u00e7\u00f5es acesse:<\/h5>\n<ul>\n<li><a href=\"https:\/\/www.ufmg.br\/prorh\/wp-content\/uploads\/2025\/09\/cpv.pdf\" target=\"_blank\" rel=\"noopener\">Compilado de normas<\/a><\/li>\n<\/ul>\n<p>Para mais informa\u00e7\u00f5es sobre a abertura do processo, gentileza encaminhar consulta \u00e0 Divis\u00e3o de Provimento e Movimenta\u00e7\u00e3o (DPM\/DRH): admissaodocente@drh.ufmg.br.<\/p>\n<\/div><\/div><\/div><div class=\"ea-card  sp-ea-single\"><h3 class=\"ea-header\"><a class=\"collapsed\" data-sptoggle=\"spcollapse\" data-sptarget=#collapse10441 href=\"javascript:void(0)\" aria-expanded=\"false\"><i class=\"ea-expand-icon fa fa-plus\"><\/i> Prorroga\u00e7\u00e3o de Contrata\u00e7\u00e3o Professor Visitante e Visitante Estrangeiro<\/a><\/h3><div class=\"sp-collapse spcollapse spcollapse\" id=\"collapse10441\" data-parent=#sp-ea-1044><div class=\"ea-body\"><blockquote><p>\u00c9 a realiza\u00e7\u00e3o da prorroga\u00e7\u00e3o do contrato de professor visitante ou visitante estrangeiro, no interesse da UFMG, observando-se os prazos m\u00e1ximos estabelecidos em lei e no Edital do Processo Seletivo. A dura\u00e7\u00e3o m\u00e1xima permitida para o contrato de professor visitante \u00e9 de 2 anos e, para o professor visitante estrangeiro, de 4 anos.<\/p><\/blockquote>\n<p>A solicita\u00e7\u00e3o deve ser feita no Sistema Eletr\u00f4nico de Informa\u00e7\u00e3o - SEI por meio de processo do tipo: \u201cPessoal: Prorroga\u00e7\u00e3o Contrato Prof Visitante ou Visitante Estrangeiro\u201d<\/p>\n<h5>Para mais informa\u00e7\u00f5es acesse:<\/h5>\n<ul>\n<li><a href=\"https:\/\/sei.ufmg.br\/index.php\/2019\/08\/28\/bases-de-conhecimento\/?id=100000771\" target=\"_blank\" rel=\"noopener\">Base de conhecimento<\/a><\/li>\n<li><a href=\"https:\/\/www.ufmg.br\/prorh\/wp-content\/uploads\/2021\/11\/cve.pdf\" target=\"_blank\" rel=\"noopener\">Compilado de normas<\/a><\/li>\n<\/ul>\n<p>Para mais informa\u00e7\u00f5es sobre a abertura do processo, gentileza encaminhar consulta \u00e0 Divis\u00e3o de Provimento e Movimenta\u00e7\u00e3o (DPM\/DRH): admissaodocente@drh.ufmg.br.<\/p>\n<\/div><\/div><\/div><\/div>\n<\/div><\/div><\/div><div class=\"ea-card  sp-ea-single\"><h3 class=\"ea-header\"><a class=\"collapsed\" data-sptoggle=\"spcollapse\" data-sptarget=#collapse7475 href=\"javascript:void(0)\" aria-expanded=\"false\"><i class=\"ea-expand-icon fa fa-plus\"><\/i> Readapta\u00e7\u00e3o<\/a><\/h3><div class=\"sp-collapse spcollapse spcollapse\" id=\"collapse7475\" data-parent=#sp-ea-747><div class=\"ea-body\"><div id=\"sp-ea-1207\" class=\"sp-ea-one sp-easy-accordion\" data-ex-icon=\"fa-minus\" data-col-icon=\"fa-plus\"  data-ea-active=\"ea-click\"  data-ea-mode=\"vertical\" data-preloader=\"\"><div class=\"ea-card ea-expand sp-ea-single\"><h3 class=\"ea-header\"><a class=\"collapsed\" data-sptoggle=\"spcollapse\" data-sptarget=#collapse12070 href=\"javascript:void(0)\" aria-expanded=\"true\"><i class=\"ea-expand-icon fa fa-minus\"><\/i> Readapta\u00e7\u00e3o funcional de servidor por redu\u00e7\u00e3o da capacidade laboral<\/a><\/h3><div class=\"sp-collapse spcollapse collapsed show\" id=\"collapse12070\" data-parent=#sp-ea-1207><div class=\"ea-body\"><blockquote><p>Readapta\u00e7\u00e3o \u00e9 a investidura do servidor em cargo de atribui\u00e7\u00f5es e responsabilidades compat\u00edveis com a limita\u00e7\u00e3o que tenha sofrido em sua capacidade f\u00edsica ou mental verificada em inspe\u00e7\u00e3o m\u00e9dica\/odontol\u00f3gica (Art. 24 da Lei n\u00ba 8.112\/90; Manual de Per\u00edcia Oficial em Sa\u00fade do Servidor P\u00fablico Federal, 3\u00aa edi\u00e7\u00e3o).<\/p><\/blockquote>\n<p><strong>A recomenda\u00e7\u00e3o de Readapta\u00e7\u00e3o \u00e9 realizada pela per\u00edcia oficial em sa\u00fade\u00a0ap\u00f3s avalia\u00e7\u00e3o da capacidade laborativa do servidor. Desse modo, o fluxo de Readapta\u00e7\u00e3o, inicia-se com a Avalia\u00e7\u00e3o da Capacidade Laborativa.<\/strong><\/p>\n<\/div><\/div><\/div><\/div>\n<\/div><\/div><\/div><div class=\"ea-card  sp-ea-single\"><h3 class=\"ea-header\"><a class=\"collapsed\" data-sptoggle=\"spcollapse\" data-sptarget=#collapse7476 href=\"javascript:void(0)\" aria-expanded=\"false\"><i class=\"ea-expand-icon fa fa-plus\"><\/i> Recondu\u00e7\u00e3o<\/a><\/h3><div class=\"sp-collapse spcollapse spcollapse\" id=\"collapse7476\" data-parent=#sp-ea-747><div class=\"ea-body\"><blockquote><p>Consiste no retorno de servidor, ap\u00f3s exonera\u00e7\u00e3o, ao cargo em que atingiu estabilidade, na condi\u00e7\u00e3o de n\u00e3o ter adquirido a estabilidade em novo cargo p\u00fablico, seja por inabilita\u00e7\u00e3o ou desist\u00eancia do est\u00e1gio probat\u00f3rio nesse novo posto.<\/p><\/blockquote>\n<p>Caso o interessado deseje retornar ao cargo anterior e ocupe novo cargo p\u00fablico, atualmente, o recomendado \u00e9 entrar em contato com a Divis\u00e3o de Provimento e Movimenta\u00e7\u00e3o (DPM\/DRH), para que a data da recondu\u00e7\u00e3o seja equivalente \u00e0 data da exonera\u00e7\u00e3o do novo posto. No entanto, se ele j\u00e1 tiver sido exonerado, ter\u00e1 o prazo de at\u00e9 120 dias para solicitar a recondu\u00e7\u00e3o.<\/p>\n<h5>Para mais informa\u00e7\u00f5es acesse:<\/h5>\n<ul>\n<li><a href=\"https:\/\/www.ufmg.br\/prorh\/wp-content\/uploads\/2023\/08\/rcd.pdf\" target=\"_blank\" rel=\"noopener\">Compilado de normas<\/a><\/li>\n<li><a href=\"https:\/\/www.ufmg.br\/prorh\/wp-content\/uploads\/2021\/11\/Reconducao_formulario.pdf\" target=\"_blank\" rel=\"noopener\">Recondu\u00e7\u00e3o - formul\u00e1rio<\/a><\/li>\n<\/ul>\n<p>Para mais informa\u00e7\u00f5es sobre a abertura do processo, gentileza encaminhar consulta \u00e0 Divis\u00e3o de Provimento e Movimenta\u00e7\u00e3o (DPM\/DRH): dpm@drh.ufmg.br.<\/p>\n<\/div><\/div><\/div><div class=\"ea-card  sp-ea-single\"><h3 class=\"ea-header\"><a class=\"collapsed\" data-sptoggle=\"spcollapse\" data-sptarget=#collapse7477 href=\"javascript:void(0)\" aria-expanded=\"false\"><i class=\"ea-expand-icon fa fa-plus\"><\/i> Reintegra\u00e7\u00e3o<\/a><\/h3><div class=\"sp-collapse spcollapse spcollapse\" id=\"collapse7477\" data-parent=#sp-ea-747><div class=\"ea-body\"><blockquote><p>A reintegra\u00e7\u00e3o \u00e9 a reinvestidura do servidor est\u00e1vel no cargo anteriormente ocupado, ou no cargo resultante de sua transforma\u00e7\u00e3o, quando invalidada a sua demiss\u00e3o por decis\u00e3o administrativa ou judicial, com ressarcimento de todas as vantagens.<\/p><\/blockquote>\n<h5>Para mais informa\u00e7\u00f5es acesse:<\/h5>\n<ul>\n<li><a href=\"https:\/\/www.ufmg.br\/prorh\/wp-content\/uploads\/2024\/03\/rei.pdf\" target=\"_blank\" rel=\"noopener\">Compilado de normas<\/a><\/li>\n<\/ul>\n<p>Para mais informa\u00e7\u00f5es sobre a abertura do processo, gentileza encaminhar consulta \u00e0 Divis\u00e3o de Provimento e Movimenta\u00e7\u00e3o (DPM\/DRH): dpm@drh.ufmg.br.<\/p>\n<\/div><\/div><\/div><div class=\"ea-card  sp-ea-single\"><h3 class=\"ea-header\"><a class=\"collapsed\" data-sptoggle=\"spcollapse\" data-sptarget=#collapse7478 href=\"javascript:void(0)\" aria-expanded=\"false\"><i class=\"ea-expand-icon fa fa-plus\"><\/i> Revers\u00e3o de Aposentadoria<\/a><\/h3><div class=\"sp-collapse spcollapse spcollapse\" id=\"collapse7478\" data-parent=#sp-ea-747><div class=\"ea-body\"><div id=\"sp-ea-1043\" class=\"sp-ea-one sp-easy-accordion\" data-ex-icon=\"fa-minus\" data-col-icon=\"fa-plus\"  data-ea-active=\"ea-click\"  data-ea-mode=\"vertical\" data-preloader=\"\"><div class=\"ea-card ea-expand sp-ea-single\"><h3 class=\"ea-header\"><a class=\"collapsed\" data-sptoggle=\"spcollapse\" data-sptarget=#collapse10430 href=\"javascript:void(0)\" aria-expanded=\"true\"><i class=\"ea-expand-icon fa fa-minus\"><\/i> Revers\u00e3o de Aposentadoria<\/a><\/h3><div class=\"sp-collapse spcollapse collapsed show\" id=\"collapse10430\" data-parent=#sp-ea-1043><div class=\"ea-body\"><blockquote><p>\u00c9 o retorno \u00e0 ativa de servidor que tenha se aposentado: por invalidez, quando a junta m\u00e9dica declarar insubsistentes os motivos para aposentadoria; ou de forma volunt\u00e1ria, quando houver interesse da Administra\u00e7\u00e3o.<\/p><\/blockquote>\n<p>Na UFMG, existem 2 tipos de processos:<\/p>\n<ul>\n<li>Revers\u00e3o de aposentadoria por invalidez;<\/li>\n<li>Revers\u00e3o de aposentadoria no interesse da administra\u00e7\u00e3o (aposentadoria volunt\u00e1ria).<\/li>\n<\/ul>\n<h5>Para mais informa\u00e7\u00f5es, acesse:<\/h5>\n<ul>\n<li><a href=\"https:\/\/sei.ufmg.br\/index.php\/2019\/08\/28\/bases-de-conhecimento\/?id=100000515\" target=\"_blank\" rel=\"noopener\">Base de conhecimento<\/a><\/li>\n<li><a href=\"https:\/\/www.ufmg.br\/prorh\/wp-content\/uploads\/2025\/12\/rve.pdf\" target=\"_blank\" rel=\"noopener\">Compilado de normas<\/a><\/li>\n<\/ul>\n<p>Para mais informa\u00e7\u00f5es sobre a abertura do processo, gentileza encaminhar consulta \u00e0 Divis\u00e3o de Provimento e Movimenta\u00e7\u00e3o (DPM\/DRH): dpm@drh.ufmg.br.<\/p>\n<\/div><\/div><\/div><\/div>\n<\/div><\/div><\/div><\/div>\n<p>&nbsp;<\/p>\n","protected":false},"excerpt":{"rendered":"<p>Informa\u00e7\u00f5es sobre os processos de admiss\u00e3o e contrata\u00e7\u00e3o de servidores [&hellip;]<\/p>\n","protected":false},"author":1,"featured_media":0,"parent":0,"menu_order":0,"comment_status":"closed","ping_status":"closed","template":"","meta":[],"tags":[33,35,29,31,37,39,41,43,45,47],"_links":{"self":[{"href":"https:\/\/www.ufmg.br\/prorh\/wp-json\/wp\/v2\/pages\/382"}],"collection":[{"href":"https:\/\/www.ufmg.br\/prorh\/wp-json\/wp\/v2\/pages"}],"about":[{"href":"https:\/\/www.ufmg.br\/prorh\/wp-json\/wp\/v2\/types\/page"}],"author":[{"embeddable":true,"href":"https:\/\/www.ufmg.br\/prorh\/wp-json\/wp\/v2\/users\/1"}],"replies":[{"embeddable":true,"href":"https:\/\/www.ufmg.br\/prorh\/wp-json\/wp\/v2\/comments?post=382"}],"version-history":[{"count":21,"href":"https:\/\/www.ufmg.br\/prorh\/wp-json\/wp\/v2\/pages\/382\/revisions"}],"predecessor-version":[{"id":2403,"href":"https:\/\/www.ufmg.br\/prorh\/wp-json\/wp\/v2\/pages\/382\/revisions\/2403"}],"wp:attachment":[{"href":"https:\/\/www.ufmg.br\/prorh\/wp-json\/wp\/v2\/media?parent=382"}],"wp:term":[{"taxonomy":"post_tag","embeddable":true,"href":"https:\/\/www.ufmg.br\/prorh\/wp-json\/wp\/v2\/tags?post=382"}],"curies":[{"name":"wp","href":"https:\/\/api.w.org\/{rel}","templated":true}]}}