{"id":423,"date":"2021-07-24T00:13:19","date_gmt":"2021-07-24T03:13:19","guid":{"rendered":"https:\/\/www.ufmg.br\/prorh\/?page_id=423"},"modified":"2021-11-12T16:56:45","modified_gmt":"2021-11-12T19:56:45","slug":"cargos-em-comissao-e-funcoes-de-confianca","status":"publish","type":"page","link":"https:\/\/www.ufmg.br\/prorh\/cargos-em-comissao-e-funcoes-de-confianca\/","title":{"rendered":"Cargos em Comiss\u00e3o e Fun\u00e7\u00f5es de Confian\u00e7a"},"content":{"rendered":"<p>Aqui \u00e9 poss\u00edvel obter informa\u00e7\u00f5es gerais sobre Cargos em comiss\u00e3o e fun\u00e7\u00f5es de confian\u00e7a, informa\u00e7\u00e3o sobre normativos relacionados ao tema, quem tem direito e como solicitar um benef\u00edcio\/servi\u00e7o, fluxo dos processos com os documentos necess\u00e1rios, esclarecimentos quanto a prazos, e setores respons\u00e1veis pelo processo com dados de contato para mais informa\u00e7\u00f5es.<br \/>\n<h2 class=\"eap_section_title eap_section_title_963\"> Cargos em Comiss\u00e3o e Fun\u00e7\u00f5es de Confian\u00e7a <\/h2><div id=\"sp-ea-963\" class=\"sp-ea-one sp-easy-accordion\" data-ex-icon=\"fa-minus\" data-col-icon=\"fa-plus\"  data-ea-active=\"ea-click\"  data-ea-mode=\"vertical\" data-preloader=\"\"><div class=\"ea-card  sp-ea-single\"><h3 class=\"ea-header\"><a class=\"collapsed\" data-sptoggle=\"spcollapse\" data-sptarget=#collapse9630 href=\"javascript:void(0)\" aria-expanded=\"false\"><i class=\"ea-expand-icon fa fa-plus\"><\/i> Designa\u00e7\u00e3o\/Nomea\u00e7\u00e3o<\/a><\/h3><div class=\"sp-collapse spcollapse spcollapse\" id=\"collapse9630\" data-parent=#sp-ea-963><div class=\"ea-body\"><blockquote><p>Ato de investidura do servidor p\u00fablico federal no exerc\u00edcio de cargo em comiss\u00e3o ou fun\u00e7\u00e3o de confian\u00e7a, integrante do quadro de chefias da UFMG.<\/p><\/blockquote>\n<h5>Para mais informa\u00e7\u00f5es, acesse:<\/h5>\n<h5>Bases de conhecimento:<\/h5>\n<ul>\n<li style=\"list-style-type: none\">\n<ul>\n<li><a href=\"https:\/\/sei.ufmg.br\/index.php\/2019\/08\/28\/bases-de-conhecimento\/?id=100000521\" target=\"_blank\" rel=\"noopener\">Nomea\u00e7\u00e3o para Cargo de Dire\u00e7\u00e3o (CD)<\/a><\/li>\n<li><a href=\"https:\/\/sei.ufmg.br\/index.php\/2019\/08\/28\/bases-de-conhecimento\/?id=100000541\" target=\"_blank\" rel=\"noopener\">Designa\u00e7\u00e3o de Fun\u00e7\u00e3o Gratificada (FG) \/ Fun\u00e7\u00e3o de Coordenador de Curso (FCC)<\/a><\/li>\n<\/ul>\n<\/li>\n<li><a href=\"https:\/\/www.ufmg.br\/prorh\/wp-content\/uploads\/2025\/12\/cfc.pdf\" target=\"_blank\" rel=\"noopener\">Compilado de normas<\/a><\/li>\n<\/ul>\n<\/div><\/div><\/div><div class=\"ea-card  sp-ea-single\"><h3 class=\"ea-header\"><a class=\"collapsed\" data-sptoggle=\"spcollapse\" data-sptarget=#collapse9631 href=\"javascript:void(0)\" aria-expanded=\"false\"><i class=\"ea-expand-icon fa fa-plus\"><\/i> Dispensa\/Exonera\u00e7\u00e3o<\/a><\/h3><div class=\"sp-collapse spcollapse spcollapse\" id=\"collapse9631\" data-parent=#sp-ea-963><div class=\"ea-body\"><blockquote><p>Refere-se ao ato de dispensa da fun\u00e7\u00e3o de confian\u00e7a ou a exonera\u00e7\u00e3o do cargo em comiss\u00e3o eventualmente ocupado.<\/p><\/blockquote>\n<h5>Para mais informa\u00e7\u00f5es, acesse:<\/h5>\n<ul>\n<li>Bases de conhecimento:\n<ul>\n<li><a href=\"https:\/\/sei.ufmg.br\/index.php\/2019\/08\/28\/bases-de-conhecimento\/?id=100000536\" target=\"_blank\" rel=\"noopener\">Exonera\u00e7\u00e3o de Cargo de Dire\u00e7\u00e3o (CD)<\/a><\/li>\n<li><a href=\"https:\/\/sei.ufmg.br\/index.php\/2019\/08\/28\/bases-de-conhecimento\/?id=100000505\" target=\"_blank\" rel=\"noopener\">Dispensa de Fun\u00e7\u00e3o Gratificada (FG) \/ Fun\u00e7\u00e3o de Coordenador de Curso (FCC)<\/a><\/li>\n<\/ul>\n<\/li>\n<li><a href=\"https:\/\/www.ufmg.br\/prorh\/wp-content\/uploads\/2025\/12\/cfc.pdf\" target=\"_blank\" rel=\"noopener\">Compilado de normas<\/a><\/li>\n<\/ul>\n<\/div><\/div><\/div><div class=\"ea-card  sp-ea-single\"><h3 class=\"ea-header\"><a class=\"collapsed\" data-sptoggle=\"spcollapse\" data-sptarget=#collapse9632 href=\"javascript:void(0)\" aria-expanded=\"false\"><i class=\"ea-expand-icon fa fa-plus\"><\/i> Substitui\u00e7\u00e3o<\/a><\/h3><div class=\"sp-collapse spcollapse spcollapse\" id=\"collapse9632\" data-parent=#sp-ea-963><div class=\"ea-body\"><blockquote><p>\u00c9 o per\u00edodo em que o servidor permanece no exerc\u00edcio de cargo ou fun\u00e7\u00e3o de dire\u00e7\u00e3o ou chefia nos\u00a0afastamentos, impedimentos legais ou regulamentares do titular e na vac\u00e2ncia do cargo.<\/p><\/blockquote>\n<h5>Para mais informa\u00e7\u00f5es, acesse:<\/h5>\n<h5>Bases de conhecimento:<\/h5>\n<ul>\n<li style=\"list-style-type: none\">\n<ul>\n<li><a href=\"https:\/\/sei.ufmg.br\/index.php\/2019\/08\/28\/bases-de-conhecimento\/?id=100000502\" target=\"_blank\" rel=\"noopener\">Substitui\u00e7\u00e3o de Cargo de Dire\u00e7\u00e3o (CD)<\/a><\/li>\n<li><a href=\"https:\/\/sei.ufmg.br\/index.php\/2019\/08\/28\/bases-de-conhecimento\/?id=100000523\" target=\"_blank\" rel=\"noopener\">Substitui\u00e7\u00e3o de Fun\u00e7\u00e3o Gratificada (FG)<\/a><\/li>\n<li><a href=\"https:\/\/www.ufmg.br\/prorh\/wp-content\/uploads\/2025\/08\/sch.pdf\" target=\"_blank\" rel=\"noopener\">Compilado de normas<\/a><\/li>\n<li>FAQ - Perguntas frequentes (sob atualiza\u00e7\u00e3o)<\/li>\n<\/ul>\n<\/li>\n<\/ul>\n<\/div><\/div><\/div><\/div><\/p>\n<p>&nbsp;<\/p>\n","protected":false},"excerpt":{"rendered":"<p>Aqui \u00e9 poss\u00edvel obter informa\u00e7\u00f5es gerais sobre Cargos em comiss\u00e3o [&hellip;]<\/p>\n","protected":false},"author":1,"featured_media":0,"parent":0,"menu_order":0,"comment_status":"closed","ping_status":"closed","template":"","meta":[],"tags":[81,77,71,73,87,79,83,75,85],"_links":{"self":[{"href":"https:\/\/www.ufmg.br\/prorh\/wp-json\/wp\/v2\/pages\/423"}],"collection":[{"href":"https:\/\/www.ufmg.br\/prorh\/wp-json\/wp\/v2\/pages"}],"about":[{"href":"https:\/\/www.ufmg.br\/prorh\/wp-json\/wp\/v2\/types\/page"}],"author":[{"embeddable":true,"href":"https:\/\/www.ufmg.br\/prorh\/wp-json\/wp\/v2\/users\/1"}],"replies":[{"embeddable":true,"href":"https:\/\/www.ufmg.br\/prorh\/wp-json\/wp\/v2\/comments?post=423"}],"version-history":[{"count":8,"href":"https:\/\/www.ufmg.br\/prorh\/wp-json\/wp\/v2\/pages\/423\/revisions"}],"predecessor-version":[{"id":2077,"href":"https:\/\/www.ufmg.br\/prorh\/wp-json\/wp\/v2\/pages\/423\/revisions\/2077"}],"wp:attachment":[{"href":"https:\/\/www.ufmg.br\/prorh\/wp-json\/wp\/v2\/media?parent=423"}],"wp:term":[{"taxonomy":"post_tag","embeddable":true,"href":"https:\/\/www.ufmg.br\/prorh\/wp-json\/wp\/v2\/tags?post=423"}],"curies":[{"name":"wp","href":"https:\/\/api.w.org\/{rel}","templated":true}]}}