{"id":592,"date":"2021-07-26T21:24:30","date_gmt":"2021-07-27T00:24:30","guid":{"rendered":"https:\/\/www.ufmg.br\/prorh\/?page_id=592"},"modified":"2025-01-31T18:13:32","modified_gmt":"2025-01-31T21:13:32","slug":"noticias-e-publicacoes","status":"publish","type":"page","link":"https:\/\/www.ufmg.br\/prorh\/noticias-e-publicacoes\/","title":{"rendered":"Not\u00edcias e Publica\u00e7\u00f5es"},"content":{"rendered":"<p>&nbsp;<\/p>\n<p>&nbsp;<\/p>\n","protected":false},"excerpt":{"rendered":"<p>&nbsp; &nbsp;<\/p>\n","protected":false},"author":1,"featured_media":0,"parent":0,"menu_order":0,"comment_status":"closed","ping_status":"closed","template":"page-news.php","meta":[],"tags":[],"_links":{"self":[{"href":"https:\/\/www.ufmg.br\/prorh\/wp-json\/wp\/v2\/pages\/592"}],"collection":[{"href":"https:\/\/www.ufmg.br\/prorh\/wp-json\/wp\/v2\/pages"}],"about":[{"href":"https:\/\/www.ufmg.br\/prorh\/wp-json\/wp\/v2\/types\/page"}],"author":[{"embeddable":true,"href":"https:\/\/www.ufmg.br\/prorh\/wp-json\/wp\/v2\/users\/1"}],"replies":[{"embeddable":true,"href":"https:\/\/www.ufmg.br\/prorh\/wp-json\/wp\/v2\/comments?post=592"}],"version-history":[{"count":81,"href":"https:\/\/www.ufmg.br\/prorh\/wp-json\/wp\/v2\/pages\/592\/revisions"}],"predecessor-version":[{"id":4240,"href":"https:\/\/www.ufmg.br\/prorh\/wp-json\/wp\/v2\/pages\/592\/revisions\/4240"}],"wp:attachment":[{"href":"https:\/\/www.ufmg.br\/prorh\/wp-json\/wp\/v2\/media?parent=592"}],"wp:term":[{"taxonomy":"post_tag","embeddable":true,"href":"https:\/\/www.ufmg.br\/prorh\/wp-json\/wp\/v2\/tags?post=592"}],"curies":[{"name":"wp","href":"https:\/\/api.w.org\/{rel}","templated":true}]}}