{"id":2647,"date":"2022-10-13T11:40:43","date_gmt":"2022-10-13T14:40:43","guid":{"rendered":"https:\/\/www.ufmg.br\/prpg\/?page_id=2647"},"modified":"2022-10-18T12:21:07","modified_gmt":"2022-10-18T15:21:07","slug":"chamadas-prpg","status":"publish","type":"page","link":"https:\/\/www.ufmg.br\/prpg\/chamadas-prpg\/","title":{"rendered":"Chamadas PRPG"},"content":{"rendered":"<p>A Pr\u00f3-Reitoria de P\u00f3s-Gradua\u00e7\u00e3o da Universidade Federal de Minas Gerais torna p\u00fablicas as Chamadas Internas da PRPG<\/p>\n<div id=\"sp-ea-2649\" class=\"sp-ea-one sp-easy-accordion\" data-ex-icon=\"fa-minus\" data-col-icon=\"fa-plus\"  data-ea-active=\"ea-click\"  data-ea-mode=\"vertical\" data-preloader=\"\"><div class=\"ea-card ea-expand sp-ea-single\"><h3 class=\"ea-header\"><a class=\"collapsed\" data-sptoggle=\"spcollapse\" data-sptarget=\"#collapse26490\" href=\"javascript:void(0)\" aria-expanded=\"true\"><i class=\"ea-expand-icon fa fa-minus\"><\/i> 2025<\/a><\/h3><div class=\"sp-collapse spcollapse collapsed show\" id=\"collapse26490\" data-parent=\"#sp-ea-2649\"><div class=\"ea-body\"> <p><a href=\"https:\/\/www.ufmg.br\/prpg\/noticia\/chamada-interna-do-programa-institucional-de-bolsas-de-pos-graduacao-pibpg-bolsas-suplementares-cnpq\/\" target=\"_blank\" rel=\"noopener\">Chamada Interna 11-2025 \u2013 Programa Institucional de Bolsas de P\u00f3s-Gradua\u00e7\u00e3o (PIBPG) \u2013 Bolsas Suplementares CNPq<\/a><\/p>\n<p><a href=\"https:\/\/www.ufmg.br\/prpg\/wp-content\/uploads\/2025\/09\/10-Chamada_Interna_FAPEMIG_10-2025_-_Pos-Doutorado_no_Exterior_Final_assinado.pdf\" target=\"_blank\" rel=\"noopener\">Chamada Interna 10-2025 \u2013 EST\u00c1GIO P\u00d3S-DOUTORAL NO EXTERIOR<\/a><\/p>\n<p><a href=\"https:\/\/www.ufmg.br\/prpg\/wp-content\/uploads\/2025\/09\/9-Chamada_Interna_FAPEMIG_09-2025_Visitas_Tecnicas_a_UFMG_Final_assinado.pdf\" target=\"_blank\" rel=\"noopener\">Chamada Interna 09-2025 \u2013 VISITA T\u00c9CNICA DE PROFESSOR VISITANTE DO EXTERIOR<\/a><\/p>\n<p><a href=\"https:\/\/www.ufmg.br\/prpg\/wp-content\/uploads\/2025\/06\/Chamada_Interna_FAPEMIG_08-2025_-_Missoes_no_Exterior_Final_assinado.pdf\" target=\"_blank\" rel=\"noopener\">Chamada Interna 08-2025 \u2013 MISS\u00d5ES DE TRABALHO NO EXTERIOR<\/a><\/p>\n<p><a href=\"https:\/\/www.ufmg.br\/prpg\/wp-content\/uploads\/2025\/04\/Chamada_PRPG_2025_Bolsas_Suplementares_CAPES_assinado.pdf\" target=\"_blank\" rel=\"noopener\">Chamada Interna 07-2025 \u2013 Bolsas suplementares de mestrado e doutorado \u2013 CAPES<\/a><\/p>\n<p><a href=\"https:\/\/www.ufmg.br\/prpg\/wp-content\/uploads\/2025\/04\/Chamada_Bolsas_Suplementares_Edital_CNPq_50-2024_assinado.pdf\" target=\"_blank\" rel=\"noopener\">Chamada Interna 06-2025 \u2013 Programa Institucional de Bolsas de P\u00f3s-Gradua\u00e7\u00e3o (PIBPG) \u2013 Bolsas Suplementares CNPq<\/a><\/p>\n<p><a href=\"https:\/\/www.ufmg.br\/prpg\/wp-content\/uploads\/2025\/04\/PRPG_PRPq_Chamada_Conjunta_01-2025_Taxa_assinado_assinado.pdf\" target=\"_blank\" rel=\"noopener\">Chamada Conjunta PRPq\/PRPG 01-2025 \u2013 PROGRAMA INSTITUCIONAL DE PAGAMENTO DE TAXA DE PUBLICAC\u0327A\u0303O COM PARCERIA INTERNACIONAL EM PERIO\u0301DICOS INDEXADOS<\/a><\/p>\n<p><a href=\"https:\/\/www.ufmg.br\/prpg\/wp-content\/uploads\/2025\/04\/Chamada_PRPG_05-2025_PAME_assinado.pdf\" target=\"_blank\" rel=\"noopener\">Chamada 05-2025 \u2013 Programa de Apoio a Mestrandas(os) \u2013 PAME<\/a><\/p>\n<p><a href=\"https:\/\/www.ufmg.br\/prpg\/wp-content\/uploads\/2025\/04\/Chamada_PRPG_04-2025_PADO_assinado-1.pdf\" target=\"_blank\" rel=\"noopener\">Chamada 04-2025 \u2013 Programa de Apoio a Doutorandas(os) \u2013 PADO<\/a><\/p>\n<p><a href=\"https:\/\/www.ufmg.br\/prpg\/wp-content\/uploads\/2025\/02\/3.Chamada_Interna_FAPEMIG_03-2025_-_Pesquisador_Visitante_no_BRASIL_Final_assinado.pdf\" target=\"_blank\" rel=\"noopener\">Chamada Interna 03-2025 \u2013 PESQUISADOR VISITANTE NO BRASIL<\/a><\/p>\n<p><a href=\"https:\/\/www.ufmg.br\/prpg\/wp-content\/uploads\/2025\/02\/2.Chamada_Interna_FAPEMIG_02-2025_-_Pos-Doutorado_no_Exterior_Final_assinado.pdf\" target=\"_blank\" rel=\"noopener\">Chamada Interna 02-2025 \u2013 EST\u00c1GIO P\u00d3S-DOUTORAL NO EXTERIOR<\/a><\/p>\n<p><a href=\"https:\/\/www.ufmg.br\/prpg\/wp-content\/uploads\/2025\/02\/1.Chamada_Interna_FAPEMIG_01-2025_-_Doutorado_Sanduiche_no_Exterior_Final_assinado.pdf\" target=\"_blank\" rel=\"noopener\">Chamada Interna 01-2025 \u2013 DOUTORADO SANDU\u00cdCHE NO EXTERIOR<\/a><\/p>\n <\/div><\/div><\/div><div class=\"ea-card  sp-ea-single\"><h3 class=\"ea-header\"><a class=\"collapsed\" data-sptoggle=\"spcollapse\" data-sptarget=\"#collapse26491\" href=\"javascript:void(0)\" aria-expanded=\"false\"><i class=\"ea-expand-icon fa fa-plus\"><\/i> 2024<\/a><\/h3><div class=\"sp-collapse spcollapse \" id=\"collapse26491\" data-parent=\"#sp-ea-2649\"><div class=\"ea-body\"> <p><a href=\"https:\/\/www.ufmg.br\/prpg\/wp-content\/uploads\/2024\/12\/SEI_3848657_Edital_2903.pdf\" target=\"_blank\" rel=\"noopener\">Chamada Conjunta PRPG\/PROEX 01-2024 \u2013 PROEXT-PG<\/a><\/p>\n<p><a href=\"https:\/\/www.ufmg.br\/prpg\/wp-content\/uploads\/2024\/12\/SEI_3840840_Edital_2881.pdf\" target=\"_blank\" rel=\"noopener\">Chamada Conjunta PRPG\/PRPq 02-2024 \u2013 Programa Pr\u00f3-Equipamentos<\/a><\/p>\n<p><a href=\"https:\/\/www.ufmg.br\/prpg\/wp-content\/uploads\/2024\/08\/Chamada_PRPG_2024_Bolsas_Suplementares_CAPES_FINAL_assinado.pdf\" target=\"_blank\" rel=\"noopener\">Chamada Interna PRPG 09-2024 \u2013 Bolsas Suplementares de Mestrado e Doutorado \u2013 CAPES<\/a><\/p>\n<p><a href=\"https:\/\/www.ufmg.br\/prpg\/wp-content\/uploads\/2024\/05\/Chamada-08.2024-Misso%CC%83es-de-Trabalho-no-Exterior.pdf\" target=\"_blank\" rel=\"noopener\">Chamada Interna PRPG 08-2024 \u2013 Miss\u00f5es de Trabalho no Exterior<\/a><\/p>\n<p><a href=\"https:\/\/www.ufmg.br\/prpg\/wp-content\/uploads\/2024\/04\/Chamada_07-2024_Bolsas_Suplementares_CNPq_FINAL_assinado.pdf\" target=\"_blank\" rel=\"noopener\">Chamada Interna PRPG 07-2024 \u2013 PIBPG \u2013 Bolsas suplementares de mestrado e doutorado \u2013 CNPq<\/a><\/p>\n<p><a href=\"https:\/\/www.ufmg.br\/prpg\/wp-content\/uploads\/2024\/04\/Chamada-06.2024-FAPEMIG.pdf\" target=\"_blank\" rel=\"noopener\">Chamada Interna PRPG 06-2024 \u2013 PESQUISADOR VISITANTE NO BRASIL<\/a><\/p>\n<p><a href=\"https:\/\/www.ufmg.br\/prpg\/wp-content\/uploads\/2025\/12\/Chamada-05.2024-FAPEMIG.pdf\" target=\"_blank\" rel=\"noopener\">Chamada Interna PRPG 05-2024 \u2013 EST\u00c1GIO P\u00d3S-DOUTORAL NO EXTERIOR<\/a><\/p>\n<p><a href=\"https:\/\/www.ufmg.br\/prpg\/wp-content\/uploads\/2024\/04\/Chamada-04.2024-FAPEMIG.pdf\" target=\"_blank\" rel=\"noopener\">Chamada Interna PRPG 04-2024 \u2013 DOUTORADO SANDU\u00cdCHE NO EXTERIOR<\/a><\/p>\n<p><a href=\"https:\/\/www.ufmg.br\/prpg\/wp-content\/uploads\/2024\/04\/Proposta_de_edital_Capes_Solidariedade_2024_26-03-2024_Final_assinado.pdf\" target=\"_blank\" rel=\"noopener\">Chamada Interna PRPG 03-2024 \u2013 PDPG \u2013 SOLIDARIEDADE ACAD\u00caMICA<\/a><\/p>\n<p><a href=\"https:\/\/www.ufmg.br\/prpg\/wp-content\/uploads\/2024\/03\/Chamada_PRPG_02-2024_PAME_final_assinado.pdf\" target=\"_blank\" rel=\"noopener\">Chamada Interna PRPG 02-2024 \u2013 Programa de Apoio a Mestrandas(os) \u2013 PAME<\/a><\/p>\n<p><a href=\"https:\/\/www.ufmg.br\/prpg\/wp-content\/uploads\/2024\/03\/Chamada_PRPG_01-2024_PADO_final_assinado.pdf\" target=\"_blank\" rel=\"noopener\">Chamada Interna PRPG 01-2024 \u2013 Programa de Apoio a Doutorandas(os) \u2013 PADO<\/a><\/p>\n<p><a href=\"https:\/\/www.ufmg.br\/prpg\/wp-content\/uploads\/2024\/03\/PRPG_PRPq_Chamada_Conjunta_01_2024_Taxa_Publicacao_final_Assinado.pdf\" target=\"_blank\" rel=\"noopener\">Chamada Conjunta PRPq\/PRPG 01-2024 \u2013 PROGRAMA INSTITUCIONAL DE PAGAMENTO DE TAXA DE PUBLICAC\u0327A\u0303O COM PARCERIA INTERNACIONAL EM PERIO\u0301DICOS INDEXADOS<\/a><\/p>\n <\/div><\/div><\/div><div class=\"ea-card  sp-ea-single\"><h3 class=\"ea-header\"><a class=\"collapsed\" data-sptoggle=\"spcollapse\" data-sptarget=\"#collapse26492\" href=\"javascript:void(0)\" aria-expanded=\"false\"><i class=\"ea-expand-icon fa fa-plus\"><\/i> 2023<\/a><\/h3><div class=\"sp-collapse spcollapse \" id=\"collapse26492\" data-parent=\"#sp-ea-2649\"><div class=\"ea-body\"> <p><a href=\"https:\/\/www.ufmg.br\/prpg\/wp-content\/uploads\/2023\/06\/Chamada_PRPG_08-2023_PAME_final.pdf\" target=\"_blank\" rel=\"noopener\">Chamada Interna PRPG 08-2023 \u2013 Programa de Apoio a Mestrandas(os) \u2013PAME<\/a><\/p>\n<p><a href=\"https:\/\/www.ufmg.br\/prpg\/wp-content\/uploads\/2023\/06\/Chamada_PRPG_07-2023_PADO_final.pdf\" target=\"_blank\" rel=\"noopener\">Chamada Interna PRPG 07-2023 \u2013 Programa de Apoio a Doutorandas(os) \u2013 PADO<\/a><\/p>\n<p><a href=\"https:\/\/www.ufmg.br\/prpg\/wp-content\/uploads\/2023\/05\/Chamada-Interna-06_2023_MAI-DAI_Edital_CNPq_68-2022.pdf\" target=\"_blank\" rel=\"noopener\">Chamada Interna 06-2023 \u2013 MAI-DAI \u2013 CNPq Edital 68-2022<\/a><\/p>\n<p><a href=\"https:\/\/www.ufmg.br\/prpg\/wp-content\/uploads\/2023\/05\/Chamada_05_2023_Bolsas_Suplementares.pdf\" target=\"_blank\" rel=\"noopener\">Chamada Interna 05-2023 \u2013 Bolsas Suplementares \u2013 CNPQ<\/a><\/p>\n<p><a href=\"https:\/\/www.ufmg.br\/prpg\/wp-content\/uploads\/2023\/03\/Chamada-Interna-04.2023.pdf\" target=\"_blank\" rel=\"noopener\">Chamada Interna 04-2023 \u2013 CAPES PrINT<\/a><\/p>\n<p><a href=\"https:\/\/www.ufmg.br\/prpg\/wp-content\/uploads\/2023\/03\/Chamada-Interna-03.2023.pdf\" target=\"_blank\" rel=\"noopener\">Chamada Interna 03-2023 \u2013 CAPES PrINT<\/a><\/p>\n<p><a href=\"https:\/\/www.ufmg.br\/prpg\/wp-content\/uploads\/2023\/03\/Chamada-Interna-02.2023.pdf\" target=\"_blank\" rel=\"noopener\">Chamada Interna 02-2023 \u2013 CAPES PrINT<\/a><\/p>\n<p><a href=\"https:\/\/www.ufmg.br\/prpg\/wp-content\/uploads\/2023\/03\/Chamada-Interna-01.2023.pdf\" target=\"_blank\" rel=\"noopener\">Chamada Interna 01-2023 \u2013 CAPES PrINT<\/a><\/p>\n<p><a href=\"https:\/\/www.ufmg.br\/prpg\/wp-content\/uploads\/2023\/07\/PRPG_PRPq_Chamada_Conjunta_01_2023_Taxa_Publicacao.pdf\" target=\"_blank\" rel=\"noopener\">Chamada Conjunta PRPq\/PRPG 01.2023 \u2013 PROGRAMA INSTITUCIONAL DE PAGAMENTO DE TAXA DE PUBLICAC\u0327A\u0303O COM PARCERIA INTERNACIONAL EM PERIO\u0301DICOS INDEXADOS<\/a><\/p>\n <\/div><\/div><\/div><div class=\"ea-card  sp-ea-single\"><h3 class=\"ea-header\"><a class=\"collapsed\" data-sptoggle=\"spcollapse\" data-sptarget=\"#collapse26493\" href=\"javascript:void(0)\" aria-expanded=\"false\"><i class=\"ea-expand-icon fa fa-plus\"><\/i> 2022<\/a><\/h3><div class=\"sp-collapse spcollapse \" id=\"collapse26493\" data-parent=\"#sp-ea-2649\"><div class=\"ea-body\"> <p><a href=\"https:\/\/www.ufmg.br\/prpg\/wp-content\/uploads\/2022\/06\/Chamada-Interna-PRPG-03-2022-PAME.pdf\" target=\"_blank\" rel=\"noopener\">CHAMADA INTERNA PRPG 03-2022 \u2013 Programa de Apoio a Mestrandas(os) \u2013 PAME<\/a><\/p>\n<p><a href=\"https:\/\/www.ufmg.br\/prpg\/wp-content\/uploads\/2022\/05\/CHAMADA-INTERNA-PRPG-002-2022-Bolsas-Suplementares.pdf\" target=\"_blank\" rel=\"noopener\">CHAMADA INTERNA PRPG 02-2022 \u2013 Bolsas Suplementares<\/a><\/p>\n<p><a href=\"https:\/\/www.ufmg.br\/prpg\/wp-content\/uploads\/2022\/05\/CHAMADA-INTERNA-PRPG-001-2022-PADO.pdf\" target=\"_blank\" rel=\"noopener\">CHAMADA INTERNA PRPG 01-2022 \u2013 Programa de Apoio a Doutorandas(os) \u2013 PADO<\/a><\/p>\n<p><a href=\"https:\/\/www.ufmg.br\/prpg\/wp-content\/uploads\/2022\/07\/CHAMADA-INTERNA-FUNDO-FUNDEP-2022.pdf\" target=\"_blank\" rel=\"noopener\">CHAMADA CONJUNTA PROEX\/PROGRAD\/PRPG\/PRPq 01-2022 \u2013 FUNDO FUNDEP<\/a><\/p>\n<p><a href=\"https:\/\/www.ufmg.br\/prpg\/wp-content\/uploads\/2022\/09\/PRPG_PRPq_Edital-01_2022-Taxa-Publicacao_Final.pdf\" target=\"_blank\" rel=\"noopener\">CHAMADA CONJUNTA PRPG\/PRPQ 01-2022 \u2013 PROGRAMA INSTITUCIONAL DE PAGAMENTO DE TAXA DE PUBLICAC\u0327A\u0303O COM PARCERIA INTERNACIONAL EM PERIO\u0301DICOS INDEXADOS<\/a><\/p>\n <\/div><\/div><\/div><\/div>\n","protected":false},"excerpt":{"rendered":"<p>A Pr\u00f3-Reitoria de P\u00f3s-Gradua\u00e7\u00e3o da Universidade Federal de Minas Gerais [&hellip;]<\/p>\n","protected":false},"author":11,"featured_media":0,"parent":0,"menu_order":0,"comment_status":"closed","ping_status":"closed","template":"","meta":[],"tags":[29,31,23,27],"_links":{"self":[{"href":"https:\/\/www.ufmg.br\/prpg\/wp-json\/wp\/v2\/pages\/2647"}],"collection":[{"href":"https:\/\/www.ufmg.br\/prpg\/wp-json\/wp\/v2\/pages"}],"about":[{"href":"https:\/\/www.ufmg.br\/prpg\/wp-json\/wp\/v2\/types\/page"}],"author":[{"embeddable":true,"href":"https:\/\/www.ufmg.br\/prpg\/wp-json\/wp\/v2\/users\/11"}],"replies":[{"embeddable":true,"href":"https:\/\/www.ufmg.br\/prpg\/wp-json\/wp\/v2\/comments?post=2647"}],"version-history":[{"count":4,"href":"https:\/\/www.ufmg.br\/prpg\/wp-json\/wp\/v2\/pages\/2647\/revisions"}],"predecessor-version":[{"id":2674,"href":"https:\/\/www.ufmg.br\/prpg\/wp-json\/wp\/v2\/pages\/2647\/revisions\/2674"}],"wp:attachment":[{"href":"https:\/\/www.ufmg.br\/prpg\/wp-json\/wp\/v2\/media?parent=2647"}],"wp:term":[{"taxonomy":"post_tag","embeddable":true,"href":"https:\/\/www.ufmg.br\/prpg\/wp-json\/wp\/v2\/tags?post=2647"}],"curies":[{"name":"wp","href":"https:\/\/api.w.org\/{rel}","templated":true}]}}