{"id":342,"date":"2021-07-14T15:16:41","date_gmt":"2021-07-14T18:16:41","guid":{"rendered":"https:\/\/www.ufmg.br\/prpg\/?page_id=342"},"modified":"2025-10-03T09:23:30","modified_gmt":"2025-10-03T12:23:30","slug":"assessoria-internacional","status":"publish","type":"page","link":"https:\/\/www.ufmg.br\/prpg\/assessoria-internacional\/","title":{"rendered":"Assessoria de Assuntos Internacionais"},"content":{"rendered":"<p>A\u00a0<strong>Assessoria de Assuntos Internacionais\u00a0<\/strong>tem as seguintes atribui\u00e7\u00f5es:<\/p>\n<ul>\n<li>Providenciar documentos, como cartas de apoio e anu\u00eancias, requeridos para a candidatura de docentes e discentes p\u00f3s-graduandos da UFMG a editais de alcance internacional;<\/li>\n<li>Emitir pareceres sobre propostas de acordos e conv\u00eanios internacionais de interc\u00e2mbio acad\u00eamico e de titula\u00e7\u00e3o simult\u00e2nea de tese e de disserta\u00e7\u00e3o;<\/li>\n<li>Gerenciar o processo de participa\u00e7\u00e3o da UFMG em programas institucionais de internacionaliza\u00e7\u00e3o promovidos por ag\u00eancias de fomento no \u00e2mbito da p\u00f3s-gradua\u00e7\u00e3o, desde a elabora\u00e7\u00e3o das chamadas internas at\u00e9 o assessoramento do Grupo Gestor na sele\u00e7\u00e3o dos candidatos docentes e p\u00f3s-graduandos da UFMG e candidatos pesquisadores externos \u00e0 UFMG, brasileiros e estrangeiros;<\/li>\n<li>Implementar as bolsas referentes aos programas de internacionaliza\u00e7\u00e3o geridos pela AAI\/PRPG;<\/li>\n<li>Orientar docentes e p\u00f3s-graduandos da UFMG na mobilidade para o exterior, bem como orientar pesquisadores brasileiros e estrangeiros na mobilidade para a UFMG, no \u00e2mbito dos programas de internacionaliza\u00e7\u00e3o geridos pela AAI\/PRPG;<\/li>\n<li>Desenvolver a\u00e7\u00f5es em coopera\u00e7\u00e3o com a <a href=\"https:\/\/www.ufmg.br\/dri\/\" target=\"_blank\" rel=\"noopener\">Diretoria de Rela\u00e7\u00f5es Internacionais (DRI)<\/a> no \u00e2mbito da p\u00f3s-gradua\u00e7\u00e3o, a exemplo da emiss\u00e3o de pareceres sobre propostas de acordos e conv\u00eanios internacionais de interc\u00e2mbio e de titula\u00e7\u00e3o simult\u00e2nea.<\/li>\n<\/ul>\n<h4>Contatos:<\/h4>\n<ul>\n<li>E-mail: pg-internacional@prpg.ufmg.br<\/li>\n<li>Telefones: 3409-4647<\/li>\n<li>Sala 7026<\/li>\n<\/ul>\n","protected":false},"excerpt":{"rendered":"<p>A\u00a0Assessoria de Assuntos Internacionais\u00a0tem as seguintes atribui\u00e7\u00f5es: Providenciar documentos, como [&hellip;]<\/p>\n","protected":false},"author":1,"featured_media":0,"parent":0,"menu_order":0,"comment_status":"closed","ping_status":"closed","template":"","meta":[],"tags":[],"_links":{"self":[{"href":"https:\/\/www.ufmg.br\/prpg\/wp-json\/wp\/v2\/pages\/342"}],"collection":[{"href":"https:\/\/www.ufmg.br\/prpg\/wp-json\/wp\/v2\/pages"}],"about":[{"href":"https:\/\/www.ufmg.br\/prpg\/wp-json\/wp\/v2\/types\/page"}],"author":[{"embeddable":true,"href":"https:\/\/www.ufmg.br\/prpg\/wp-json\/wp\/v2\/users\/1"}],"replies":[{"embeddable":true,"href":"https:\/\/www.ufmg.br\/prpg\/wp-json\/wp\/v2\/comments?post=342"}],"version-history":[{"count":18,"href":"https:\/\/www.ufmg.br\/prpg\/wp-json\/wp\/v2\/pages\/342\/revisions"}],"predecessor-version":[{"id":4798,"href":"https:\/\/www.ufmg.br\/prpg\/wp-json\/wp\/v2\/pages\/342\/revisions\/4798"}],"wp:attachment":[{"href":"https:\/\/www.ufmg.br\/prpg\/wp-json\/wp\/v2\/media?parent=342"}],"wp:term":[{"taxonomy":"post_tag","embeddable":true,"href":"https:\/\/www.ufmg.br\/prpg\/wp-json\/wp\/v2\/tags?post=342"}],"curies":[{"name":"wp","href":"https:\/\/api.w.org\/{rel}","templated":true}]}}