{"id":356,"date":"2021-07-14T16:52:09","date_gmt":"2021-07-14T19:52:09","guid":{"rendered":"https:\/\/www.ufmg.br\/prpg\/?page_id=356"},"modified":"2025-10-03T08:38:06","modified_gmt":"2025-10-03T11:38:06","slug":"camara-introducao","status":"publish","type":"page","link":"https:\/\/www.ufmg.br\/prpg\/camara-introducao\/","title":{"rendered":"Introdu\u00e7\u00e3o"},"content":{"rendered":"<p style=\"color: #000000;\">A C\u00e2mara de P\u00f3s-Gradua\u00e7\u00e3o (CPG) integra o Conselho de Ensino, Pesquisa e Extens\u00e3o (CEPE) da Universidade (Art. 15 do <a href=\"https:\/\/www2.ufmg.br\/sods\/Sods\/Sobre-a-UFMG\/Estatuto\" target=\"_blank\" rel=\"noopener\">Estatuto da UFMG<\/a>).<\/p>\n<p style=\"color: #000000;\">O CEPE \u00e9 o \u00f3rg\u00e3o t\u00e9cnico de supervis\u00e3o e delibera\u00e7\u00e3o em mat\u00e9ria de ensino, pesquisa e extens\u00e3o (Art. 16 do <a href=\"https:\/\/www2.ufmg.br\/sods\/Sods\/Sobre-a-UFMG\/Estatuto\" target=\"_blank\" rel=\"noopener\">Est<\/a><a href=\"https:\/\/www2.ufmg.br\/sods\/Sods\/Sobre-a-UFMG\/Estatuto\" target=\"_blank\" rel=\"noopener\">atuto<\/a><a href=\"https:\/\/www2.ufmg.br\/sods\/Sods\/Sobre-a-UFMG\/Estatuto\" target=\"_blank\" rel=\"noopener\"> da UFMG<\/a>)<\/p>\n<p style=\"color: #000000;\">A CPG tem compet\u00eancia deliberativa em mat\u00e9rias de sua \u00e1rea espec\u00edfica, cabendo recurso para o plen\u00e1rio do CEPE (Art. 114 do <a href=\"https:\/\/www2.ufmg.br\/sods\/Sods\/Sobre-a-UFMG\/Regimento-Geral\" target=\"_blank\" rel=\"noopener\">Regimento Geral da UFMG<\/a>).<\/p>\n<p style=\"color: #000000;\">As atividades de p\u00f3s-gradua\u00e7\u00e3o da Universidade s\u00e3o reguladas pelas <a href=\"https:\/\/www.ufmg.br\/prpg\/wp-content\/uploads\/2021\/07\/Normas-Gerais-de-Pos-Graduacao-da-UFMG-\u2013-No-02-2017.pdf\" target=\"_blank\" rel=\"noopener\">Normas Gerais de P\u00f3s-Gradua\u00e7\u00e3o<\/a>, que englobam os dispositivos legais em vigor.<\/p>\n","protected":false},"excerpt":{"rendered":"<p>A C\u00e2mara de P\u00f3s-Gradua\u00e7\u00e3o (CPG) integra o Conselho de Ensino, [&hellip;]<\/p>\n","protected":false},"author":1,"featured_media":0,"parent":0,"menu_order":0,"comment_status":"closed","ping_status":"closed","template":"","meta":[],"tags":[],"_links":{"self":[{"href":"https:\/\/www.ufmg.br\/prpg\/wp-json\/wp\/v2\/pages\/356"}],"collection":[{"href":"https:\/\/www.ufmg.br\/prpg\/wp-json\/wp\/v2\/pages"}],"about":[{"href":"https:\/\/www.ufmg.br\/prpg\/wp-json\/wp\/v2\/types\/page"}],"author":[{"embeddable":true,"href":"https:\/\/www.ufmg.br\/prpg\/wp-json\/wp\/v2\/users\/1"}],"replies":[{"embeddable":true,"href":"https:\/\/www.ufmg.br\/prpg\/wp-json\/wp\/v2\/comments?post=356"}],"version-history":[{"count":14,"href":"https:\/\/www.ufmg.br\/prpg\/wp-json\/wp\/v2\/pages\/356\/revisions"}],"predecessor-version":[{"id":4795,"href":"https:\/\/www.ufmg.br\/prpg\/wp-json\/wp\/v2\/pages\/356\/revisions\/4795"}],"wp:attachment":[{"href":"https:\/\/www.ufmg.br\/prpg\/wp-json\/wp\/v2\/media?parent=356"}],"wp:term":[{"taxonomy":"post_tag","embeddable":true,"href":"https:\/\/www.ufmg.br\/prpg\/wp-json\/wp\/v2\/tags?post=356"}],"curies":[{"name":"wp","href":"https:\/\/api.w.org\/{rel}","templated":true}]}}