{"id":366,"date":"2021-07-16T11:45:22","date_gmt":"2021-07-16T14:45:22","guid":{"rendered":"https:\/\/www.ufmg.br\/prpg\/?page_id=366"},"modified":"2025-10-03T08:41:22","modified_gmt":"2025-10-03T11:41:22","slug":"camara-normas-academicas","status":"publish","type":"page","link":"https:\/\/www.ufmg.br\/prpg\/camara-normas-academicas\/","title":{"rendered":"Normas Acad\u00eamicas"},"content":{"rendered":"<h4><strong>Normas Gerais<\/strong><\/h4>\n<p>&nbsp;<\/p>\n<p align=\"justify\">A atividade de ensino de p\u00f3s-gradua\u00e7\u00e3o \u00e9 regulamentada pelo <a href=\"https:\/\/www2.ufmg.br\/sods\/Sods\/Sobre-a-UFMG\/Regimento-Geral\" target=\"_blank\" rel=\"noopener\">Regimento Geral<\/a> e pelas\u00a0<a href=\"https:\/\/www.ufmg.br\/prpg\/wp-content\/uploads\/2021\/07\/2017_02_NormasGeraisPos-Graduacao.pdf\" target=\"_blank\" rel=\"noopener\"><strong>Normas Gerais de P\u00f3s-Gradua\u00e7\u00e3o (NGPG)<\/strong><\/a> aprovadas pelo Conselho de Ensino, Pesquisa e Extens\u00e3o (CEPE). Os regulamentos dos cursos baseiam-se neste Regimento Geral e nas <strong>NGPG<\/strong>\u00a0e detalham o funcionamento de cada curso.<\/p>\n","protected":false},"excerpt":{"rendered":"<p>Normas Gerais &nbsp; A atividade de ensino de p\u00f3s-gradua\u00e7\u00e3o \u00e9 [&hellip;]<\/p>\n","protected":false},"author":1,"featured_media":0,"parent":0,"menu_order":0,"comment_status":"closed","ping_status":"closed","template":"","meta":[],"tags":[],"_links":{"self":[{"href":"https:\/\/www.ufmg.br\/prpg\/wp-json\/wp\/v2\/pages\/366"}],"collection":[{"href":"https:\/\/www.ufmg.br\/prpg\/wp-json\/wp\/v2\/pages"}],"about":[{"href":"https:\/\/www.ufmg.br\/prpg\/wp-json\/wp\/v2\/types\/page"}],"author":[{"embeddable":true,"href":"https:\/\/www.ufmg.br\/prpg\/wp-json\/wp\/v2\/users\/1"}],"replies":[{"embeddable":true,"href":"https:\/\/www.ufmg.br\/prpg\/wp-json\/wp\/v2\/comments?post=366"}],"version-history":[{"count":7,"href":"https:\/\/www.ufmg.br\/prpg\/wp-json\/wp\/v2\/pages\/366\/revisions"}],"predecessor-version":[{"id":4796,"href":"https:\/\/www.ufmg.br\/prpg\/wp-json\/wp\/v2\/pages\/366\/revisions\/4796"}],"wp:attachment":[{"href":"https:\/\/www.ufmg.br\/prpg\/wp-json\/wp\/v2\/media?parent=366"}],"wp:term":[{"taxonomy":"post_tag","embeddable":true,"href":"https:\/\/www.ufmg.br\/prpg\/wp-json\/wp\/v2\/tags?post=366"}],"curies":[{"name":"wp","href":"https:\/\/api.w.org\/{rel}","templated":true}]}}