{"id":379,"date":"2021-07-16T12:19:59","date_gmt":"2021-07-16T15:19:59","guid":{"rendered":"https:\/\/www.ufmg.br\/prpg\/?page_id=379"},"modified":"2025-10-08T14:10:35","modified_gmt":"2025-10-08T17:10:35","slug":"secretaria-administrativa","status":"publish","type":"page","link":"https:\/\/www.ufmg.br\/prpg\/secretaria-administrativa\/","title":{"rendered":"Secretaria Administrativa"},"content":{"rendered":"<p align=\"justify\">A <strong>Secretaria Administrativa<\/strong>\u00a0tem as seguintes atribui\u00e7\u00f5es:<\/p>\n<ul>\n<li>Acompanhar a tramita\u00e7\u00e3o dos processos de reconhecimento de diplomas estrangeiros;<\/li>\n<li>Agendar a utiliza\u00e7\u00e3o da sala de reuni\u00f5es;<\/li>\n<li>Agendar a utiliza\u00e7\u00e3o do ve\u00edculo oficial da PRPG;<\/li>\n<li>Atender ao p\u00fablico e encaminh\u00e1-lo aos respectivos setores;<\/li>\n<li>Controlar o estoque de material de consumo;<\/li>\n<li>Informar quais s\u00e3o os cursos de P\u00f3s-Gradua\u00e7\u00e3o oferecidos;<\/li>\n<li>Protocolar processos de reconhecimento de diplomas estrangeiros;<\/li>\n<li>Receber, distribuir e expedir correspond\u00eancias em geral.<\/li>\n<\/ul>\n<h4>Contatos:<\/h4>\n<ul>\n<li>E-mail: sadm@prpg.ufmg.br<\/li>\n<li>Telefones: 3409-4046, 3409-4044 e 3409-4040<\/li>\n<li>Sala 7005<\/li>\n<\/ul>\n<h4>Documentos para Download<\/h4>\n<div id=\"sp-ea-1764\" class=\"sp-ea-one sp-easy-accordion\" data-ex-icon=\"fa-minus\" data-col-icon=\"fa-plus\"  data-ea-active=\"ea-click\"  data-ea-mode=\"vertical\" data-preloader=\"\"><div class=\"ea-card  sp-ea-single\"><h3 class=\"ea-header\"><a class=\"collapsed\" data-sptoggle=\"spcollapse\" data-sptarget=\"#collapse17640\" href=\"javascript:void(0)\" aria-expanded=\"false\"><i class=\"ea-expand-icon fa fa-plus\"><\/i> NORMAS PARA RECONHECIMENTO DE T\u00cdTULOS DE P\u00d3S GRADUA\u00c7\u00c3O OBTIDOS NO EXTERIOR<\/a><\/h3><div class=\"sp-collapse spcollapse spcollapse\" id=\"collapse17640\" data-parent=\"#sp-ea-1764\"><div class=\"ea-body\"> <p><a href=\"https:\/\/www.ufmg.br\/prpg\/wp-content\/uploads\/2026\/03\/Edital-655-2026.pdf\" target=\"_blank\" rel=\"noopener\">EDITAL N\u00ba 655\/2026 - Reconhecimento de diplomas de P\u00f3s-Gradua\u00e7\u00e3o stricto sensu (mestrado e doutorado) expedidos por institui\u00e7\u00f5es estrangeiras de ensino superior<\/a><\/p>\n<p><a href=\"https:\/\/www.ufmg.br\/prpg\/wp-content\/uploads\/2026\/03\/TERMO-DE-COMPROMISSO-.pdf\">Termo de Compromisso 2026<\/a><\/p>\n<p><a href=\"https:\/\/www.ufmg.br\/prpg\/wp-content\/uploads\/2026\/03\/SEI_5056325_Portaria_2851.pdf\" target=\"_blank\" rel=\"noopener\">PORTARIA N\u00ba 2851\/2026 - Estabelece valores para cobran\u00e7a de taxa de inscri\u00e7\u00e3o para processos de reconhecimento de diplomas de P\u00f3s-Gradua\u00e7\u00e3o obtidos em institui\u00e7\u00f5es estrangeiras<\/a><\/p>\n<p><a href=\"https:\/\/www.ufmg.br\/prpg\/wp-content\/uploads\/2025\/03\/SEI_4019792_Portaria_1844.pdf\" target=\"_blank\" rel=\"noopener\">PORTARIA N\u00ba 1844\/2025 - Designa a Comiss\u00e3o Permanente de Reconhecimento de Diplomas de P\u00f3s-Gradua\u00e7\u00e3o Stricto Sensu obtidos no exterior<\/a><\/p>\n<p><a href=\"https:\/\/www.ufmg.br\/prpg\/wp-content\/uploads\/2026\/03\/SEI_4960840_Portaria_1524.pdf\" target=\"_blank\" rel=\"noopener\">PORTARIA N\u00ba 1524\/2026 - Designa a substitui\u00e7\u00e3o de um membro da Comiss\u00e3o Permanente de Reconhecimento de Diplomas de P\u00f3s-Gradua\u00e7\u00e3o stricto sensu obtidos no exterior<\/a><\/p>\n<p><a href=\"https:\/\/www.ufmg.br\/prpg\/wp-content\/uploads\/2026\/03\/SEI_5045134_Portaria_2714.pdf\" target=\"_blank\" rel=\"noopener\">PORTARIA N\u00ba 2714\/2026 - Designa a substitui\u00e7\u00e3o do Presidente da Comiss\u00e3o Permanente de Reconhecimento de Diplomas de P\u00f3s-Gradua\u00e7\u00e3o stricto sensu obtidos no exterior<\/a><\/p>\n<p><a href=\"https:\/\/www.ufmg.br\/prpg\/wp-content\/uploads\/2026\/03\/Relacao-de-Agencias-de-Acreditacao.pdf\" target=\"_blank\" rel=\"noopener\">Rela\u00e7\u00e3o de algumas agencias de acredita\u00e7\u00e3o<\/a><\/p>\n<p><a href=\"https:\/\/www.ufmg.br\/prpg\/wp-content\/uploads\/2021\/07\/Resolucao-Complementar-n\u00b0-01-2017.pdf\" target=\"_blank\" rel=\"noopener\">Resolu\u00e7\u00e3o Complementar N\u00ba 01\/2017 - Normas para reconhecimento de diplomas de p\u00f3s-gradua\u00e7\u00e3o stricto sensu obtidos no exterior<\/a><\/p>\n<p><a href=\"https:\/\/www.ufmg.br\/prpg\/wp-content\/uploads\/2021\/07\/Normas-Gerais-de-Pos-Graduacao-da-UFMG-\u2013-No-02-2017.pdf\" target=\"_blank\" rel=\"noopener\">Normas Gerais de P\u00f3s-Gradua\u00e7\u00e3o da UFMG<\/a><\/p>\n<p><a href=\"https:\/\/www.ufmg.br\/prpg\/wp-content\/uploads\/2021\/07\/Revisao-de-Decisao-Academica-ou-Administrativa-Tomada-por-Autoridade-ou-Orgao-da-UFMG.pdf\" target=\"_blank\" rel=\"noopener\">RESOLU\u00c7\u00c3O N\u00ba 13\/2010 - Revis\u00e3o de Decis\u00e3o Acad\u00eamica ou Administrativa Tomada por Autoridade ou \u00d3rg\u00e3o da UFMG<\/a><\/p>\n<p><a href=\"https:\/\/www2.ufmg.br\/sods\/Sods\/Sobre-a-UFMG\/Regimento-Geral\" target=\"_blank\" rel=\"noopener\">Regimento Geral da UFMG<\/a><\/p>\n <\/div><\/div><\/div><\/div>\n<p>&nbsp;<\/p>\n","protected":false},"excerpt":{"rendered":"<p>A Secretaria Administrativa\u00a0tem as seguintes atribui\u00e7\u00f5es: Acompanhar a tramita\u00e7\u00e3o dos [&hellip;]<\/p>\n","protected":false},"author":1,"featured_media":0,"parent":0,"menu_order":0,"comment_status":"closed","ping_status":"closed","template":"","meta":[],"tags":[],"_links":{"self":[{"href":"https:\/\/www.ufmg.br\/prpg\/wp-json\/wp\/v2\/pages\/379"}],"collection":[{"href":"https:\/\/www.ufmg.br\/prpg\/wp-json\/wp\/v2\/pages"}],"about":[{"href":"https:\/\/www.ufmg.br\/prpg\/wp-json\/wp\/v2\/types\/page"}],"author":[{"embeddable":true,"href":"https:\/\/www.ufmg.br\/prpg\/wp-json\/wp\/v2\/users\/1"}],"replies":[{"embeddable":true,"href":"https:\/\/www.ufmg.br\/prpg\/wp-json\/wp\/v2\/comments?post=379"}],"version-history":[{"count":16,"href":"https:\/\/www.ufmg.br\/prpg\/wp-json\/wp\/v2\/pages\/379\/revisions"}],"predecessor-version":[{"id":4814,"href":"https:\/\/www.ufmg.br\/prpg\/wp-json\/wp\/v2\/pages\/379\/revisions\/4814"}],"wp:attachment":[{"href":"https:\/\/www.ufmg.br\/prpg\/wp-json\/wp\/v2\/media?parent=379"}],"wp:term":[{"taxonomy":"post_tag","embeddable":true,"href":"https:\/\/www.ufmg.br\/prpg\/wp-json\/wp\/v2\/tags?post=379"}],"curies":[{"name":"wp","href":"https:\/\/api.w.org\/{rel}","templated":true}]}}