{"id":383,"date":"2021-07-16T12:30:25","date_gmt":"2021-07-16T15:30:25","guid":{"rendered":"https:\/\/www.ufmg.br\/prpg\/?page_id=383"},"modified":"2022-03-25T16:09:20","modified_gmt":"2022-03-25T19:09:20","slug":"especializacao","status":"publish","type":"page","link":"https:\/\/www.ufmg.br\/prpg\/especializacao\/","title":{"rendered":"Cursos de Especializa\u00e7\u00e3o"},"content":{"rendered":"<div class=\"container_cursos\"><\/div>\n<p>Endere\u00e7o eletr\u00f4nico dos cursos de Especializa\u00e7\u00e3o da UFMG<\/p>\n<div id=\"sp-ea-1814\" class=\"sp-ea-one sp-easy-accordion\" data-ex-icon=\"fa-minus\" data-col-icon=\"fa-plus\"  data-ea-active=\"ea-click\"  data-ea-mode=\"vertical\" data-preloader=\"\"><div class=\"ea-card ea-expand sp-ea-single\"><h3 class=\"ea-header\"><a class=\"collapsed\" data-sptoggle=\"spcollapse\" data-sptarget=\"#collapse18140\" href=\"javascript:void(0)\" aria-expanded=\"true\"><i class=\"ea-expand-icon fa fa-minus\"><\/i> TODOS OS CURSOS ATIVOS (ORDEM ALFAB\u00c9TICA)<\/a><\/h3><div class=\"sp-collapse spcollapse collapsed show\" id=\"collapse18140\" data-parent=\"#sp-ea-1814\"><div class=\"ea-body\"> <p><a href=\"https:\/\/www.espees.eng.ufmg.br\/cead\/\">AN\u00c1LISE E DIMENSIONAMENTO DE ESTRUTURAS DE CONCRETO ARMADO E A\u00c7O<\/a><br \/>\n<a href=\"http:\/\/www.eeffto.ufmg.br\/eeffto\/pos_graduacao\/treinamento_esportivo_pratica_e_pesquisa_especializacao\">CI\u00caNCIA DO TREINAMENTO ESPORTIVO<\/a><br \/>\n<a href=\"https:\/\/www.odonto.ufmg.br\/bucomaxilo\/\">CIRURGIA E TRAUMATOLOGIA BUCOMAXILOFACIAL<\/a><br \/>\n<a href=\"https:\/\/www.cursoseeventos.ufmg.br\/CAE\/DetalharCae.aspx?CAE=11458\">COMUNICA\u00c7\u00c3O P\u00daBLICA DA CI\u00caNCIA<\/a><br \/>\n<a href=\"https:\/\/www.arq.ufmg.br\/ea\/ensino\/cursos\/especializacao-em-sustentabilidade\/\">CONFORTO AMBIENTAL, EFICI\u00caNCIA ENERG\u00c9TICA E T\u00c9CNICAS DE CONSTRU\u00c7\u00c3O SUSTENT\u00c1VEL<\/a><br \/>\n<a href=\"https:\/\/pos.demc.ufmg.br\/novomestrado\/\">CONSTRU\u00c7\u00c3O CIVIL<\/a><br \/>\n<a href=\"https:\/\/www.cursoseeventos.ufmg.br\/CAE\/DetalharCae.aspx?CAE=11720\">CONTRATA\u00c7\u00d5ES P\u00daBLICAS<\/a><br \/>\n<a href=\"https:\/\/posgrad.odonto.ufmg.br\/especializacao-em-dentistica\/\">DENT\u00cdSTICA<\/a><br \/>\n<a href=\"https:\/\/www.direito.ufmg.br\/?page_id=9775\">DESIGN DE SISTEMAS APLICADO \u00c0 RESOLU\u00c7\u00c3O DE CONFLITOS E GEST\u00c3O PROCESSUAL<\/a><br \/>\n<a href=\"https:\/\/pos.direito.ufmg.br\/cursos-de-especializacao\/\">DIREITO ADMINISTRATIVO<\/a><br \/>\n<a href=\"https:\/\/www.fae.ufmg.br\/wp-content\/uploads\/2022\/08\/Edital-4-Especializacao-em-Educacao-do-Campo_-Versao-Final.pdf\">EDUCA\u00c7\u00c3O DO CAMPO: ESCOLA DA TERRA<\/a><br \/>\n<a href=\"https:\/\/www.cecimig.fae.ufmg.br\/cursos\/ceci\">EDUCA\u00c7\u00c3O EM CI\u00caNCIAS\/EAD<\/a><br \/>\n<a href=\"https:\/\/www.cp.ufmg.br\/noticia\/curso-de-especializacao-em-educacao-fisica-escolar-ufmg\/\">EDUCA\u00c7\u00c3O F\u00cdSICA ESCOLAR<\/a><br \/>\n<a href=\"https:\/\/www.cursoseeventos.ufmg.br\/CAE\/DetalharCae.aspx?CAE=11285\">ENFERMAGEM EM ESTOMATERAPIA<\/a><br \/>\n<a href=\"https:\/\/www.cursoseeventos.ufmg.br\/CAE\/DetalharCae.aspx?CAE=10597\">ENFERMAGEM HOSPITALAR<\/a><br \/>\n<a href=\"https:\/\/www.enf.ufmg.br\/index.php\/residencia-enfermagem-obstetrica\">ENFERMAGEM OBST\u00c9TRICA - MODALIDADE RESID\u00caNCIA<\/a><br \/>\n<a href=\"https:\/\/www.ceermin.demin.ufmg.br\/\">ENGENHARIA DE RECURSOS MINERAIS<\/a><br \/>\n<a href=\"https:\/\/www.ceermin.demin.ufmg.br\/\">ENGENHARIA DE RECURSOS MINERAIS\/EAD<\/a><br \/>\n<a href=\"https:\/\/www.eba.ufmg.br\/ceeav\/\">ENSINO DE ARTES VISUAIS E TECNOLOGIAS CONTEMPOR\u00c3NEAS\/EAD<\/a><br \/>\n<a href=\"https:\/\/sites.letras.ufmg.br\/especializacao\/gramatica-e-ensino\/\">ENSINO E GRAM\u00c1TICA: A INTERA\u00c7\u00c3O ENTRE A VIS\u00c3O GRAMATICAL E AS ABORDAGENS CONTEMPOR\u00c3NEAS\/EAD<\/a><br \/>\n<a href=\"https:\/\/fco.org.br\/cursos\/1419\/\">ERGONOMIA E PROJETO<\/a><br \/>\n<a href=\"https:\/\/www.est.ufmg.br\/portal\/especializacao\/\">ESTAT\u00cdSTICA APLICADA<\/a><br \/>\n<a href=\"https:\/\/www.est.ufmg.br\/portal\/especializacao-selecao\/\">ESTAT\u00cdSTICA COMPUTACIONAL APLICADA\/EAD<\/a><br \/>\n<a href=\"https:\/\/dees.ufmg.br\/index.php?option=com_content&amp;view=article&amp;id=1&amp;catid=12&amp;Itemid=101\">ESTRUTURAS<\/a><br \/>\n<a href=\"https:\/\/www.crisp.ufmg.br\/especializacao.html\">ESTUDOS DE CRIMINALIDADE E SEGURAN\u00c7A P\u00daBLICA<\/a><br \/>\n<a href=\"https:\/\/depto.icb.ufmg.br\/dfar\/index.php\/especializacao-em-farmacologia-ead\/\">FARMACOLOGIA<\/a><br \/>\n<a href=\"http:\/\/www.eeffto.ufmg.br\/eeffto\/pos_graduacao\/_curso_de_especializacao_em_fisioterapia_especializacao\/\">FISIOTERAPIA<\/a><br \/>\n<a href=\"http:\/\/www.renovaveis.cpdee.ufmg.br\/\">FONTES RENOV\u00c1VEIS - GERA\u00c7\u00c3O, OPERA\u00c7\u00c3O E INTEGRA\u00c7\u00c3O<\/a><br \/>\n<a href=\"https:\/\/www.fae.ufmg.br\/cursos-pos-graduacao\/\">FORMA\u00c7\u00c3O DE EDUCADORES PARA EDUCA\u00c7\u00c3O B\u00c1SICA<\/a><br \/>\n<a href=\"https:\/\/www.igc.ufmg.br\/processo-seletivo-especializacao-em-geoprocessamento-levantamento-e-interpretacao-de-solos\/\">GEOPROCESSAMENTO, LEVANTAMENTO E INTERPRETA\u00c7\u00c3O DE SOLOS\/EAD<\/a><br \/>\n<a href=\"https:\/\/cegeufmg.com.br\/\">GEST\u00c3O ESTRAT\u00c9GICA<\/a><br \/>\n<a href=\"https:\/\/www.face.ufmg.br\/departamentos\/ciencias-administrativas\/o-departamento.html\">GEST\u00c3O P\u00daBLICA\/EAD<\/a><br \/>\n<a href=\"https:\/\/sites.letras.ufmg.br\/especializacao\/gramatica-e-ensino\/\">GRAM\u00c1TICA E ENSINO: TRADI\u00c7\u00c3O GRAMATICAL E ABORDAGENS CONTEMPOR\u00c2NEAS<\/a><br \/>\n<a href=\"https:\/\/www.fundep.ufmg.br\/uploads\/EDITAL_CURSO_DE_ESPECIALIZACAO_EM_INGLES_ENSINO_E_APRENDIZAGEM_CEI_fe7901d56f.pdf?updated_at=2024-01-05T13:36:58.470Z\">INGL\u00caS: ENSINO E APRENDIZAGEM\/EAD<\/a><br \/>\n<a href=\"http:\/\/www.letras.ufmg.br\/proleitura\/\">L\u00cdNGUA PORTUGUESA: TEORIAS E PR\u00c1TICAS DE ENSINO DE LEITURA E PRODU\u00c7\u00c3O DE TEXTOS\/EAD<\/a><br \/>\n<a href=\"https:\/\/sites.letras.ufmg.br\/especializacao\/lingua-inglesa\/\">L\u00cdNGUA INGLESA<\/a><br \/>\n<a href=\"https:\/\/sites.letras.ufmg.br\/especializacao\/lte\/\">LINGUAGEM E TECNOLOGIA\/EAD<\/a><br \/>\n<a href=\"http:\/\/www.letras.ufmg.br\/padrao_cms\/index.php?web=linguagemjuridica&amp;lang=1&amp;page=&amp;menu=&amp;tipo=1\">LINGUAGEM JUR\u00cdDICA\/EAD<\/a><br \/>\n<a href=\"http:\/\/www.letras.ufmg.br\/padrao_cms\/?web=organiza&amp;lang=1&amp;page=&amp;menu=&amp;tipo=1\">LINGUAGEM ORGANIZACIONAL\/EAD<\/a><br \/>\n<a href=\"https:\/\/www.mat.ufmg.br\/posgrad\/especializacao-em-matematica-diurno\/\">MATEM\u00c1TICA<\/a><br \/>\n<a href=\"https:\/\/www.nescon.medicina.ufmg.br\/cursos\/curso\/curso-de-especializacao-em-medicina-de-familia-e-comunidade\/\">MEDICINA DE FAM\u00cdLIA E COMUNIDADE\/EAD<\/a><br \/>\n<a href=\"https:\/\/www.nescon.medicina.ufmg.br\/cursos\/curso\/curso-de-especializacao-em-medicina-de-familia-e-comunidade-fortalecendo-a-atencao-primaria-a-saude\/\">MEDICINA DE FAM\u00cdLIA E COMUNIDADE: FORTALECENDO A ATEN\u00c7\u00c3O PRIM\u00c1RIA \u00c0 SA\u00daDE\/EAD<\/a><br \/>\n<a href=\"https:\/\/www.icb.ufmg.br\/novas\/acontecenoicb\/1981-curso-de-especializacao-em-microbiologia-educacao-biotecnologia-e-saude-unica\">MICROBIOLOGIA: EDUCA\u00c7\u00c3O, BIOTECNOLOGIA E SA\u00daDE \u00daNICA<\/a><br \/>\n<a href=\"https:\/\/neurociencias.icb.ufmg.br\/especializacao\/\">NEUROCI\u00caNCIAS B\u00c1SICAS E APLICADAS<\/a><br \/>\n<a href=\"https:\/\/posgrad.odonto.ufmg.br\/especializacao-em-odontopediatria\/\">ODONTOPEDIATRIA<\/a><br \/>\n<a href=\"https:\/\/posgrad.odonto.ufmg.br\/especializacao-em-ortodontia\/\">ORTODONTIA<\/a><br \/>\n<a href=\"https:\/\/pos.demc.ufmg.br\/novomestrado\/\">PRODU\u00c7\u00c3O E GEST\u00c3O DO AMBIENTE CONSTRU\u00cdDO<\/a><br \/>\n<a href=\"https:\/\/www.fafich.ufmg.br\/cepc\/\">PSICOLOGIA CL\u00cdNICA: AN\u00c1LISE EXISTENCIAL E GESTALT-TERAPIA<\/a><br \/>\n<a href=\"https:\/\/posgrad.odonto.ufmg.br\/especializacao-em-radiologia-odontologica-e-imaginologia\/\">RADIOLOGIA ODONTOL\u00d3GICA E IMAGINOLOGIA<\/a><br \/>\n<a href=\"https:\/\/www.ufmg.br\/montesclaros\/erha\/\">RECURSOS H\u00cdDRICOS E AMBIENTAIS<\/a><br \/>\n<a href=\"https:\/\/vet.ufmg.br\/curso\/residencia\/\">RESID\u00caNCIA INTEGRADA EM MEDICINA VETERIN\u00c1RIA<\/a><br \/>\n<a href=\"https:\/\/www.medicina.ufmg.br\/cpg\/curso-de-especializacao-em-saude-do-adolescente\/\">SA\u00daDE DO ADOLESCENTE<\/a><br \/>\n<a href=\"https:\/\/possoldagem.demec.ufmg.br\/\">SOLDAGEM<\/a><br \/>\n<a href=\"https:\/\/possoldagem.demec.ufmg.br\/\">TECNOLOGIA E QUALIFICA\u00c7\u00c3O EM SOLDAGEM<\/a><br \/>\n<a href=\"https:\/\/tea-ufmg.wixsite.com\/tea-ufmg\/home\">TRANSTORNOS DO ESPECTRO DO AUTISMO<\/a><\/p>\n <\/div><\/div><\/div><div class=\"ea-card  sp-ea-single\"><h3 class=\"ea-header\"><a class=\"collapsed\" data-sptoggle=\"spcollapse\" data-sptarget=\"#collapse18141\" href=\"javascript:void(0)\" aria-expanded=\"false\"><i class=\"ea-expand-icon fa fa-plus\"><\/i> CI\u00caNCIAS AGR\u00c1RIAS<\/a><\/h3><div class=\"sp-collapse spcollapse \" id=\"collapse18141\" data-parent=\"#sp-ea-1814\"><div class=\"ea-body\"> <p>GEOPROCESSAMENTO, LEVANTAMENTO E INTERPRETA\u00c7\u00c3O DE SOLOS\/EAD<\/p>\n<p>RECURSOS H\u00cdDRICOS E AMBIENTAIS<\/p>\n<p>RESID\u00caNCIA INTEGRADA EM MEDICINA VETERIN\u00c1RIA<\/p>\n <\/div><\/div><\/div><div class=\"ea-card  sp-ea-single\"><h3 class=\"ea-header\"><a class=\"collapsed\" data-sptoggle=\"spcollapse\" data-sptarget=\"#collapse18142\" href=\"javascript:void(0)\" aria-expanded=\"false\"><i class=\"ea-expand-icon fa fa-plus\"><\/i> CI\u00caNCIAS BIOL\u00d3GICAS<\/a><\/h3><div class=\"sp-collapse spcollapse \" id=\"collapse18142\" data-parent=\"#sp-ea-1814\"><div class=\"ea-body\"> <p>FARMACOLOGIA<\/p>\n<p>MICROBIOLOGIA: EDUCA\u00c7\u00c3O, BIOTECNOLOGIA E SA\u00daDE \u00daNICA<\/p>\n<p>NEUROCI\u00caNCIAS B\u00c1SICAS E APLICADAS<\/p>\n <\/div><\/div><\/div><div class=\"ea-card  sp-ea-single\"><h3 class=\"ea-header\"><a class=\"collapsed\" data-sptoggle=\"spcollapse\" data-sptarget=\"#collapse18143\" href=\"javascript:void(0)\" aria-expanded=\"false\"><i class=\"ea-expand-icon fa fa-plus\"><\/i> CI\u00caNCIAS DA SA\u00daDE<\/a><\/h3><div class=\"sp-collapse spcollapse \" id=\"collapse18143\" data-parent=\"#sp-ea-1814\"><div class=\"ea-body\"> <p>CI\u00caNCIA DO TREINAMENTO ESPORTIVO<\/p>\n<p>CIRURGIA E TRAUMATOLOGIA BUCOMAXILOFACIAL<\/p>\n<p>DENT\u00cdSTICA\/E<\/p>\n<p>ENFERMAGEM EM ESTOMATERAPIA<\/p>\n<p>ENFERMAGEM HOSPITALAR<\/p>\n<p>ENFERMAGEM OBST\u00c9TRICA - MODALIDADE RESID\u00caNCIA<\/p>\n<p>FISIOTERAPIA<\/p>\n<p>MEDICINA DE FAM\u00cdLIA E COMUNIDADE\/EAD<\/p>\n<p>MEDICINA DE FAM\u00cdLIA E COMUNIDADE: FORTALECENDO A ATEN\u00c7\u00c3O PRIM\u00c1RIA \u00c0 SA\u00daDE\/EAD<\/p>\n<p>ODONTOPEDIATRIA<\/p>\n<p>ORTODONTIA<\/p>\n<p>RADIOLOGIA ODONTOL\u00d3GICA E IMAGINOLOGIA<\/p>\n<p>SA\u00daDE DO ADOLESCENTE<\/p>\n <\/div><\/div><\/div><div class=\"ea-card  sp-ea-single\"><h3 class=\"ea-header\"><a class=\"collapsed\" data-sptoggle=\"spcollapse\" data-sptarget=\"#collapse18144\" href=\"javascript:void(0)\" aria-expanded=\"false\"><i class=\"ea-expand-icon fa fa-plus\"><\/i> CI\u00caNCIAS EXATAS E DA TERRA<\/a><\/h3><div class=\"sp-collapse spcollapse \" id=\"collapse18144\" data-parent=\"#sp-ea-1814\"><div class=\"ea-body\"> <p>ESTAT\u00cdSTICA APLICADA<\/p>\n<p>ESTAT\u00cdSTICA COMPUTACIONAL APLICADA\/EAD<\/p>\n<p>MATEM\u00c1TICA<\/p>\n <\/div><\/div><\/div><div class=\"ea-card  sp-ea-single\"><h3 class=\"ea-header\"><a class=\"collapsed\" data-sptoggle=\"spcollapse\" data-sptarget=\"#collapse18145\" href=\"javascript:void(0)\" aria-expanded=\"false\"><i class=\"ea-expand-icon fa fa-plus\"><\/i> ENGENHARIAS<\/a><\/h3><div class=\"sp-collapse spcollapse \" id=\"collapse18145\" data-parent=\"#sp-ea-1814\"><div class=\"ea-body\"> <p>AN\u00c1LISE E DIMENSIONAMENTO DE ESTRUTURAS DE CONCRETO ARMADO E A\u00c7O<\/p>\n<p>CONSTRU\u00c7\u00c3O CIVIL<\/p>\n<p>ENGENHARIA DE RECURSOS MINERAIS<\/p>\n<p>ENGENHARIA DE RECURSOS MINERAIS\/EAD<\/p>\n<p>ERGONOMIA E PROJETO<\/p>\n<p>ESTRUTURAS<\/p>\n<p>FONTES RENOV\u00c1VEIS - GERA\u00c7\u00c3O, OPERA\u00c7\u00c3O E INTEGRA\u00c7\u00c3O<\/p>\n<p>PRODU\u00c7\u00c3O E GEST\u00c3O DO AMBIENTE CONSTRU\u00cdDO<\/p>\n<p>SOLDAGEM<\/p>\n<p>TECNOLOGIA E QUALIFICA\u00c7\u00c3O EM SOLDAGEM<\/p>\n <\/div><\/div><\/div><div class=\"ea-card  sp-ea-single\"><h3 class=\"ea-header\"><a class=\"collapsed\" data-sptoggle=\"spcollapse\" data-sptarget=\"#collapse18146\" href=\"javascript:void(0)\" aria-expanded=\"false\"><i class=\"ea-expand-icon fa fa-plus\"><\/i> CI\u00caNCIAS HUMANAS<\/a><\/h3><div class=\"sp-collapse spcollapse \" id=\"collapse18146\" data-parent=\"#sp-ea-1814\"><div class=\"ea-body\"> <p>COMUNICA\u00c7\u00c3O P\u00daBLICA DA CI\u00caNCIA<\/p>\n<p>EDUCA\u00c7\u00c3O DO CAMPO: ESCOLA DA TERRA<\/p>\n<p>EDUCA\u00c7\u00c3O EM CI\u00caNCIAS\/EAD<\/p>\n<p>EDUCA\u00c7\u00c3O F\u00cdSICA ESCOLAR<\/p>\n<p>ESTUDOS CRIMINALIDADE E SEGURAN\u00c7A P\u00daBLICA<\/p>\n<p>FORMA\u00c7\u00c3O DE EDUCADORES PARA EDUCA\u00c7\u00c3O B\u00c1SICA<\/p>\n<p>PSICOLOGIA CL\u00cdNICA: AN\u00c1LISE EXISTENCIAL E GESTALT-TERAPIA<\/p>\n<p>TRANSTORNOS DO ESPECTRO DO AUTISMO<\/p>\n <\/div><\/div><\/div><div class=\"ea-card  sp-ea-single\"><h3 class=\"ea-header\"><a class=\"collapsed\" data-sptoggle=\"spcollapse\" data-sptarget=\"#collapse18147\" href=\"javascript:void(0)\" aria-expanded=\"false\"><i class=\"ea-expand-icon fa fa-plus\"><\/i> CI\u00caNCIAS SOCIAIS APLICADAS<\/a><\/h3><div class=\"sp-collapse spcollapse \" id=\"collapse18147\" data-parent=\"#sp-ea-1814\"><div class=\"ea-body\"> <p>CONFORTO AMBIENTAL, EFICI\u00caNCIA ENERG\u00c9TICA E T\u00c9CNICAS DE CONSTRU\u00c7\u00c3O SUSTENT\u00c1VEL<\/p>\n<p>CONTRATA\u00c7\u00d5ES P\u00daBLICAS<\/p>\n<p>DESIGN DE SISTEMAS APLICADO \u00c0 RESOLU\u00c7\u00c3O DE CONFLITOS E GEST\u00c3O PROCESSUAL<\/p>\n<p>DIREITO ADMINISTRATIVO<\/p>\n<p>GEST\u00c3O ESTRAT\u00c9GICA<\/p>\n<p>GEST\u00c3O P\u00daBLICA\/EAD<\/p>\n <\/div><\/div><\/div><div class=\"ea-card  sp-ea-single\"><h3 class=\"ea-header\"><a class=\"collapsed\" data-sptoggle=\"spcollapse\" data-sptarget=\"#collapse18148\" href=\"javascript:void(0)\" aria-expanded=\"false\"><i class=\"ea-expand-icon fa fa-plus\"><\/i> LINGU\u00cdSTICA, LETRAS E ARTES<\/a><\/h3><div class=\"sp-collapse spcollapse \" id=\"collapse18148\" data-parent=\"#sp-ea-1814\"><div class=\"ea-body\"> <p>ENSINO DE ARTES VISUAIS E TECNOLGIAS CONTEMPOR\u00c3NEAS\/EAD<\/p>\n<p>ENSINO E GRAM\u00c1TICA: A INTERA\u00c7\u00c3O ENTRE A VIS\u00c3O GRAMATICAL E AS ABORDAGENS CONTEMPOR\u00c3NEAS\/EAD<\/p>\n<p>GRAM\u00c1TICA E ENSINO: TRADI\u00c7\u00c3O GRAMATICAL E ABORDAGENS CONTEMPOR\u00c2NEAS<\/p>\n<p>INGL\u00caS: ENSINO E APRENDIZAGEM\/EAD<\/p>\n<p>L\u00cdNGUA PORTUGUESA: TEORIAS E PR\u00c1TICAS DE ENSINO DE LEITURA E PRODU\u00c7\u00c3O DE TEXTOS\/EAD<\/p>\n<p>L\u00cdNGUA INGLESA<\/p>\n<p>LINGUAGEM E TECNOLOGIA\/EAD<\/p>\n<p>LINGUAGEM JUR\u00cdDICA\/EAD<\/p>\n<p>LINGUAGEM ORGANIZACIONAL\/EAD<\/p>\n <\/div><\/div><\/div><div class=\"ea-card  sp-ea-single\"><h3 class=\"ea-header\"><a class=\"collapsed\" data-sptoggle=\"spcollapse\" data-sptarget=\"#collapse18149\" href=\"javascript:void(0)\" aria-expanded=\"false\"><i class=\"ea-expand-icon fa fa-plus\"><\/i> CURSOS INATIVOS <\/a><\/h3><div class=\"sp-collapse spcollapse \" id=\"collapse18149\" data-parent=\"#sp-ea-1814\"><div class=\"ea-body\"> <ul>\n<li class=\"cursos\"><a title=\"An\u00e1lise Pluridisciplinar sobre Situa\u00e7\u00f5es de Trabalho\" href=\"http:\/\/www.fae.ufmg.br\/pagina.php?page=daisy\" target=\"_blank\" rel=\"noopener\">An\u00e1lise Pluridisciplinar sobre Situa\u00e7\u00f5es de Trabalho(INATIVO)<\/a><\/li>\n<li class=\"cursos\"><a title=\"An\u00e1lises Cl\u00ednicas e Toxicol\u00f3gicas\" href=\"http:\/\/www.farmacia.ufmg.br\/ppgact\/\" target=\"_blank\" rel=\"noopener\">An\u00e1lises Cl\u00ednicas e Toxicol\u00f3gicas(INATIVO)<\/a><\/li>\n<li class=\"cursos\"><a title=\"Assist\u00eancia de Enfermagem de M\u00e9dia e Alta Complexidade\" href=\"http:\/\/www.enf.ufmg.br\/index.php\/assistencia-de-enfermagem-de-media-e-alta-complexidade-ceaemac\" target=\"_blank\" rel=\"noopener\">Assist\u00eancia de Enfermagem de M\u00e9dia e Alta Complexidade(INATIVO)<\/a><\/li>\n<li class=\"cursos\"><a title=\"Auditoria Externa e Interna\" href=\"http:\/\/www.cepcon.face.ufmg.br\/cursos\/especializacao\/especializacao.html\" target=\"_blank\" rel=\"noopener\">Auditoria Externa e Interna(INATIVO)<\/a><\/li>\n<li class=\"cursos\"><a title=\"Avan\u00e7os Cl\u00ednicos em Fisioterapia\" href=\"http:\/\/www.eeffto.ufmg.br\/eeffto\/pos_graduacao\/avancos_clanicos_em_fisioterapia_especializacao\" target=\"_blank\" rel=\"noopener\">Avan\u00e7os Cl\u00ednicos em Fisioterapia(INATIVO)<\/a><\/li>\n<li class=\"cursos\"><a title=\"Cardiologia Pedi\u00e1trica\" href=\"http:\/\/site.medicina.ufmg.br\/cpg\/especializacao\/\" target=\"_blank\" rel=\"noopener\">Cardiologia Pedi\u00e1trica(INATIVO)<\/a><\/li>\n<li class=\"cursos\"><a title=\"Comunica\u00e7\u00e3o\" href=\"http:\/\/www.fafich.ufmg.br\/dcs\/\" target=\"_blank\" rel=\"noopener\">Comunica\u00e7\u00e3o(INATIVO)<\/a><\/li>\n<li class=\"cursos\"><a title=\"Direito Militar\" href=\"https:\/\/pos.direito.ufmg.br\/direitomilitar\/\" target=\"_blank\" rel=\"noopener\">Direito Militar(INATIVO)<\/a><\/li>\n<li class=\"cursos\"><a title=\"Doc\u00eancia na Educa\u00e7\u00e3o Infantil\" href=\"http:\/\/www.fae.ufmg.br\/pagina.php?page=docei\" target=\"_blank\" rel=\"noopener\">Doc\u00eancia na Educa\u00e7\u00e3o Infantil(INATIVO)<\/a><\/li>\n<li class=\"cursos\"><a title=\"Educa\u00e7\u00e3o em Ci\u00eancias para Professores do Ensino Fundamental I\" href=\"http:\/\/www.cecimig.fae.ufmg.br\/index.php\/cursos\/ecef\" target=\"_blank\" rel=\"noopener\">Educa\u00e7\u00e3o em Ci\u00eancias para Professores do Ensino Fundamental I(INATIVO)<\/a><\/li>\n<li class=\"cursos\"><a title=\"Educa\u00e7\u00e3o, Pobreza e Desigualdade Social (EAD)\" href=\"http:\/\/www.fae.ufmg.br\/pagina.php?page=rosi1\" target=\"_blank\" rel=\"noopener\">Educa\u00e7\u00e3o, Pobreza e Desigualdade Social (EAD)(INATIVO)<\/a><\/li>\n<li class=\"cursos\"><a title=\"Endocrinologia Pedi\u00e1trica\" href=\"https:\/\/site.medicina.ufmg.br\/cpg\/especializacao\/\" target=\"_blank\" rel=\"noopener\">Endocrinologia Pedi\u00e1trica(INATIVO)<\/a><\/li>\n<li class=\"cursos\"><a title=\"Endodontia\" href=\"https:\/\/www.odonto.ufmg.br\/posgrad\/especializacao-em-endodontia\/\" target=\"_blank\" rel=\"noopener\">Endodontia(INATIVO)<\/a><\/li>\n<li class=\"cursos\"><a title=\"Fonoaudiologia\" href=\"http:\/\/site.medicina.ufmg.br\/cpgfonoaudiologia\/\" target=\"_blank\" rel=\"noopener\">Fonoaudiologia(INATIVO)<\/a><\/li>\n<li class=\"cursos\"><a title=\"Forma\u00e7\u00e3o de Educadores em Sa\u00fade (EAD)\" href=\"http:\/\/www.enf.ufmg.br\/index.php\/formacao-pedagogica-em-educacao-profissional-na-area-da-saude-cefpeps\" target=\"_blank\" rel=\"noopener\">Forma\u00e7\u00e3o de Educadores em Sa\u00fade (EAD)(INATIVO)<\/a><\/li>\n<li class=\"cursos\"><a title=\"Gastroenterologia Pedi\u00e1trica\" href=\"http:\/\/site.medicina.ufmg.br\/cpg\/especializacao\/\" target=\"_blank\" rel=\"noopener\">Gastroenterologia Pedi\u00e1trica(INATIVO)<\/a><\/li>\n<li class=\"cursos\"><a title=\"Georreferenciamento de Im\u00f3veis Rurais\" href=\"http:\/\/www.igc.ufmg.br\/index.php?option=com_content&view=article&id=353:cursoeventos&catid=14:pos-graduacao&Itemid=129\" target=\"_blank\" rel=\"noopener\">Georreferenciamento de Im\u00f3veis Rurais(INATIVO)<\/a><\/li>\n<li class=\"cursos\"><a title=\"Gerenciamento de Recursos H\u00eddricos\" href=\"https:\/\/www.icb.ufmg.br\/pos-graduacao\/especializacoes\/gerenciamento-de-recursos-hidricos\" target=\"_blank\" rel=\"noopener\">Gerenciamento de Recursos H\u00eddricos(INATIVO)<\/a><\/li>\n<li class=\"cursos\"><a title=\"Gest\u00e3o de Informa\u00e7\u00e3o e Pessoas\" href=\"http:\/\/niteg.eci.ufmg.br\/\" target=\"_blank\" rel=\"noopener\">Gest\u00e3o de Informa\u00e7\u00e3o e Pessoas(INATIVO)<\/a><\/li>\n<li class=\"cursos\"><a title=\"Gest\u00e3o de Institui\u00e7\u00f5es Federais de Educa\u00e7\u00e3o Superior\" href=\"http:\/\/www.fae.ufmg.br\/gifes\/\" target=\"_blank\" rel=\"noopener\">Gest\u00e3o de Institui\u00e7\u00f5es Federais de Educa\u00e7\u00e3o Superior(INATIVO)<\/a><\/li>\n<li class=\"cursos\"><a title=\"Gest\u00e3o do Cuidado em Sa\u00fade da Fam\u00edlia\" href=\"https:\/\/www.ufmg.br\/ead\/sitee\/index.php\/cursos\/especializacao\/curso-saude-familia-3\" target=\"_blank\" rel=\"noopener\">Gest\u00e3o do Cuidado em Sa\u00fade da Fam\u00edlia(INATIVO)<\/a><\/li>\n<li class=\"cursos\"><a title=\"Gest\u00e3o e Arquitetura da Informa\u00e7\u00e3o\" href=\"http:\/\/niteg.eci.ufmg.br\/\" target=\"_blank\" rel=\"noopener\">Gest\u00e3o e Arquitetura da Informa\u00e7\u00e3o(INATIVO)<\/a><\/li>\n<li class=\"cursos\"><a title=\"Gest\u00e3o Escolar (EAD)\" href=\"https:\/\/www.ufmg.br\/ead\/escoladegestores\/\" target=\"_blank\" rel=\"noopener\">Gest\u00e3o Escolar (EAD)(INATIVO)<\/a><\/li>\n<li class=\"cursos\"><a title=\"Gest\u00e3o Estrat\u00e9gica da Informa\u00e7\u00e3o\" href=\"http:\/\/niteg.eci.ufmg.br\/gestao-estrategica-da-informacao\/\" target=\"_blank\" rel=\"noopener\">Gest\u00e3o Estrat\u00e9gica da Informa\u00e7\u00e3o(INATIVO)<\/a><\/li>\n<li class=\"cursos\"><a title=\"Gest\u00e3o P\u00fablica Municipal (EAD)\" href=\"https:\/\/www.ufmg.br\/ead\/index.php\/cursos\/cursos-de-especializacao\/pos-graduacao-em-administracao-publica\/\" target=\"_blank\" rel=\"noopener\">Gest\u00e3o P\u00fablica Municipal (EAD)(INATIVO)<\/a><\/li>\n<li class=\"cursos\"><a title=\"Gest\u00e3o P\u00fablica no Setor de Sa\u00fade (EAD)\" href=\"https:\/\/www.ufmg.br\/ead\/index.php\/cursos\/cursos-de-especializacao\/pos-graduacao-em-administracao-publica\/\" target=\"_blank\" rel=\"noopener\">Gest\u00e3o P\u00fablica no Setor de Sa\u00fade (EAD)(INATIVO)<\/a><\/li>\n<li class=\"cursos\"><a title=\"Implantodontia\" href=\"https:\/\/www.odonto.ufmg.br\/posgrad\/especializacao-em-implantodontia\/\" target=\"_blank\" rel=\"noopener\">Implantodontia(INATIVO)<\/a><\/li>\n<li><a href=\"https:\/\/www.dcc.ufmg.br\/especializacao\/cei.htm\">Inform\u00e1tica (INATIVO)<\/a><\/li>\n<li class=\"cursos\"><a title=\"Lazer\" href=\"http:\/\/www.eeffto.ufmg.br\/eeffto\/pos_graduacao\/lazer_especializacao\/\" target=\"_blank\" rel=\"noopener\">Lazer(INATIVO)<\/a><\/li>\n<li class=\"cursos\"><a title=\"Marketing Pol\u00edtico, Opini\u00e3o P\u00fablica e Comportamento Eleitoral\" href=\"http:\/\/www.opiniaopublica.ufmg.br\/site\/pos-graduacao\/especializacao\" target=\"_blank\" rel=\"noopener\">Marketing Pol\u00edtico, Opini\u00e3o P\u00fablica e Comportamento Eleitoral(INATIVO)<\/a><\/li>\n<li class=\"cursos\"><a title=\"Matem\u00e1tica para Professores\" href=\"http:\/\/www.mat.ufmg.br\/site\/pos-principa\/pagina-da-pos-graduacao-lato-sensu\/especializacao-em-matematica-para-professores-noturno\/\" target=\"_blank\" rel=\"noopener\">Matem\u00e1tica para Professores(INATIVO)<\/a><\/li>\n<li class=\"cursos\"><a title=\"Microbiologia Aplicada\" href=\"http:\/\/www.microbiologia.icb.ufmg.br\/pos\/infoesp.php\" target=\"_blank\" rel=\"noopener\">Microbiologia Aplicada(INATIVO)<\/a><\/li>\n<li class=\"cursos\"><a title=\"Neuroci\u00eancias e suas Fronteiras\" href=\"http:\/\/www.neurocienciasufmg.com\/epecializao\" target=\"_blank\" rel=\"noopener\">Neuroci\u00eancias e suas Fronteiras(INATIVO)<\/a><\/li>\n<li class=\"cursos\"><a title=\"Otimiza\u00e7\u00e3o de Sistemas\" href=\"http:\/\/www.dcc.ufmg.br\/especializacao\/cei\/EngSoft\/engSoft_apresentacao.html\" target=\"_blank\" rel=\"noopener\">Otimiza\u00e7\u00e3o\u00a0 de Sistemas(INATIVO)<\/a><\/li>\n<li class=\"cursos\"><a title=\"Periodontia\" href=\"https:\/\/www.odonto.ufmg.br\/posgrad\/especializacao-em-periodontia\/\" target=\"_blank\" rel=\"noopener\">Periodontia(INATIVO)<\/a><\/li>\n<li class=\"cursos\"><a title=\"Pneumologia Pedi\u00e1trica\" href=\"https:\/\/site.medicina.ufmg.br\/cpg\/especializacao\/\" target=\"_blank\" rel=\"noopener\">Pneumologia Pedi\u00e1trica(INATIVO)<\/a><\/li>\n<li class=\"cursos\"><a title=\"Pol\u00edticas de Promo\u00e7\u00e3o da Igualdade Racial na Escola\" href=\"http:\/\/www.acoesafirmativasufmg.org\/\" target=\"_blank\" rel=\"noopener\">Pol\u00edticas de Promo\u00e7\u00e3o da Igualdade Racial na Escola(INATIVO)<\/a><\/li>\n<li class=\"cursos\"><a title=\"Pol\u00edticas P\u00fablicas\" href=\"http:\/\/www.fafich.ufmg.br\/\" target=\"_blank\" rel=\"noopener\">Pol\u00edticas P\u00fablicas(INATIVO)<\/a><\/li>\n<li class=\"cursos\"><a title=\"Prepara\u00e7\u00e3o F\u00edsica e Esportiva\" href=\"http:\/\/www.eeffto.ufmg.br\/eeffto\/pos_graduacao\/preparacao_fasica_e_esportiva_especializacao\" target=\"_blank\" rel=\"noopener\">Prepara\u00e7\u00e3o F\u00edsica e Esportiva(INATIVO)<\/a><\/li>\n<li class=\"cursos\"><a title=\"Projetos Sociais: Formula\u00e7\u00e3o e Monitoramento\" href=\"http:\/\/www.cecaps.org\/\" target=\"_blank\" rel=\"noopener\">Projetos Sociais: Formula\u00e7\u00e3o e Monitoramento(INATIVO)<\/a><\/li>\n<li class=\"cursos\"><a title=\"Pr\u00f3tese Dent\u00e1ria\" href=\"https:\/\/www.odonto.ufmg.br\/posgrad\/especializacao-em-protese-dentaria\/\" target=\"_blank\" rel=\"noopener\">Pr\u00f3tese Dent\u00e1ria(INATIVO)<\/a><\/li>\n<li class=\"cursos\"><a title=\"Quest\u00e3o Agr\u00e1ria, Agroecologia e Agroindustrializa\u00e7\u00e3o\" href=\"http:\/\/www.ica.ufmg.br\/era\/\" target=\"_blank\" rel=\"noopener\">Quest\u00e3o Agr\u00e1ria, Agroecologia e Agroindustrializa\u00e7\u00e3o(INATIVO)<\/a><\/li>\n<li class=\"cursos\"><a title=\"Resid\u00eancia Docente para Forma\u00e7\u00e3o de Educadores da Educa\u00e7\u00e3o B\u00e1sica\" href=\"cp-residenciadocente@ufmg.br\" target=\"_blank\" rel=\"noopener\">Resid\u00eancia Docente para Forma\u00e7\u00e3o de Educadores da Educa\u00e7\u00e3o B\u00e1sica(INATIVO)<\/a><\/li>\n<li class=\"cursos\"><a title=\"Sustentabilidade do Ambiente Constru\u00eddo\" href=\"http:\/\/www.arq.ufmg.br\/sustentabilidade\/\" target=\"_blank\" rel=\"noopener\">Sustentabilidade do Ambiente Constru\u00eddo(INATIVO)<\/a><\/li>\n<li class=\"cursos\"><a title=\"Teoria Psicanal\u00edtica\" href=\"http:\/\/www.fafich.ufmg.br\/~cetep\/\" target=\"_blank\" rel=\"noopener\">Teoria Psicanal\u00edtica(INATIVO)<\/a><\/li>\n<\/ul>\n <\/div><\/div><\/div><\/div>\n","protected":false},"excerpt":{"rendered":"<p>Endere\u00e7o eletr\u00f4nico dos cursos de Especializa\u00e7\u00e3o da UFMG<\/p>\n","protected":false},"author":1,"featured_media":0,"parent":0,"menu_order":0,"comment_status":"closed","ping_status":"closed","template":"","meta":[],"tags":[],"_links":{"self":[{"href":"https:\/\/www.ufmg.br\/prpg\/wp-json\/wp\/v2\/pages\/383"}],"collection":[{"href":"https:\/\/www.ufmg.br\/prpg\/wp-json\/wp\/v2\/pages"}],"about":[{"href":"https:\/\/www.ufmg.br\/prpg\/wp-json\/wp\/v2\/types\/page"}],"author":[{"embeddable":true,"href":"https:\/\/www.ufmg.br\/prpg\/wp-json\/wp\/v2\/users\/1"}],"replies":[{"embeddable":true,"href":"https:\/\/www.ufmg.br\/prpg\/wp-json\/wp\/v2\/comments?post=383"}],"version-history":[{"count":6,"href":"https:\/\/www.ufmg.br\/prpg\/wp-json\/wp\/v2\/pages\/383\/revisions"}],"predecessor-version":[{"id":1988,"href":"https:\/\/www.ufmg.br\/prpg\/wp-json\/wp\/v2\/pages\/383\/revisions\/1988"}],"wp:attachment":[{"href":"https:\/\/www.ufmg.br\/prpg\/wp-json\/wp\/v2\/media?parent=383"}],"wp:term":[{"taxonomy":"post_tag","embeddable":true,"href":"https:\/\/www.ufmg.br\/prpg\/wp-json\/wp\/v2\/tags?post=383"}],"curies":[{"name":"wp","href":"https:\/\/api.w.org\/{rel}","templated":true}]}}