{"id":68,"date":"2017-06-20T10:00:45","date_gmt":"2017-06-20T13:00:45","guid":{"rendered":"http:\/\/localhost\/lipq\/?page_id=68"},"modified":"2021-03-02T11:59:05","modified_gmt":"2021-03-02T14:59:05","slug":"aipq","status":"publish","type":"page","link":"https:\/\/www.ufmg.br\/prpq\/i2pq\/aipq\/","title":{"rendered":"AIPq"},"content":{"rendered":"<p style=\"text-align: justify;\">As <strong>Infraestruturas de Apoio Institucional \u00e0 Pesquisa (AIPq)<\/strong> s\u00e3o infraestruturas de apoio \u00e0 pesquisa art\u00edstica, cient\u00edfica e\/ou tecnol\u00f3gica que fornecem materiais e servi\u00e7os importantes para o desenvolvimento da pesquisa \u00a0(<a href=\"https:\/\/www.ufmg.br\/prpq\/wp-content\/uploads\/2021\/02\/01resprpq2021FINAL.pdf\" target=\"_blank\" rel=\"noopener\">Resolu\u00e7\u00e3o n\u00ba 01\/2021)<\/a>. S\u00e3o classificadas em: <u>Gerais<\/u> que atendem a quaisquer \u00e1reas do conhecimento (bibliotecas, centrais criog\u00eanicas, oficinas mec\u00e2nicas e de prototipagem, centrais de distribui\u00e7\u00e3o de informa\u00e7\u00e3o ou utilidades, dentre outras) e <u>Tem\u00e1ticas<\/u> que atendem a \u00e1reas espec\u00edficas do conhecimento (biot\u00e9rios, acervos, cole\u00e7\u00f5es, ambientes de exposi\u00e7\u00e3o art\u00edstica ou cultural, museus, dentre outras).<\/p>\n","protected":false},"excerpt":{"rendered":"<p>As Infraestruturas de Apoio Institucional \u00e0 Pesquisa (AIPq) s\u00e3o infraestruturas de apoio \u00e0 pesquisa art\u00edstica, cient\u00edfica e\/ou tecnol\u00f3gica que fornecem materiais e servi\u00e7os importantes para o desenvolvimento da pesquisa \u00a0(Resolu\u00e7\u00e3o n\u00ba 01\/2021). S\u00e3o classificadas em: Gerais que atendem a quaisquer \u00e1reas do conhecimento (bibliotecas, centrais criog\u00eanicas, oficinas mec\u00e2nicas e de prototipagem, centrais de distribui\u00e7\u00e3o de [&hellip;]<\/p>\n","protected":false},"author":1,"featured_media":0,"parent":0,"menu_order":0,"comment_status":"closed","ping_status":"closed","template":"page-infra-tipo.php","meta":{"footnotes":""},"categories":[4],"class_list":["post-68","page","type-page","status-publish","hentry","category-aipq"],"_links":{"self":[{"href":"https:\/\/www.ufmg.br\/prpq\/i2pq\/wp-json\/wp\/v2\/pages\/68","targetHints":{"allow":["GET"]}}],"collection":[{"href":"https:\/\/www.ufmg.br\/prpq\/i2pq\/wp-json\/wp\/v2\/pages"}],"about":[{"href":"https:\/\/www.ufmg.br\/prpq\/i2pq\/wp-json\/wp\/v2\/types\/page"}],"author":[{"embeddable":true,"href":"https:\/\/www.ufmg.br\/prpq\/i2pq\/wp-json\/wp\/v2\/users\/1"}],"replies":[{"embeddable":true,"href":"https:\/\/www.ufmg.br\/prpq\/i2pq\/wp-json\/wp\/v2\/comments?post=68"}],"version-history":[{"count":28,"href":"https:\/\/www.ufmg.br\/prpq\/i2pq\/wp-json\/wp\/v2\/pages\/68\/revisions"}],"predecessor-version":[{"id":871,"href":"https:\/\/www.ufmg.br\/prpq\/i2pq\/wp-json\/wp\/v2\/pages\/68\/revisions\/871"}],"wp:attachment":[{"href":"https:\/\/www.ufmg.br\/prpq\/i2pq\/wp-json\/wp\/v2\/media?parent=68"}],"wp:term":[{"taxonomy":"category","embeddable":true,"href":"https:\/\/www.ufmg.br\/prpq\/i2pq\/wp-json\/wp\/v2\/categories?post=68"}],"curies":[{"name":"wp","href":"https:\/\/api.w.org\/{rel}","templated":true}]}}