{"id":887,"date":"2021-03-03T12:56:13","date_gmt":"2021-03-03T15:56:13","guid":{"rendered":"https:\/\/www.ufmg.br\/prpq\/i2pq\/?page_id=887"},"modified":"2024-02-05T17:44:36","modified_gmt":"2024-02-05T19:44:36","slug":"ct","status":"publish","type":"page","link":"https:\/\/www.ufmg.br\/prpq\/i2pq\/ct\/","title":{"rendered":"CT"},"content":{"rendered":"<p><strong>Centros Institucionais de Tecnologia e Inova\u00e7\u00e3o (CT)<\/strong>\u00a0s\u00e3o ambientes promotores de inova\u00e7\u00e3o que agregam capital intelectual e infraestrutura em \u00e1reas tecnol\u00f3gicas da UFMG, e tem como miss\u00e3o realizar atividades de pesquisa, desenvolvimento tecnol\u00f3gico e inova\u00e7\u00e3o visando a transfer\u00eancia dos resultados para a sociedade, em conson\u00e2ncia com a Pol\u00edtica de Inova\u00e7\u00e3o, aos demais princ\u00edpios e normas estatut\u00e1rias e regimentais da UFMG e aos par\u00e2metros da legisla\u00e7\u00e3o federal pertinente. (<a href=\"https:\/\/www.ufmg.br\/prpq\/i2pq\/wp-content\/uploads\/2023\/09\/RESOLUCAO_CDCTs_01_2023_Regulamenta-Atividades-Academicas.pdf\" target=\"_blank\" rel=\"noopener\">Resolu\u00e7\u00e3o n\u00ba 01\/2023<\/a>).<\/p>\n\n<table id=\"tablepress-1\" class=\"tablepress tablepress-id-1\">\n<thead>\n<tr class=\"row-1 odd\">\n\t<th class=\"column-1\">CT<\/th><th class=\"column-2\">Sigla<\/th><th class=\"column-3\">Coordena\u00e7\u00e3o<\/th>\n<\/tr>\n<\/thead>\n<tbody class=\"row-hover\">\n<tr class=\"row-2 even\">\n\t<td class=\"column-1\"><a href=\"http:\/\/www.ctvacinas.ufmg.br\/\">Centro de Tecnologia de Diagn\u00f3stico e vacina<\/a><\/td><td class=\"column-2\">CT-Vacinas<\/td><td class=\"column-3\">Ricardo Tostes Gazzinelli <\/td>\n<\/tr>\n<tr class=\"row-3 odd\">\n\t<td class=\"column-1\">Centro de Pesquisa-Desenvolvimento e Inova\u00e7\u00e3o de Tecnologias com base nos Sistemas de Libera\u00e7\u00e3o Controlada de F\u00e1rmacos e Materiais Inteligentes<\/td><td class=\"column-2\">-<\/td><td class=\"column-3\">Rub\u00e9n Dario Sinisterra<\/td>\n<\/tr>\n<tr class=\"row-4 even\">\n\t<td class=\"column-1\">Centro de Tecnologia em Terapias Avan\u00e7adas e Inovadoras<\/td><td class=\"column-2\">-<\/td><td class=\"column-3\">Mauro Martins Teixeira <\/td>\n<\/tr>\n<tr class=\"row-5 odd\">\n\t<td class=\"column-1\"><a href=\"https:\/\/ciia-saude.dcc.ufmg.br\/\">Centro de Inova\u00e7\u00e3o em Intelig\u00eancia Artificial para Sa\u00fade<\/a><\/td><td class=\"column-2\">CIIA-Sa\u00fade<\/td><td class=\"column-3\">Wagner Meira Junior<\/td>\n<\/tr>\n<tr class=\"row-6 even\">\n\t<td class=\"column-1\">Centro Institucional de Tecnologia da Inova\u00e7\u00e3o Modelagem Ambiental <\/td><td class=\"column-2\">-<\/td><td class=\"column-3\">Marcelo Azevedo Costa<\/td>\n<\/tr>\n<tr class=\"row-7 odd\">\n\t<td class=\"column-1\"><a href=\"https:\/\/ctmm.medicina.ufmg.br\/\">Centro de Tecnologia em Medicina Molecular <\/a><\/td><td class=\"column-2\">CTMM<\/td><td class=\"column-3\">Marco Aur\u00e9lio Romano Silva <\/td>\n<\/tr>\n<tr class=\"row-8 even\">\n\t<td class=\"column-1\"><a href=\"https:\/\/ctnano.org\/\">Centro de Tecnologia em Nanomateriais e Grafeno <\/a><\/td><td class=\"column-2\">CTNano\/UFMG<\/td><td class=\"column-3\">Rodrigo Gribel Lacerda <\/td>\n<\/tr>\n<\/tbody>\n<\/table>\n<!-- #tablepress-1 from cache -->\n","protected":false},"excerpt":{"rendered":"<p>Centros Institucionais de Tecnologia e Inova\u00e7\u00e3o (CT)\u00a0s\u00e3o ambientes promotores de inova\u00e7\u00e3o que agregam capital intelectual e infraestrutura em \u00e1reas tecnol\u00f3gicas da UFMG, e tem como miss\u00e3o realizar atividades de pesquisa, desenvolvimento tecnol\u00f3gico e inova\u00e7\u00e3o visando a transfer\u00eancia dos resultados para a sociedade, em conson\u00e2ncia com a Pol\u00edtica de Inova\u00e7\u00e3o, aos demais princ\u00edpios e normas estatut\u00e1rias [&hellip;]<\/p>\n","protected":false},"author":2,"featured_media":0,"parent":0,"menu_order":0,"comment_status":"closed","ping_status":"closed","template":"","meta":{"footnotes":""},"categories":[8],"class_list":["post-887","page","type-page","status-publish","hentry","category-ct"],"_links":{"self":[{"href":"https:\/\/www.ufmg.br\/prpq\/i2pq\/wp-json\/wp\/v2\/pages\/887","targetHints":{"allow":["GET"]}}],"collection":[{"href":"https:\/\/www.ufmg.br\/prpq\/i2pq\/wp-json\/wp\/v2\/pages"}],"about":[{"href":"https:\/\/www.ufmg.br\/prpq\/i2pq\/wp-json\/wp\/v2\/types\/page"}],"author":[{"embeddable":true,"href":"https:\/\/www.ufmg.br\/prpq\/i2pq\/wp-json\/wp\/v2\/users\/2"}],"replies":[{"embeddable":true,"href":"https:\/\/www.ufmg.br\/prpq\/i2pq\/wp-json\/wp\/v2\/comments?post=887"}],"version-history":[{"count":7,"href":"https:\/\/www.ufmg.br\/prpq\/i2pq\/wp-json\/wp\/v2\/pages\/887\/revisions"}],"predecessor-version":[{"id":953,"href":"https:\/\/www.ufmg.br\/prpq\/i2pq\/wp-json\/wp\/v2\/pages\/887\/revisions\/953"}],"wp:attachment":[{"href":"https:\/\/www.ufmg.br\/prpq\/i2pq\/wp-json\/wp\/v2\/media?parent=887"}],"wp:term":[{"taxonomy":"category","embeddable":true,"href":"https:\/\/www.ufmg.br\/prpq\/i2pq\/wp-json\/wp\/v2\/categories?post=887"}],"curies":[{"name":"wp","href":"https:\/\/api.w.org\/{rel}","templated":true}]}}