{"id":32,"date":"2018-08-21T18:16:12","date_gmt":"2018-08-21T18:16:12","guid":{"rendered":"http:\/\/150.164.74.223\/site_em_construcao\/?page_id=32"},"modified":"2026-03-13T17:50:47","modified_gmt":"2026-03-13T20:50:47","slug":"publicacoes","status":"publish","type":"page","link":"https:\/\/www.ufmg.br\/prpq\/patgen\/index.php\/publicacoes\/","title":{"rendered":"Documentos"},"content":{"rendered":"<p><strong>Tutoriais\/Manuais<\/strong><\/p>\n<ul>\n<li><a href=\"https:\/\/www.ufmg.br\/prpq\/wp-content\/uploads\/2017\/12\/manualSisgen.pdf\" target=\"_blank\" rel=\"noopener noreferrer\">Manual do SisGen<\/a><\/li>\n<li><a href=\"https:\/\/www.ufmg.br\/prpq\/patgen\/wp-content\/uploads\/2018\/04\/Cadastro_habilita\u00e7\u00e3o_de_pesquisador_no_sisgen_primeiro_acesso.pdf\" target=\"_blank\" rel=\"noopener noreferrer\">Cadastro de Pesquisador no SisGen &#8211; Primeiro Acesso<\/a><\/li>\n<li><a href=\"https:\/\/www.ufmg.br\/prpq\/patgen\/wp-content\/uploads\/2018\/04\/Retifica\u00e7\u00e3o_de_cadastro_no_sisgen.pdf\" target=\"_blank\" rel=\"noopener noreferrer\">Retifica\u00e7\u00e3o de Cadastro no SisGen<\/a><\/li>\n<\/ul>\n<hr \/>\n<p><strong>Cartilhas<\/strong><\/p>\n<ul>\n<li><a href=\"https:\/\/www.ufmg.br\/prpq\/patgen\/wp-content\/uploads\/2018\/04\/Cartilha_para_a_academia.pdf\" target=\"_blank\" rel=\"noopener noreferrer\"> Cartilha para academia\u00a0&#8211; C\u00e2mara Setorial da Academia do CGen<\/a><\/li>\n<li><a href=\"http:\/\/www.mma.gov.br\/images\/_noticias_fotos\/2018\/Guia_PG.pdf\" target=\"_blank\" rel=\"noopener noreferrer\"> Guia Patrim\u00f4nio Gen\u00e9tico &#8211; MMA<\/a><\/li>\n<li><a href=\"http:\/\/www.abifina.org.br\/arquivos\/download\/manual_acesso_ao_patrimonio_genetico_e_cta-abifina-isbn-atualizado_28-02-2018.pdf\" target=\"_blank\" rel=\"noopener noreferrer\"> Manual Acesso ao Patrim\u00f4nio Gen\u00e9tico Brasileiro e ao Conhecimento Tradicional Associado &#8211; ABIFINA<\/a><\/li>\n<li><a href=\"http:\/\/ibama.gov.br\/phocadownload\/cites\/publicacoes\/cartilha_cites__outubro-09.pdf\" target=\"_blank\" rel=\"noopener noreferrer\"> Cartilha &#8211; Importa\u00e7\u00e3o \/ exporta\u00e7\u00e3o de esp\u00e9cimes, material biol\u00f3gico, produtos e subprodutos da fauna silvestre brasileira e fauna silvestre ex\u00f3tica<\/a><\/li>\n<\/ul>\n<hr \/>\n<p><strong>Documentos Geral<\/strong><\/p>\n<ul>\n<li><a href=\"https:\/\/www.gov.br\/mma\/pt-br\/assuntos\/bioeconomia\/patrimonio-genetico\/conselho-de-gestao-do-patrimonio-genetico-cgen-1\/normas-do-cgen\/Parecern_00505_2024_CONJUR_MMA_CGU_AGU.pdf\" target=\"_blank\" rel=\"noopener\">Parecer 505\/2024 MMA\/CGU\/AGU &#8211; Define a data em que o Protocolo de Nagoia entrou em vigor no Brasil.<\/a><\/li>\n<\/ul>\n<hr \/>\n<p><strong>Documentos &#8211;\u00a0UFMG<\/strong><\/p>\n<ul>\n<li><a href=\"https:\/\/www.ufmg.br\/prpq\/patgen\/wp-content\/uploads\/2025\/07\/02_PORTARIA-N-6962_15jul2025_Designa-membros-COGEN.pdf\" target=\"_blank\" rel=\"noopener\">Portaria n\u00ba 6962, de 15\/07\/2025 &#8211; Designa membros do COGEN, para mandato 2025-2027<\/a><\/li>\n<li><a href=\"https:\/\/www.ufmg.br\/prpq\/wp-content\/uploads\/2025\/03\/Resolucao-PRPq-01-2025-Reedita-Regimento-COGEN.pdf\" target=\"_blank\" rel=\"noopener\">Resolu\u00e7\u00e3o PRPq n\u00ba 01, de 20\/03\/2025 &#8211; Reedita, com altera\u00e7\u00f5es, Regimento do Cogen.<\/a><\/li>\n<li><a href=\"https:\/\/www.ufmg.br\/prpq\/patgen\/wp-content\/uploads\/2023\/01\/PORTARIA-N-0291_16dez2022_Designa-membros-COGEN.pdf\" target=\"_blank\" rel=\"noopener noreferrer\">Portaria n\u00ba 10291, de 16\/12\/2022 &#8211; Designa membros do COGEN e estabelece seus mandatos<\/a><\/li>\n<li><a href=\"https:\/\/www.ufmg.br\/prpq\/patgen\/wp-content\/uploads\/2018\/08\/Regimento-COGEN.pdf\" target=\"_blank\" rel=\"noopener noreferrer\">Regimento COGEN<\/a><\/li>\n<li><a href=\"https:\/\/www.ufmg.br\/prpq\/patgen\/wp-content\/uploads\/2018\/08\/04resprpq2021FINAL.pdf\" target=\"_blank\" rel=\"noopener noreferrer\">Resolu\u00e7\u00e3o PRPq 04-2021 Aprova Regimento COGEN<\/a><\/li>\n<li><a href=\"https:\/\/www.ufmg.br\/prpq\/patgen\/wp-content\/uploads\/2023\/01\/Relatorio_Atividades_CPG_2015_2021.pdf\" target=\"_blank\" rel=\"noopener noreferrer\">Relat\u00f3rio das atividades realizadas pela Comiss\u00e3o respons\u00e1vel pela identifica\u00e7\u00e3o, an\u00e1lise e avalia\u00e7\u00e3o de a\u00e7\u00f5es de acesso ao patrim\u00f4nio gen\u00e9tico no \u00e2mbito da UFMG de 2015 a 2021<\/a><\/li>\n<li><a href=\"https:\/\/www.ufmg.br\/prpq\/patgen\/wp-content\/uploads\/2018\/08\/OFICIO-CIRCULAR-N\u00ba-02-2021-PRPQ-ADM-UFMG-Regularizacao-do-acesso-ao-Patrimonio-Genetico-e-Conhecimento-Tradicional-Associado.pdf\" target=\"_blank\" rel=\"noopener noreferrer\">Of\u00edcio-Circular PRPq\/2\/2021<\/a><\/li>\n<li><a href=\"https:\/\/www.ufmg.br\/prpq\/patgen\/wp-content\/uploads\/2018\/08\/OFICIO-N\u00ba-35-2020-PRPQ-ADM-UFMG-Comissao-Patrimonio-Genetico-a-PRPq-Medidas-novo-prazo-Regularizacaoa-acesso-PGCTA.pdf\" target=\"_blank\" rel=\"noopener noreferrer\">Of\u00edcio PRPq\/35\/2020<\/a><\/li>\n<li><a href=\"https:\/\/www.ufmg.br\/prpq\/patgen\/wp-content\/uploads\/2018\/11\/oficio_circular_prpq_240_2018.pdf\" target=\"_blank\" rel=\"noopener noreferrer\">Of\u00edcio PRPq\/240\/2018<\/a><\/li>\n<li><a href=\"https:\/\/www.ufmg.br\/prpq\/wp-content\/uploads\/2017\/12\/149of2017.pdf\" target=\"_blank\" rel=\"noopener noreferrer\">Of\u00edcio PRPq\/149\/2017<\/a><\/li>\n<\/ul>\n<hr \/>\n<p><strong>Formul\u00e1rio de Acesso ao Patrim\u00f4nio Gen\u00e9tico e\/ou ao Conhecimento Tradicional Associado<br \/>\n<\/strong><\/p>\n<p>Documento interno da UFMG, destinado a ajudar pesquisadores em d\u00favida se sua pesquisa envolve ou n\u00e3o o acesso ao Patrim\u00f4nio Gen\u00e9tico e\/ou ao Conhecimento Tradicional Associado (PG\/CTA) e, consequentemente, se \u00e9 necess\u00e1rio ou n\u00e3o o cadastro de acesso no Sistema Nacional de Gest\u00e3o do Patrim\u00f4nio Gen\u00e9tico e do Conhecimento Tradicional Associado (SisGen), do Minist\u00e9rio do Meio Ambiente (MMA).<\/p>\n<p>O Formul\u00e1rio \u00e9 destinado inclusive a pesquisadores que desejam submeter <strong>notifica\u00e7\u00e3o de inven\u00e7\u00e3o<\/strong> \u00e0 Coordenadoria de Transfer\u00eancia e Inova\u00e7\u00e3o Tecnol\u00f3gica (CTIT\/UFMG). Em caso de d\u00favidas especificamente sobre <strong>notifica\u00e7\u00e3o de inven\u00e7\u00e3o<\/strong>, entre em contato com: patentes@ctit.ufmg.br.<\/p>\n<ul>\n<li><a href=\"https:\/\/www.ufmg.br\/prpq\/patgen\/wp-content\/uploads\/2023\/07\/Formulario-PGCTA.pdf\" target=\"_blank\" rel=\"noopener\">Formul\u00e1rio<\/a><\/li>\n<\/ul>\n<hr \/>\n<p><strong>Termo de Transfer\u00eancia de Material (TTM) Nacional<br \/>\n<\/strong><\/p>\n<p>Documento da UFMG, destinado a transfer\u00eancias de amostras de componente do patrim\u00f4nio gen\u00e9tico brasileiro para institui\u00e7\u00f5es localizadas no Brasil e estritamente para fins de pesquisa cient\u00edfica.<\/p>\n<p>O(a) pesquisador(a) respons\u00e1vel pela amostra deve preencher o documento; coletar a assinatura do(a) representante legal da institui\u00e7\u00e3o destinat\u00e1ria; e encaminhar, pelo e-mail dapg@prpq.ufmg.br, \u00e0 Divis\u00e3o de Apoio ao Patrim\u00f4nio Gen\u00e9tico da Pr\u00f3-Reitoria de Pesquisa (DAPG\/PRPq), para assinatura do(a) Pr\u00f3-Reitor(a) de Pesquisa.<\/p>\n<p><strong>Aten\u00e7\u00e3o:<\/strong> caso a institui\u00e7\u00e3o destinat\u00e1ria esteja localizada no exterior, trata-se do procedimento de <strong>Remessa<\/strong>, para o qual deve ser adotado modelo de Termo de Transfer\u00eancia de Material (TTM) espec\u00edfico, segundo modelo do Minist\u00e9rio do Meio Ambiente (MMA). Informa\u00e7\u00f5es sobre <strong>Remessa<\/strong> encontram-se <a href=\"https:\/\/www.ufmg.br\/prpq\/patgen\/index.php\/remessa-de-amostra\/\" target=\"_blank\" rel=\"noopener\">neste link<\/a>.<\/p>\n<ul>\n<li><a href=\"https:\/\/www.ufmg.br\/prpq\/patgen\/wp-content\/uploads\/2023\/08\/TTM_PGCTA_Nacional.doc\" target=\"_blank\" rel=\"noopener\">Termo<\/a><\/li>\n<\/ul>\n<hr \/>\n<p><strong>Eventos<\/strong><\/p>\n<p><strong>WORKSHOP A ACADEMIA E O MARCO LEGAL DA BIODIVERSIDADE &#8211; 11\/12\/2024<\/strong><\/p>\n<ul>\n<li><a href=\"https:\/\/www.youtube.com\/watch?v=Bqyb72sKcaU\" target=\"_blank\" rel=\"noopener\">Parte 01<\/a><\/li>\n<li><a href=\"https:\/\/www.youtube.com\/watch?v=5crvVmra_Rs\" target=\"_blank\" rel=\"noopener\">Parte 02<\/a><\/li>\n<\/ul>\n<p><strong>WEBINAR ATUALIZA\u00c7\u00c3O SOBRE REGULARIZA\u00c7\u00c3O DE CADASTROS NO SISGEN &#8211; ACESSO A PATRIM\u00d4NIO GEN\u00c9TICO E AO CONHECIMENTO TRADICIONAL ASSOCIADO &#8211; 10\/12\/2020<\/strong><\/p>\n<ul>\n<li><a href=\"https:\/\/www.youtube.com\/watch?v=45bHUjk9cdc\" target=\"_blank\" rel=\"noopener noreferrer\">Evento completo &#8211; Link<\/a><\/li>\n<\/ul>\n<p><strong>SEMIN\u00c1RIO T\u00d3PICOS SOBRE A NOVA LEI DA BIODIVERSIDADE &#8211; 05\/07\/2019<\/strong><\/p>\n<ul>\n<li class=\"western\">Cadastros no Sisgen; Regulariza\u00e7\u00e3o de Pesquisas; Envio e Remessa de Material Biol\u00f3gico<\/li>\n<li class=\"western\"><a href=\"https:\/\/www.youtube.com\/watch?v=UHRGHzJmJCM\" target=\"_blank\" rel=\"noopener noreferrer\">Evento completo &#8211; Link<\/a><\/li>\n<li class=\"western\"><a href=\"https:\/\/www.ufmg.br\/prpq\/patgen\/wp-content\/uploads\/2019\/07\/UFMG_04_07_19-Apresenta\u00e7\u00e3o-Aline-Morais_-Fiocruz.pdf\" target=\"_blank\" rel=\"noopener noreferrer\">Apresenta\u00e7\u00e3o Convidada Aline Morais_ Fiocruz<\/a><\/li>\n<\/ul>\n<p><strong>WORKSHOP OS IMPACTOS DA LEI DE BIODIVERSIDADE NA SUA PESQUISA &#8211; TEORIA E PR\u00c1TICA\u00a0 &#8211; 31\/10\/2018<\/strong><\/p>\n<ul>\n<li><a href=\"https:\/\/www.youtube.com\/watch?v=S5rnzCnt1OQ&amp;t=149s\" target=\"_blank\" rel=\"noopener noreferrer\"> Evento completo &#8211; Link<\/a><\/li>\n<li><a href=\"https:\/\/www.ufmg.br\/prpq\/patgen\/wp-content\/uploads\/2018\/11\/Apresentacao_workshop_Leandro_2018.10.29.pdf\" target=\"_blank\" rel=\"noopener noreferrer\"> Apresenta\u00e7\u00e3o Prof. Mario Campos<\/a><\/li>\n<li><a href=\"https:\/\/www.ufmg.br\/prpq\/patgen\/wp-content\/uploads\/2018\/11\/Apresentacao_workshop_Jacqueline_2018.10.29.pdf\" target=\"_blank\" rel=\"noopener noreferrer\"> Apresenta\u00e7\u00e3o Profa. Jacqueline Takahashi<\/a><\/li>\n<li><a href=\"https:\/\/www.ufmg.br\/prpq\/patgen\/wp-content\/uploads\/2018\/08\/Apresenta\u00e7\u00e3o-Dra.-Raissa-De-Luca.pdf\" target=\"_blank\" rel=\"noopener noreferrer\">Apresenta\u00e7\u00e3o Dra. Raissa De Luca<\/a><\/li>\n<\/ul>\n<hr \/>\n<p><strong>Documentos para Remessa<\/strong><\/p>\n<ul>\n<li>TTM &#8211; Termo de Transfer\u00eancia de Material &#8211; solicitar \u00e0 DAPG\/PRPq<\/li>\n<li>Guia de Remessa &#8211; solicitar \u00e0 DAPG\/PRPq<\/li>\n<li><a href=\"https:\/\/www.ufmg.br\/prpq\/patgen\/wp-content\/uploads\/2019\/04\/Formulario_Pre_Remessa_-PRPq2.docx\" target=\"_blank\" rel=\"noopener noreferrer\">Formul\u00e1rio Pr\u00e9-remessa<\/a><\/li>\n<li><a href=\"https:\/\/www.ufmg.br\/prpq\/patgen\/wp-content\/uploads\/2025\/02\/Checklist-Remessa-de-Patrimonio-Genetico-1.pdf\" target=\"_blank\" rel=\"noopener noreferrer\">Sugest\u00e3o de Checklist &#8211; Remessa de Patrim\u00f4nio Gen\u00e9tico<\/a><\/li>\n<li><a href=\"https:\/\/www.ufmg.br\/prpq\/patgen\/wp-content\/uploads\/2026\/03\/Certificado-de-Regularidade-\u2013-Cadastro-Tecnico-Federal.pdf\" target=\"_blank\" rel=\"noopener\">Certificado de Regularidade do Cadastro T\u00e9cnico Federal &#8211; UFMG<\/a><\/li>\n<li><a href=\"https:\/\/www.ufmg.br\/prpq\/patgen\/wp-content\/uploads\/2021\/02\/Comprovante-de-Inscri\u00e7\u00e3o-Cadastro-T\u00e9cnico-Federal-UFMG.pdf\" target=\"_blank\" rel=\"noopener noreferrer\">Comprovante de Inscri\u00e7\u00e3o no Cadastro T\u00e9cnico Federal &#8211; UFMG<\/a><\/li>\n<li>Certificado de Regularidade do Cadastro T\u00e9cnico Federal &#8211; servidor<\/li>\n<li>Comprovante de Inscri\u00e7\u00e3o no Cadastro T\u00e9cnico Federal &#8211; servidor<\/li>\n<\/ul>\n<p><strong>Documento para Envio<\/strong><\/p>\n<ul>\n<li><a href=\"https:\/\/www.ufmg.br\/prpq\/patgen\/wp-content\/uploads\/2018\/10\/Instrumento-de-Envio-Modelo-UFMG.docx\" target=\"_blank\" rel=\"noopener noreferrer\">Instrumento de Envio &#8211; Modelo UFMG<\/a><\/li>\n<li><a href=\"https:\/\/www.ufmg.br\/prpq\/patgen\/wp-content\/uploads\/2026\/03\/Certificado-de-Regularidade-\u2013-Cadastro-Tecnico-Federal.pdf\" target=\"_blank\" rel=\"noopener\">Certificado de Regularidade do Cadastro T\u00e9cnico Federal &#8211; UFMG<\/a><\/li>\n<li><a href=\"https:\/\/www.ufmg.br\/prpq\/patgen\/wp-content\/uploads\/2021\/02\/Comprovante-de-Inscri\u00e7\u00e3o-Cadastro-T\u00e9cnico-Federal-UFMG.pdf\" target=\"_blank\" rel=\"noopener noreferrer\">Comprovante de Inscri\u00e7\u00e3o no Cadastro T\u00e9cnico Federal &#8211; UFMG<\/a><\/li>\n<\/ul>\n<hr \/>\n","protected":false},"excerpt":{"rendered":"<p>Tutoriais\/Manuais Manual do SisGen Cadastro de Pesquisador no SisGen &#8211; Primeiro Acesso Retifica\u00e7\u00e3o de Cadastro no SisGen Cartilhas Cartilha para academia\u00a0&#8211; C\u00e2mara Setorial da Academia do CGen Guia Patrim\u00f4nio Gen\u00e9tico &#8211; MMA Manual Acesso ao Patrim\u00f4nio Gen\u00e9tico Brasileiro e ao Conhecimento Tradicional Associado &#8211; ABIFINA Cartilha &#8211; Importa\u00e7\u00e3o \/ exporta\u00e7\u00e3o de esp\u00e9cimes, material biol\u00f3gico, produtos [&hellip;]<\/p>\n","protected":false},"author":1,"featured_media":0,"parent":0,"menu_order":0,"comment_status":"closed","ping_status":"closed","template":"","meta":{"_bbp_topic_count":0,"_bbp_reply_count":0,"_bbp_total_topic_count":0,"_bbp_total_reply_count":0,"_bbp_voice_count":0,"_bbp_anonymous_reply_count":0,"_bbp_topic_count_hidden":0,"_bbp_reply_count_hidden":0,"_bbp_forum_subforum_count":0},"categories":[],"_links":{"self":[{"href":"https:\/\/www.ufmg.br\/prpq\/patgen\/index.php\/wp-json\/wp\/v2\/pages\/32"}],"collection":[{"href":"https:\/\/www.ufmg.br\/prpq\/patgen\/index.php\/wp-json\/wp\/v2\/pages"}],"about":[{"href":"https:\/\/www.ufmg.br\/prpq\/patgen\/index.php\/wp-json\/wp\/v2\/types\/page"}],"author":[{"embeddable":true,"href":"https:\/\/www.ufmg.br\/prpq\/patgen\/index.php\/wp-json\/wp\/v2\/users\/1"}],"replies":[{"embeddable":true,"href":"https:\/\/www.ufmg.br\/prpq\/patgen\/index.php\/wp-json\/wp\/v2\/comments?post=32"}],"version-history":[{"count":123,"href":"https:\/\/www.ufmg.br\/prpq\/patgen\/index.php\/wp-json\/wp\/v2\/pages\/32\/revisions"}],"predecessor-version":[{"id":1266,"href":"https:\/\/www.ufmg.br\/prpq\/patgen\/index.php\/wp-json\/wp\/v2\/pages\/32\/revisions\/1266"}],"wp:attachment":[{"href":"https:\/\/www.ufmg.br\/prpq\/patgen\/index.php\/wp-json\/wp\/v2\/media?parent=32"}],"wp:term":[{"taxonomy":"category","embeddable":true,"href":"https:\/\/www.ufmg.br\/prpq\/patgen\/index.php\/wp-json\/wp\/v2\/categories?post=32"}],"curies":[{"name":"wp","href":"https:\/\/api.w.org\/{rel}","templated":true}]}}