{"id":1239,"date":"2022-03-16T01:18:27","date_gmt":"2022-03-16T04:18:27","guid":{"rendered":"https:\/\/www.ufmg.br\/prpq\/?page_id=1239"},"modified":"2022-05-02T12:11:47","modified_gmt":"2022-05-02T15:11:47","slug":"infraestruturas-de-apoio-institucional-a-pesquisa-aipq","status":"publish","type":"page","link":"https:\/\/www.ufmg.br\/prpq\/infraestruturas-de-apoio-institucional-a-pesquisa-aipq\/","title":{"rendered":"Infraestruturas de Apoio Institucional \u00e0 Pesquisa (AIPq)"},"content":{"rendered":"<p>As Infraestruturas de Apoio Institucional \u00e0 Pesquisa (AIPq) s\u00e3o infraestruturas de apoio \u00e0 pesquisa art\u00edstica, cient\u00edfica e\/ou tecnol\u00f3gica que fornecem materiais e servi\u00e7os importantes para o desenvolvimento da pesquisa (<a href=\"https:\/\/www.ufmg.br\/prpq\/wp-content\/uploads\/2021\/02\/01resprpq2021FINAL.pdf\" target=\"_blank\" rel=\"noopener\">Resolu\u00e7\u00e3o n\u00ba 01\/2021<\/a>). S\u00e3o classificadas em: <strong>Gerais<\/strong> que atendem a quaisquer \u00e1reas do conhecimento (bibliotecas, centrais criog\u00eanicas, oficinas mec\u00e2nicas e de prototipagem, centrais de distribui\u00e7\u00e3o de informa\u00e7\u00e3o ou utilidades, dentre outras) e <strong>Tem\u00e1ticas<\/strong> que atendem a \u00e1reas espec\u00edficas do conhecimento (biot\u00e9rios, acervos, cole\u00e7\u00f5es, ambientes de exposi\u00e7\u00e3o art\u00edstica ou cultural, museus, dentre outras).<\/p>\n<p><strong>Biot\u00e9rio Central<\/p>\n<p><\/strong>O <a href=\"https:\/\/www.ufmg.br\/prpq\/bioterio\/\" target=\"_blank\" rel=\"noopener\">Biot\u00e9rio Central<\/a> da UFMG, subordinado \u00e0 Administra\u00e7\u00e3o Central (Pr\u00f3-Reitoria de Pesquisa), \u00e9 destinado \u00e0 cria\u00e7\u00e3o de ratos e camundongos isog\u00eanicos e heterog\u00eanicos. O Biot\u00e9rio Central conta com instala\u00e7\u00f5es modernas e equipe t\u00e9cnica altamente qualificada para trabalho em n\u00edvel de barreira sanit\u00e1ria elevada para produ\u00e7\u00e3o de roedores com status sanit\u00e1rio SPF (Specific Pathogen Free). Ao fornecer \u00e0 comunidade cient\u00edfica roedores com padr\u00e3o gen\u00e9tico e sanit\u00e1rio definidos, o Biot\u00e9rio Central possibilita aos pesquisadores da UFMG acesso a animais de padr\u00e3o internacional, indispens\u00e1veis para obten\u00e7\u00e3o de resultados cient\u00edficos mais robustos, confi\u00e1veis, homog\u00eaneos e reprodut\u00edveis.<\/p>\n<p><strong>Memorial Casa de Afonso Pena \u2013 Museu do Livro Jur\u00eddico \u2013 Sala Jornalista Assis Chateaubriand<\/p>\n<p><\/strong>A <a href=\"https:\/\/biblio.direito.ufmg.br\/\" target=\"_blank\" rel=\"noopener\">Biblioteca da Faculdade de Direito<\/a> possui mais de 60 mil exemplares de livros, sendo que 95% s\u00e3o da \u00e1rea jur\u00eddica. Os outros 5% s\u00e3o de filosofia, economia, sociologia e educa\u00e7\u00e3o. A Biblioteca possui, ainda, o acervo do falecido Dr. Jequiri\u00e7\u00e1, 12 bases de dados em CD-ROM e mais de mil t\u00edtulos de peri\u00f3dicos nacionais e estrangeiros. Abriga tamb\u00e9m o Memorial Casa de Afonso Pena, com reprodu\u00e7\u00e3o da antiga fachada da Faculdade em Ouro Preto, e abrigava, at\u00e9 2017, o Museu Memorial do Livro Jur\u00eddico, transferido para a Divis\u00e3o de Cole\u00e7\u00f5es Especiais e Obras Raras da UFMG, no quarto andar da Biblioteca Central.<\/p>\n<p>&nbsp;<\/p>\n<p>&nbsp;<\/p>\n<p>&nbsp;<\/p>\n<p>&nbsp;<\/p>\n<p>&nbsp;<\/p>\n","protected":false},"excerpt":{"rendered":"<p>As Infraestruturas de Apoio Institucional \u00e0 Pesquisa (AIPq) s\u00e3o infraestruturas [&hellip;]<\/p>\n","protected":false},"author":2,"featured_media":0,"parent":0,"menu_order":0,"comment_status":"closed","ping_status":"closed","template":"","meta":{"_acf_changed":false,"footnotes":""},"tags":[],"class_list":["post-1239","page","type-page","status-publish","hentry"],"acf":[],"_links":{"self":[{"href":"https:\/\/www.ufmg.br\/prpq\/wp-json\/wp\/v2\/pages\/1239","targetHints":{"allow":["GET"]}}],"collection":[{"href":"https:\/\/www.ufmg.br\/prpq\/wp-json\/wp\/v2\/pages"}],"about":[{"href":"https:\/\/www.ufmg.br\/prpq\/wp-json\/wp\/v2\/types\/page"}],"author":[{"embeddable":true,"href":"https:\/\/www.ufmg.br\/prpq\/wp-json\/wp\/v2\/users\/2"}],"replies":[{"embeddable":true,"href":"https:\/\/www.ufmg.br\/prpq\/wp-json\/wp\/v2\/comments?post=1239"}],"version-history":[{"count":2,"href":"https:\/\/www.ufmg.br\/prpq\/wp-json\/wp\/v2\/pages\/1239\/revisions"}],"predecessor-version":[{"id":1241,"href":"https:\/\/www.ufmg.br\/prpq\/wp-json\/wp\/v2\/pages\/1239\/revisions\/1241"}],"wp:attachment":[{"href":"https:\/\/www.ufmg.br\/prpq\/wp-json\/wp\/v2\/media?parent=1239"}],"wp:term":[{"taxonomy":"post_tag","embeddable":true,"href":"https:\/\/www.ufmg.br\/prpq\/wp-json\/wp\/v2\/tags?post=1239"}],"curies":[{"name":"wp","href":"https:\/\/api.w.org\/{rel}","templated":true}]}}