{"id":1259,"date":"2022-03-16T02:14:34","date_gmt":"2022-03-16T05:14:34","guid":{"rendered":"https:\/\/www.ufmg.br\/prpq\/?page_id=1259"},"modified":"2025-04-01T15:53:57","modified_gmt":"2025-04-01T18:53:57","slug":"historico-sic","status":"publish","type":"page","link":"https:\/\/www.ufmg.br\/prpq\/historico-sic\/","title":{"rendered":"Hist\u00f3rico da Semana de Inicia\u00e7\u00e3o Cient\u00edfica"},"content":{"rendered":"<p>Confira informa\u00e7\u00f5es sobre as \u00faltimas edi\u00e7\u00f5es da Semana do Conhecimento da UFMG:<\/p>\n<p><strong>Semana do Conhecimento 2024<\/strong><br \/>\nA tem\u00e1tica &#8220;Diversidade: conhecer, preservar e restaurar&#8221; marcou a realiza\u00e7\u00e3o da 33\u00aa edi\u00e7\u00e3o da Semana do Conhecimento, realizada de 21 a 25 de Outubro, com apresenta\u00e7\u00f5es nos Campi de Belo Horizonte e Montes Claros.<br \/>\nSaiba mais: <a href=\"http:\/\/www.ufmg.br\/semanadoconhecimento\" target=\"_blank\" rel=\"noopener\">www.ufmg.br\/semanadoconhecimento<\/a><br \/>\nConfira nos <a href=\"https:\/\/www.ufmg.br\/semanadoconhecimento\/apresentacoes\/\" target=\"_blank\" rel=\"noopener\">Anais<\/a> os trabalhos apresentados no evento.<\/p>\n<p><strong>Semana do Conhecimento 2023<\/strong><br \/>\nApresentou como tema &#8220;Desenvolvimento sustent\u00e1vel e Democracia\u00a0 na era da Intelig\u00eancia Artificial&#8221; , assim como em anos anteriores integrou a Semana Nacional de Ci\u00eancia e Tecnologia sendo realizada de 23 a 27 de Outubro<br \/>\nSaiba mais: <a href=\"http:\/\/www.ufmg.br\/semanadoconhecimento\/2023\" target=\"_blank\" rel=\"noopener\">www.ufmg.br\/semanadoconhecimento\/2023<\/a><br \/>\nConfira nos <a href=\"https:\/\/www.ufmg.br\/semanadoconhecimento\/2023\/apresentacoes\/\" target=\"_blank\" rel=\"noopener\">Anais<\/a> os trabalhos apresentados no evento.<\/p>\n<p><strong>Semana do Conhecimento 2022<\/strong><br \/>\nEm 2022, integrou as atividades da 19\u00aa Semana Nacional de Ci\u00eancia e Tecnologia promovida pelo Minist\u00e9rio da Ci\u00eancia, Tecnologia e Inova\u00e7\u00f5es, a 31\u00aa edi\u00e7\u00e3o da Semana do Conhecimento da UFMG aconteceu entre os dias 17 a 21 de outubro, tendo como tema &#8220;UFMG, 95; Brasil, 200: Interse\u00e7\u00f5es&#8221;.<br \/>\nSaiba mais: <a href=\"https:\/\/www.ufmg.br\/semanadoconhecimento\/2022\/\" target=\"_blank\" rel=\"noopener\">www.ufmg.br\/semanadoconhecimento\/2022<\/a><br \/>\nConfira nos <a href=\"https:\/\/www.ufmg.br\/semanadoconhecimento\/2022\/anais\/\" target=\"_blank\" rel=\"noopener\">Anais<\/a> os trabalhos apresentados no evento.<\/p>\n<p><strong>Semana do Conhecimento 2021<\/strong><br \/>\nO tema da 30\u00aa edi\u00e7\u00e3o da Semana do Conhecimento foi &#8220;Transversalidade da ci\u00eancia para constru\u00e7\u00e3o de futuros&#8221;. O evento tamb\u00e9m integrou a programa\u00e7\u00e3o da\u00a018\u00aa Semana Nacional de Ci\u00eancia e Tecnologia, promovida pelo Minist\u00e9rio da Ci\u00eancia, Tecnologia e Inova\u00e7\u00f5es.<br \/>\nSaiba mais: <a href=\"https:\/\/www.ufmg.br\/semanadoconhecimento\/2021\" target=\"_blank\" rel=\"noopener\">www.ufmg.br\/semanadoconhecimento\/2021<\/a><br \/>\nConfira nos <a href=\"https:\/\/www.ufmg.br\/semanadoconhecimento\/2021\/anais\/\" target=\"_blank\" rel=\"noopener\">Anais<\/a> os trabalhos apresentados no evento.<\/p>\n<p><strong>Semana do Conhecimento 2020<\/strong><br \/>\nEm 2020, a 29\u00aa edi\u00e7\u00e3o do evento, que integrou as atividades da 17\u00aa Semana Nacional de Ci\u00eancia e Tecnologia, teve como tema a \u201cIntelig\u00eancia Artificial e as travessias nas fronteiras do conhecimento\u201d sob a perspectiva da transversalidade nos caminhos diversos que se cruzam e se multiplicam para a produ\u00e7\u00e3o, consolida\u00e7\u00e3o, difus\u00e3o e avan\u00e7o do conhecimento, tanto para identifica\u00e7\u00e3o e enfrentamento coletivo dos in\u00fameros desafios presentes quanto para estabelecimento de uma fundamenta\u00e7\u00e3o s\u00f3lida para o futuro.<br \/>\nSaiba mais: <a href=\"https:\/\/www.ufmg.br\/semanadoconhecimento\/2020\/\" target=\"_blank\" rel=\"noopener\">www.ufmg.br\/semanadoconhecimento\/2020<\/a><br \/>\nConfira nos <a href=\"https:\/\/www.ufmg.br\/semanadoconhecimento\/2020\/anais\/\" target=\"_blank\" rel=\"noopener\">Anais<\/a> e no <a href=\"https:\/\/www.ufmg.br\/semanadoconhecimento\/2020\/digest\/\" target=\"_blank\" rel=\"noopener\">Digest<\/a> os trabalhos apresentados no evento.<\/p>\n<p><strong>Semana do Conhecimento 2019<br \/>\n<\/strong>Em 2019, a 28\u00aa edi\u00e7\u00e3o do evento teve como tema a \u201cEduca\u00e7\u00e3o de qualidade para o desenvolvimento sustent\u00e1vel\u201d, em conson\u00e2ncia com a Agenda 2030 das Na\u00e7\u00f5es Unidas para o Desenvolvimento Sustent\u00e1vel que reitera que \u201cassegurar a educa\u00e7\u00e3o inclusiva, equitativa e de qualidade e promover oportunidades de aprendizagem ao longo da vida para todos\u201d s\u00e3o requisitos indispens\u00e1veis para a sustentabilidade e a redu\u00e7\u00e3o das desigualdades. A 28\u00aa Semana do Conhecimento da UFMG integrou as atividades da 16\u00aa Semana Nacional de Ci\u00eancia e Tecnologia.<br \/>\nSaiba mais: <a href=\"https:\/\/www.ufmg.br\/semanadoconhecimento\/2019\/\" target=\"_blank\" rel=\"noopener\">www.ufmg.br\/semanadoconhecimento\/2019<\/a><\/p>\n<p><strong>Semana do Conhecimento 2018<\/strong><br \/>\nA 27\u00aa edi\u00e7\u00e3o da Semana do Conhecimento teve como proposta realizar uma reflex\u00e3o sobre a diversidade do conhecimento produzido e compartilhado pela universidade em di\u00e1logo com setores da sociedade. Com o tema \u201cSaberes e pr\u00e1ticas para reduzir desigualdades\u201d, o evento integrou a 15\u00aa Semana Nacional de Ci\u00eancia e Tecnologia.<br \/>\nSaiba mais: <a href=\"https:\/\/www.ufmg.br\/semanadoconhecimento\/2018\/\" target=\"_blank\" rel=\"noopener\">www.ufmg.br\/semanadoconhecimento\/2018 <\/a><\/p>\n<p><strong>Semana do Conhecimento 2017<\/strong><br \/>\nA 26\u00aa edi\u00e7\u00e3o da Semana do Conhecimento teve como tema \u201cMatem\u00e1tica, Diversidade, Conhecimento\u201d e fez parte da 14\u00aa Semana Nacional de Ci\u00eancia e Tecnologia em celebra\u00e7\u00e3o do Bi\u00eanio da Matem\u00e1tica no Brasil (2017-2018).<br \/>\nSaiba mais: <a href=\"https:\/\/www.ufmg.br\/semanadoconhecimento\/2017\/\" target=\"_blank\" rel=\"noopener\">www.ufmg.br\/semanadoconhecimento\/2017<\/a><\/p>\n<p><center><iframe loading=\"lazy\" title=\"YouTube video player\" src=\"https:\/\/www.youtube.com\/embed\/AqUf6vI_Hbs\" width=\"560\" height=\"315\" frameborder=\"0\" allowfullscreen=\"allowfullscreen\"><\/iframe><\/center><strong>Semana do Conhecimento 2016<\/strong><br \/>\nEm 2016, em conson\u00e2ncia com o tema da Semana Nacional de Ci\u00eancia e Tecnologia: \u201cCi\u00eancia alimentando o Brasil\u201d, a UFMG realizou a 25\u00aa edi\u00e7\u00e3o da Semana do Conhecimento com a tem\u00e1tica \u201cCultivar Vidas: Ci\u00eancia e Sociedade\u201d como proposta de reflex\u00e3o sobre a diversidade do conhecimento produzido e compartilhado pela universidade em di\u00e1logo com os outros setores da sociedade. O evento integrou as comemora\u00e7\u00f5es dos 90 anos da UFMG.<br \/>\nSaiba mais: <a href=\"https:\/\/www.ufmg.br\/semanadoconhecimento\/2016\/\" target=\"_blank\" rel=\"noopener\">www.ufmg.br\/semanadoconhecimento\/2016<\/a><\/p>\n<p><strong>Semana do Conhecimento 2015<\/strong><br \/>\nEm 2015 a UFMG realizou a XXIV Semana do Conhecimento, com o tema \u201cLuminosidades\u201d, que integra a Semana Nacional de Ci\u00eancia e Tecnologia, que este ano prop\u00f5e o tema \u201cLuz, Ci\u00eancia e Vida\u201d. Esse \u00e9 um evento anual da UFMG que conta com a participa\u00e7\u00e3o de toda a comunidade acad\u00eamica em diversas atividades, proporcionando momentos de reflex\u00e3o, difus\u00e3o e troca de conhecimentos, favorecendo a intera\u00e7\u00e3o e compartilhamento de experi\u00eancias.<br \/>\nSaiba mais: <a href=\"https:\/\/www.ufmg.br\/semanadoconhecimento\/2015\/\" target=\"_blank\" rel=\"noopener\">www.ufmg.br\/semanadoconhecimento\/2015<\/a><\/p>\n<p>As informa\u00e7\u00f5es dos eventos anteriores da Semana de Inicia\u00e7\u00e3o Cient\u00edfica podem ser obtidas a seguir<br \/>\n<style>#sp-ea-1659 .spcollapsing { height: 0; overflow: hidden; transition-property: height;transition-duration: 300ms;}#sp-ea-1659.sp-easy-accordion>.sp-ea-single {margin-bottom: 10px; border: 1px solid #e2e2e2; }#sp-ea-1659.sp-easy-accordion>.sp-ea-single>.ea-header a {color: #444;}#sp-ea-1659.sp-easy-accordion>.sp-ea-single>.sp-collapse>.ea-body {background: #fff; color: #444;}#sp-ea-1659.sp-easy-accordion>.sp-ea-single {background: #eee;}#sp-ea-1659.sp-easy-accordion>.sp-ea-single>.ea-header a .ea-expand-icon { float: left; color: #444;font-size: 16px;}<\/style><div id=\"sp_easy_accordion-1776055401\">\n<div id=\"sp-ea-1659\" class=\"sp-ea-one sp-easy-accordion\" data-ea-active=\"ea-click\" data-ea-mode=\"vertical\" data-preloader=\"\" data-scroll-active-item=\"\" data-offset-to-scroll=\"0\">\n\n<!-- Start accordion card div. -->\n<div class=\"ea-card ea-expand sp-ea-single\">\n\t<!-- Start accordion header. -->\n\t<h3 class=\"ea-header\">\n\t\t<!-- Add anchor tag for header. -->\n\t\t<a class=\"collapsed\" id=\"ea-header-16590\" role=\"button\" data-sptoggle=\"spcollapse\" data-sptarget=\"#collapse16590\" aria-controls=\"collapse16590\" href=\"#\"  aria-expanded=\"true\" tabindex=\"0\">\n\t\t<i aria-hidden=\"true\" role=\"presentation\" class=\"ea-expand-icon eap-icon-ea-expand-minus\"><\/i> 2014 - XXIII Semana de Inicia\u00e7\u00e3o Cient\u00edfica\t\t<\/a> <!-- Close anchor tag for header. -->\n\t<\/h3>\t<!-- Close header tag. -->\n\t<!-- Start collapsible content div. -->\n\t<div class=\"sp-collapse spcollapse collapsed show\" id=\"collapse16590\" data-parent=\"#sp-ea-1659\" role=\"region\" aria-labelledby=\"ea-header-16590\">  <!-- Content div. -->\n\t\t<div class=\"ea-body\">\n\t\t<p><a href=\"https:\/\/www2.ufmg.br\/semanadoconhecimento2014\" target=\"_blank\" rel=\"noopener\">Divulga\u00e7\u00e3o - Apresenta\u00e7\u00e3o, resumos, autores<\/a><\/p>\n\t\t<\/div> <!-- Close content div. -->\n\t<\/div> <!-- Close collapse div. -->\n<\/div> <!-- Close card div. -->\n<!-- Start accordion card div. -->\n<div class=\"ea-card  sp-ea-single\">\n\t<!-- Start accordion header. -->\n\t<h3 class=\"ea-header\">\n\t\t<!-- Add anchor tag for header. -->\n\t\t<a class=\"collapsed\" id=\"ea-header-16591\" role=\"button\" data-sptoggle=\"spcollapse\" data-sptarget=\"#collapse16591\" aria-controls=\"collapse16591\" href=\"#\"  aria-expanded=\"false\" tabindex=\"0\">\n\t\t<i aria-hidden=\"true\" role=\"presentation\" class=\"ea-expand-icon eap-icon-ea-expand-plus\"><\/i> 2013 - XXII Semana de Inicia\u00e7\u00e3o Cient\u00edfica\t\t<\/a> <!-- Close anchor tag for header. -->\n\t<\/h3>\t<!-- Close header tag. -->\n\t<!-- Start collapsible content div. -->\n\t<div class=\"sp-collapse spcollapse \" id=\"collapse16591\" data-parent=\"#sp-ea-1659\" role=\"region\" aria-labelledby=\"ea-header-16591\">  <!-- Content div. -->\n\t\t<div class=\"ea-body\">\n\t\t<p><a href=\"https:\/\/www2.ufmg.br\/ufmgconhecimentoecultura2013\" target=\"_blank\" rel=\"noopener\">Divulga\u00e7\u00e3o - Apresenta\u00e7\u00e3o, resumos, autores<\/a><\/p>\n\t\t<\/div> <!-- Close content div. -->\n\t<\/div> <!-- Close collapse div. -->\n<\/div> <!-- Close card div. -->\n<!-- Start accordion card div. -->\n<div class=\"ea-card  sp-ea-single\">\n\t<!-- Start accordion header. -->\n\t<h3 class=\"ea-header\">\n\t\t<!-- Add anchor tag for header. -->\n\t\t<a class=\"collapsed\" id=\"ea-header-16592\" role=\"button\" data-sptoggle=\"spcollapse\" data-sptarget=\"#collapse16592\" aria-controls=\"collapse16592\" href=\"#\"  aria-expanded=\"false\" tabindex=\"0\">\n\t\t<i aria-hidden=\"true\" role=\"presentation\" class=\"ea-expand-icon eap-icon-ea-expand-plus\"><\/i> 2012 - XXI Semana de Inicia\u00e7\u00e3o Cient\u00edfica\t\t<\/a> <!-- Close anchor tag for header. -->\n\t<\/h3>\t<!-- Close header tag. -->\n\t<!-- Start collapsible content div. -->\n\t<div class=\"sp-collapse spcollapse \" id=\"collapse16592\" data-parent=\"#sp-ea-1659\" role=\"region\" aria-labelledby=\"ea-header-16592\">  <!-- Content div. -->\n\t\t<div class=\"ea-body\">\n\t\t<p><a href=\"https:\/\/www2.ufmg.br\/ufmgconhecimentoecultura2012\" target=\"_blank\" rel=\"noopener\">Divulga\u00e7\u00e3o - Apresenta\u00e7\u00e3o, resumos, autores<\/a><\/p>\n\t\t<\/div> <!-- Close content div. -->\n\t<\/div> <!-- Close collapse div. -->\n<\/div> <!-- Close card div. -->\n<!-- Start accordion card div. -->\n<div class=\"ea-card  sp-ea-single\">\n\t<!-- Start accordion header. -->\n\t<h3 class=\"ea-header\">\n\t\t<!-- Add anchor tag for header. -->\n\t\t<a class=\"collapsed\" id=\"ea-header-16593\" role=\"button\" data-sptoggle=\"spcollapse\" data-sptarget=\"#collapse16593\" aria-controls=\"collapse16593\" href=\"#\"  aria-expanded=\"false\" tabindex=\"0\">\n\t\t<i aria-hidden=\"true\" role=\"presentation\" class=\"ea-expand-icon eap-icon-ea-expand-plus\"><\/i> 2011 - XX Semana de Inicia\u00e7\u00e3o Cient\u00edfica\t\t<\/a> <!-- Close anchor tag for header. -->\n\t<\/h3>\t<!-- Close header tag. -->\n\t<!-- Start collapsible content div. -->\n\t<div class=\"sp-collapse spcollapse \" id=\"collapse16593\" data-parent=\"#sp-ea-1659\" role=\"region\" aria-labelledby=\"ea-header-16593\">  <!-- Content div. -->\n\t\t<div class=\"ea-body\">\n\t\t<p><a href=\"https:\/\/www2.ufmg.br\/ufmgconhecimentoecultura2011\" target=\"_blank\" rel=\"noopener\">Divulga\u00e7\u00e3o - Apresenta\u00e7\u00e3o, resumos, autores<\/a><\/p>\n\t\t<\/div> <!-- Close content div. -->\n\t<\/div> <!-- Close collapse div. -->\n<\/div> <!-- Close card div. -->\n<!-- Start accordion card div. -->\n<div class=\"ea-card  sp-ea-single\">\n\t<!-- Start accordion header. -->\n\t<h3 class=\"ea-header\">\n\t\t<!-- Add anchor tag for header. -->\n\t\t<a class=\"collapsed\" id=\"ea-header-16594\" role=\"button\" data-sptoggle=\"spcollapse\" data-sptarget=\"#collapse16594\" aria-controls=\"collapse16594\" href=\"#\"  aria-expanded=\"false\" tabindex=\"0\">\n\t\t<i aria-hidden=\"true\" role=\"presentation\" class=\"ea-expand-icon eap-icon-ea-expand-plus\"><\/i> 2010 - XIX Semana de Inicia\u00e7\u00e3o Cient\u00edfica\t\t<\/a> <!-- Close anchor tag for header. -->\n\t<\/h3>\t<!-- Close header tag. -->\n\t<!-- Start collapsible content div. -->\n\t<div class=\"sp-collapse spcollapse \" id=\"collapse16594\" data-parent=\"#sp-ea-1659\" role=\"region\" aria-labelledby=\"ea-header-16594\">  <!-- Content div. -->\n\t\t<div class=\"ea-body\">\n\t\t<p><a href=\"https:\/\/www.ufmg.br\/conhecimentoecultura\/2010\/\" target=\"_blank\" rel=\"noopener\">Divulga\u00e7\u00e3o - Apresenta\u00e7\u00e3o, resumos, autores<\/a><\/p>\n\t\t<\/div> <!-- Close content div. -->\n\t<\/div> <!-- Close collapse div. -->\n<\/div> <!-- Close card div. -->\n<!-- Start accordion card div. -->\n<div class=\"ea-card  sp-ea-single\">\n\t<!-- Start accordion header. -->\n\t<h3 class=\"ea-header\">\n\t\t<!-- Add anchor tag for header. -->\n\t\t<a class=\"collapsed\" id=\"ea-header-16595\" role=\"button\" data-sptoggle=\"spcollapse\" data-sptarget=\"#collapse16595\" aria-controls=\"collapse16595\" href=\"#\"  aria-expanded=\"false\" tabindex=\"0\">\n\t\t<i aria-hidden=\"true\" role=\"presentation\" class=\"ea-expand-icon eap-icon-ea-expand-plus\"><\/i> 2009 - XVIII Semana de Inicia\u00e7\u00e3o Cient\u00edfica\t\t<\/a> <!-- Close anchor tag for header. -->\n\t<\/h3>\t<!-- Close header tag. -->\n\t<!-- Start collapsible content div. -->\n\t<div class=\"sp-collapse spcollapse \" id=\"collapse16595\" data-parent=\"#sp-ea-1659\" role=\"region\" aria-labelledby=\"ea-header-16595\">  <!-- Content div. -->\n\t\t<div class=\"ea-body\">\n\t\t<p><a href=\"https:\/\/www.ufmg.br\/conhecimentoecultura\/2009\/\" target=\"_blank\" rel=\"noopener\">Divulga\u00e7\u00e3o - Apresenta\u00e7\u00e3o, resumos, autores<\/a><\/p>\n\t\t<\/div> <!-- Close content div. -->\n\t<\/div> <!-- Close collapse div. -->\n<\/div> <!-- Close card div. -->\n<!-- Start accordion card div. -->\n<div class=\"ea-card  sp-ea-single\">\n\t<!-- Start accordion header. -->\n\t<h3 class=\"ea-header\">\n\t\t<!-- Add anchor tag for header. -->\n\t\t<a class=\"collapsed\" id=\"ea-header-16596\" role=\"button\" data-sptoggle=\"spcollapse\" data-sptarget=\"#collapse16596\" aria-controls=\"collapse16596\" href=\"#\"  aria-expanded=\"false\" tabindex=\"0\">\n\t\t<i aria-hidden=\"true\" role=\"presentation\" class=\"ea-expand-icon eap-icon-ea-expand-plus\"><\/i> 2008 - XVII Semana de Inicia\u00e7\u00e3o Cient\u00edfica\t\t<\/a> <!-- Close anchor tag for header. -->\n\t<\/h3>\t<!-- Close header tag. -->\n\t<!-- Start collapsible content div. -->\n\t<div class=\"sp-collapse spcollapse \" id=\"collapse16596\" data-parent=\"#sp-ea-1659\" role=\"region\" aria-labelledby=\"ea-header-16596\">  <!-- Content div. -->\n\t\t<div class=\"ea-body\">\n\t\t<p><a href=\"https:\/\/www.ufmg.br\/conhecimentoecultura\/2008\/\" target=\"_blank\" rel=\"noopener\">Divulga\u00e7\u00e3o - Apresenta\u00e7\u00e3o, resumos, autores<\/a><\/p>\n\t\t<\/div> <!-- Close content div. -->\n\t<\/div> <!-- Close collapse div. -->\n<\/div> <!-- Close card div. -->\n<!-- Start accordion card div. -->\n<div class=\"ea-card  sp-ea-single\">\n\t<!-- Start accordion header. -->\n\t<h3 class=\"ea-header\">\n\t\t<!-- Add anchor tag for header. -->\n\t\t<a class=\"collapsed\" id=\"ea-header-16597\" role=\"button\" data-sptoggle=\"spcollapse\" data-sptarget=\"#collapse16597\" aria-controls=\"collapse16597\" href=\"#\"  aria-expanded=\"false\" tabindex=\"0\">\n\t\t<i aria-hidden=\"true\" role=\"presentation\" class=\"ea-expand-icon eap-icon-ea-expand-plus\"><\/i> 2007 - XVI Semana de Inicia\u00e7\u00e3o Cient\u00edfica\t\t<\/a> <!-- Close anchor tag for header. -->\n\t<\/h3>\t<!-- Close header tag. -->\n\t<!-- Start collapsible content div. -->\n\t<div class=\"sp-collapse spcollapse \" id=\"collapse16597\" data-parent=\"#sp-ea-1659\" role=\"region\" aria-labelledby=\"ea-header-16597\">  <!-- Content div. -->\n\t\t<div class=\"ea-body\">\n\t\t<p><a href=\"https:\/\/www.ufmg.br\/conhecimentoecultura\/2007\/\" target=\"_blank\" rel=\"noopener\">Divulga\u00e7\u00e3o - Apresenta\u00e7\u00e3o, resumos, autores<\/a><\/p>\n\t\t<\/div> <!-- Close content div. -->\n\t<\/div> <!-- Close collapse div. -->\n<\/div> <!-- Close card div. -->\n<!-- Start accordion card div. -->\n<div class=\"ea-card  sp-ea-single\">\n\t<!-- Start accordion header. -->\n\t<h3 class=\"ea-header\">\n\t\t<!-- Add anchor tag for header. -->\n\t\t<a class=\"collapsed\" id=\"ea-header-16598\" role=\"button\" data-sptoggle=\"spcollapse\" data-sptarget=\"#collapse16598\" aria-controls=\"collapse16598\" href=\"#\"  aria-expanded=\"false\" tabindex=\"0\">\n\t\t<i aria-hidden=\"true\" role=\"presentation\" class=\"ea-expand-icon eap-icon-ea-expand-plus\"><\/i> 2006 - XV Semana de Inicia\u00e7\u00e3o Cient\u00edfica\t\t<\/a> <!-- Close anchor tag for header. -->\n\t<\/h3>\t<!-- Close header tag. -->\n\t<!-- Start collapsible content div. -->\n\t<div class=\"sp-collapse spcollapse \" id=\"collapse16598\" data-parent=\"#sp-ea-1659\" role=\"region\" aria-labelledby=\"ea-header-16598\">  <!-- Content div. -->\n\t\t<div class=\"ea-body\">\n\t\t<p><a href=\"https:\/\/www.ufmg.br\/prpq\/semanaic\/xvsic\/trabalhos\/index.html\" target=\"_blank\" rel=\"noopener\">Divulga\u00e7\u00e3o - Apresenta\u00e7\u00e3o, resumos, autores<\/a><\/p>\n\t\t<\/div> <!-- Close content div. -->\n\t<\/div> <!-- Close collapse div. -->\n<\/div> <!-- Close card div. -->\n<!-- Start accordion card div. -->\n<div class=\"ea-card  sp-ea-single\">\n\t<!-- Start accordion header. -->\n\t<h3 class=\"ea-header\">\n\t\t<!-- Add anchor tag for header. -->\n\t\t<a class=\"collapsed\" id=\"ea-header-16599\" role=\"button\" data-sptoggle=\"spcollapse\" data-sptarget=\"#collapse16599\" aria-controls=\"collapse16599\" href=\"#\"  aria-expanded=\"false\" tabindex=\"0\">\n\t\t<i aria-hidden=\"true\" role=\"presentation\" class=\"ea-expand-icon eap-icon-ea-expand-plus\"><\/i> 2005 - XIV Semana de Inicia\u00e7\u00e3o Cient\u00edfica\t\t<\/a> <!-- Close anchor tag for header. -->\n\t<\/h3>\t<!-- Close header tag. -->\n\t<!-- Start collapsible content div. -->\n\t<div class=\"sp-collapse spcollapse \" id=\"collapse16599\" data-parent=\"#sp-ea-1659\" role=\"region\" aria-labelledby=\"ea-header-16599\">  <!-- Content div. -->\n\t\t<div class=\"ea-body\">\n\t\t<p><a href=\"https:\/\/www.ufmg.br\/prpq\/semanaic\/xivsic\/trabalhos\/index.html\" target=\"_blank\" rel=\"noopener\">Divulga\u00e7\u00e3o - Apresenta\u00e7\u00e3o, resumos, autores<\/a><\/p>\n\t\t<\/div> <!-- Close content div. -->\n\t<\/div> <!-- Close collapse div. -->\n<\/div> <!-- Close card div. -->\n<!-- Start accordion card div. -->\n<div class=\"ea-card  sp-ea-single\">\n\t<!-- Start accordion header. -->\n\t<h3 class=\"ea-header\">\n\t\t<!-- Add anchor tag for header. -->\n\t\t<a class=\"collapsed\" id=\"ea-header-165910\" role=\"button\" data-sptoggle=\"spcollapse\" data-sptarget=\"#collapse165910\" aria-controls=\"collapse165910\" href=\"#\"  aria-expanded=\"false\" tabindex=\"0\">\n\t\t<i aria-hidden=\"true\" role=\"presentation\" class=\"ea-expand-icon eap-icon-ea-expand-plus\"><\/i> 2004 - XIII Semana de Inicia\u00e7\u00e3o Cient\u00edfica\t\t<\/a> <!-- Close anchor tag for header. -->\n\t<\/h3>\t<!-- Close header tag. -->\n\t<!-- Start collapsible content div. -->\n\t<div class=\"sp-collapse spcollapse \" id=\"collapse165910\" data-parent=\"#sp-ea-1659\" role=\"region\" aria-labelledby=\"ea-header-165910\">  <!-- Content div. -->\n\t\t<div class=\"ea-body\">\n\t\t<p><a href=\"https:\/\/www.ufmg.br\/prpq\/semanaic\/xiiisic\/trabalhos\/index.html\" target=\"_blank\" rel=\"noopener\">Divulga\u00e7\u00e3o - Apresenta\u00e7\u00e3o, resumos, autores<\/a><\/p>\n\t\t<\/div> <!-- Close content div. -->\n\t<\/div> <!-- Close collapse div. -->\n<\/div> <!-- Close card div. -->\n<!-- Start accordion card div. -->\n<div class=\"ea-card  sp-ea-single\">\n\t<!-- Start accordion header. -->\n\t<h3 class=\"ea-header\">\n\t\t<!-- Add anchor tag for header. -->\n\t\t<a class=\"collapsed\" id=\"ea-header-165911\" role=\"button\" data-sptoggle=\"spcollapse\" data-sptarget=\"#collapse165911\" aria-controls=\"collapse165911\" href=\"#\"  aria-expanded=\"false\" tabindex=\"0\">\n\t\t<i aria-hidden=\"true\" role=\"presentation\" class=\"ea-expand-icon eap-icon-ea-expand-plus\"><\/i> 2003 - XII Semana de Inicia\u00e7\u00e3o Cient\u00edfica\t\t<\/a> <!-- Close anchor tag for header. -->\n\t<\/h3>\t<!-- Close header tag. -->\n\t<!-- Start collapsible content div. -->\n\t<div class=\"sp-collapse spcollapse \" id=\"collapse165911\" data-parent=\"#sp-ea-1659\" role=\"region\" aria-labelledby=\"ea-header-165911\">  <!-- Content div. -->\n\t\t<div class=\"ea-body\">\n\t\t<p><a href=\"https:\/\/www.ufmg.br\/prpq\/semanaic\/xiisic\/trabalhos\/index.html\" target=\"_blank\" rel=\"noopener\">Divulga\u00e7\u00e3o - Apresenta\u00e7\u00e3o, resumos, autores<\/a><\/p>\n\t\t<\/div> <!-- Close content div. -->\n\t<\/div> <!-- Close collapse div. -->\n<\/div> <!-- Close card div. -->\n<!-- Start accordion card div. -->\n<div class=\"ea-card  sp-ea-single\">\n\t<!-- Start accordion header. -->\n\t<h3 class=\"ea-header\">\n\t\t<!-- Add anchor tag for header. -->\n\t\t<a class=\"collapsed\" id=\"ea-header-165912\" role=\"button\" data-sptoggle=\"spcollapse\" data-sptarget=\"#collapse165912\" aria-controls=\"collapse165912\" href=\"#\"  aria-expanded=\"false\" tabindex=\"0\">\n\t\t<i aria-hidden=\"true\" role=\"presentation\" class=\"ea-expand-icon eap-icon-ea-expand-plus\"><\/i> 2002 - XI Semana de Inicia\u00e7\u00e3o Cient\u00edfica\t\t<\/a> <!-- Close anchor tag for header. -->\n\t<\/h3>\t<!-- Close header tag. -->\n\t<!-- Start collapsible content div. -->\n\t<div class=\"sp-collapse spcollapse \" id=\"collapse165912\" data-parent=\"#sp-ea-1659\" role=\"region\" aria-labelledby=\"ea-header-165912\">  <!-- Content div. -->\n\t\t<div class=\"ea-body\">\n\t\t<p><a href=\"https:\/\/www.ufmg.br\/prpq\/semanaic\/xisic\/index.html\" target=\"_blank\" rel=\"noopener\">Divulga\u00e7\u00e3o - Apresenta\u00e7\u00e3o, resumos, autores<\/a><\/p>\n\t\t<\/div> <!-- Close content div. -->\n\t<\/div> <!-- Close collapse div. -->\n<\/div> <!-- Close card div. -->\n<\/div>\n<\/div>\n<\/p>\n","protected":false},"excerpt":{"rendered":"<p>Confira informa\u00e7\u00f5es sobre as \u00faltimas edi\u00e7\u00f5es da Semana do Conhecimento [&hellip;]<\/p>\n","protected":false},"author":2,"featured_media":0,"parent":0,"menu_order":0,"comment_status":"closed","ping_status":"closed","template":"","meta":{"_acf_changed":false,"footnotes":""},"tags":[],"class_list":["post-1259","page","type-page","status-publish","hentry"],"acf":[],"_links":{"self":[{"href":"https:\/\/www.ufmg.br\/prpq\/wp-json\/wp\/v2\/pages\/1259","targetHints":{"allow":["GET"]}}],"collection":[{"href":"https:\/\/www.ufmg.br\/prpq\/wp-json\/wp\/v2\/pages"}],"about":[{"href":"https:\/\/www.ufmg.br\/prpq\/wp-json\/wp\/v2\/types\/page"}],"author":[{"embeddable":true,"href":"https:\/\/www.ufmg.br\/prpq\/wp-json\/wp\/v2\/users\/2"}],"replies":[{"embeddable":true,"href":"https:\/\/www.ufmg.br\/prpq\/wp-json\/wp\/v2\/comments?post=1259"}],"version-history":[{"count":24,"href":"https:\/\/www.ufmg.br\/prpq\/wp-json\/wp\/v2\/pages\/1259\/revisions"}],"predecessor-version":[{"id":3444,"href":"https:\/\/www.ufmg.br\/prpq\/wp-json\/wp\/v2\/pages\/1259\/revisions\/3444"}],"wp:attachment":[{"href":"https:\/\/www.ufmg.br\/prpq\/wp-json\/wp\/v2\/media?parent=1259"}],"wp:term":[{"taxonomy":"post_tag","embeddable":true,"href":"https:\/\/www.ufmg.br\/prpq\/wp-json\/wp\/v2\/tags?post=1259"}],"curies":[{"name":"wp","href":"https:\/\/api.w.org\/{rel}","templated":true}]}}