{"id":1714,"date":"2022-08-05T15:12:58","date_gmt":"2022-08-05T18:12:58","guid":{"rendered":"https:\/\/www.ufmg.br\/prpq\/?page_id=1714"},"modified":"2025-08-04T09:54:25","modified_gmt":"2025-08-04T12:54:25","slug":"semana-do-conhecimento-da-ufmg","status":"publish","type":"page","link":"https:\/\/www.ufmg.br\/prpq\/semana-do-conhecimento-da-ufmg\/","title":{"rendered":"Semana de Inicia\u00e7\u00e3o Cient\u00edfica"},"content":{"rendered":"<div style=\"text-align: center;\"><img loading=\"lazy\" decoding=\"async\" class=\"size-medium wp-image-3062 alignnone\" src=\"https:\/\/www.ufmg.br\/prpq\/wp-content\/uploads\/2024\/08\/IMG_20231025_132517617-300x226.jpg\" alt=\"\" width=\"300\" height=\"226\" srcset=\"https:\/\/www.ufmg.br\/prpq\/wp-content\/uploads\/2024\/08\/IMG_20231025_132517617-300x226.jpg 300w, https:\/\/www.ufmg.br\/prpq\/wp-content\/uploads\/2024\/08\/IMG_20231025_132517617-1024x771.jpg 1024w, https:\/\/www.ufmg.br\/prpq\/wp-content\/uploads\/2024\/08\/IMG_20231025_132517617-768x578.jpg 768w, https:\/\/www.ufmg.br\/prpq\/wp-content\/uploads\/2024\/08\/IMG_20231025_132517617-1536x1157.jpg 1536w, https:\/\/www.ufmg.br\/prpq\/wp-content\/uploads\/2024\/08\/IMG_20231025_132517617-2048x1542.jpg 2048w\" sizes=\"auto, (max-width: 300px) 100vw, 300px\" \/><img loading=\"lazy\" decoding=\"async\" class=\"size-medium wp-image-3063 alignnone\" src=\"https:\/\/www.ufmg.br\/prpq\/wp-content\/uploads\/2024\/08\/IMG_20231025_092004975_HDR-300x226.jpg\" alt=\"\" width=\"300\" height=\"226\" srcset=\"https:\/\/www.ufmg.br\/prpq\/wp-content\/uploads\/2024\/08\/IMG_20231025_092004975_HDR-300x226.jpg 300w, https:\/\/www.ufmg.br\/prpq\/wp-content\/uploads\/2024\/08\/IMG_20231025_092004975_HDR-1024x771.jpg 1024w, https:\/\/www.ufmg.br\/prpq\/wp-content\/uploads\/2024\/08\/IMG_20231025_092004975_HDR-768x578.jpg 768w, https:\/\/www.ufmg.br\/prpq\/wp-content\/uploads\/2024\/08\/IMG_20231025_092004975_HDR-1536x1157.jpg 1536w, https:\/\/www.ufmg.br\/prpq\/wp-content\/uploads\/2024\/08\/IMG_20231025_092004975_HDR-2048x1542.jpg 2048w\" sizes=\"auto, (max-width: 300px) 100vw, 300px\" \/><br \/>\n<img loading=\"lazy\" decoding=\"async\" class=\"size-medium wp-image-3064 alignnone\" src=\"https:\/\/www.ufmg.br\/prpq\/wp-content\/uploads\/2024\/08\/IMG_20231025_133227413_HDR-300x226.jpg\" alt=\"\" width=\"300\" height=\"226\" srcset=\"https:\/\/www.ufmg.br\/prpq\/wp-content\/uploads\/2024\/08\/IMG_20231025_133227413_HDR-300x226.jpg 300w, https:\/\/www.ufmg.br\/prpq\/wp-content\/uploads\/2024\/08\/IMG_20231025_133227413_HDR-1024x771.jpg 1024w, https:\/\/www.ufmg.br\/prpq\/wp-content\/uploads\/2024\/08\/IMG_20231025_133227413_HDR-768x578.jpg 768w, https:\/\/www.ufmg.br\/prpq\/wp-content\/uploads\/2024\/08\/IMG_20231025_133227413_HDR-1536x1157.jpg 1536w, https:\/\/www.ufmg.br\/prpq\/wp-content\/uploads\/2024\/08\/IMG_20231025_133227413_HDR-2048x1542.jpg 2048w\" sizes=\"auto, (max-width: 300px) 100vw, 300px\" \/><img loading=\"lazy\" decoding=\"async\" class=\"size-medium wp-image-3065 alignnone\" src=\"https:\/\/www.ufmg.br\/prpq\/wp-content\/uploads\/2024\/08\/IMG_20231025_143817373_HDR-300x226.jpg\" alt=\"\" width=\"300\" height=\"226\" srcset=\"https:\/\/www.ufmg.br\/prpq\/wp-content\/uploads\/2024\/08\/IMG_20231025_143817373_HDR-300x226.jpg 300w, https:\/\/www.ufmg.br\/prpq\/wp-content\/uploads\/2024\/08\/IMG_20231025_143817373_HDR-1024x771.jpg 1024w, https:\/\/www.ufmg.br\/prpq\/wp-content\/uploads\/2024\/08\/IMG_20231025_143817373_HDR-768x578.jpg 768w, https:\/\/www.ufmg.br\/prpq\/wp-content\/uploads\/2024\/08\/IMG_20231025_143817373_HDR-1536x1157.jpg 1536w, https:\/\/www.ufmg.br\/prpq\/wp-content\/uploads\/2024\/08\/IMG_20231025_143817373_HDR-2048x1542.jpg 2048w\" sizes=\"auto, (max-width: 300px) 100vw, 300px\" \/><br \/>\n<span style=\"font-size: small;\">Estudantes participam da XXXII Semana de Inicia\u00e7\u00e3o Cient\u00edfica no Centro de Atividades Did\u00e1ticas 3 | Cl\u00e9ber Martins<\/span><\/div>\n<div style=\"text-align: justify; padding: 20px;\">A Semana de Inicia\u00e7\u00e3o Cient\u00edfica constitui-se no evento para a divulga\u00e7\u00e3o dos trabalhos de pesquisa desenvolvidos por alunos de gradua\u00e7\u00e3o e do ensino m\u00e9dio na UFMG, bolsistas ou alunos volunt\u00e1rios de inicia\u00e7\u00e3o cient\u00edfica (IC), com premia\u00e7\u00e3o dos trabalhos que se destacam. A Semana de Inicia\u00e7\u00e3o Cient\u00edfica oferece uma oportunidade ao aluno de IC para apresentar e discutir seu trabalho de pesquisa com a comunidade acad\u00eamica atrav\u00e9s da elabora\u00e7\u00e3o de apresenta\u00e7\u00f5es orais ou exposi\u00e7\u00e3o de pain\u00e9is. Esse evento visa tamb\u00e9m criar mecanismo para avalia\u00e7\u00e3o dos trabalhos por docentes pesquisadores da UFMG e externos \u00e0 institui\u00e7\u00e3o. O evento tem apresenta\u00e7\u00f5es de trabalhos nas unidades acad\u00eamicas, em formato a ser definido pelo N\u00facleo de Assessoramento \u00e0 Pesquisa (NAPq) de cada unidade nos dias 06 e 07 de outubro, A apresenta\u00e7\u00e3o final presencial dos trabalhos selecionados em 2025, a ser realizada no CAD 3 no dia 15\/10.<\/div>\n<p><strong>Neste v\u00eddeo, alunos relatam as fun\u00e7\u00f5es desempenhadas na Inicia\u00e7\u00e3o Cient\u00edfica<\/strong><\/p>\n<p><center><iframe loading=\"lazy\" title=\"YouTube video player\" src=\"https:\/\/www.youtube.com\/embed\/QO6mtdVX8_Y\" width=\"560\" height=\"315\" frameborder=\"0\" allowfullscreen=\"allowfullscreen\" data-mce-fragment=\"1\"><\/iframe><\/center>Confira na <a href=\"https:\/\/www.ufmg.br\/prpq\/wp-content\/uploads\/2025\/07\/chamada_interna_09_2025.pdf\" target=\"_blank\" rel=\"noopener\">Chamada Interna<\/a>\u00a0as normas e instru\u00e7\u00f5es para participa\u00e7\u00e3o no evento.<\/p>\n<div style=\"text-align: justify; padding: 20px;\">\n<p>A XXXIV Semana de Inicia\u00e7\u00e3o Cient\u00edfica e o XV Semin\u00e1rio de Inicia\u00e7\u00e3o Cient\u00edfica J\u00fanior, ambos organizados pela Diretoria de Fomento \u00e0 Pesquisa da PRPq, s\u00e3o eventos integrantes da Semana do Conhecimento de 2025. Neste ano a apresenta\u00e7\u00e3o \u00e9 obrigat\u00f3ria para os para discentes e orientadores que desenvolveram, no per\u00edodo 2024\/2025, projetos em Programas Institucionais de Bolsas de Inicia\u00e7\u00e3o Cient\u00edfica abaixo relacionados<\/p>\n<ul>\n<li>Edital 05\/2024 \u2013 PIBIC\/CNPq;<\/li>\n<li>Edital 07\/2024 \u2013 PIBITI\/CNPq;<\/li>\n<li>Edital 08\/2024 \u2013 PIBIC EM\/CNPq;<\/li>\n<li>Edital 06\/2024 \u2013 PIBIC-AF CNPq ;<\/li>\n<li>Edital 09\/2024 \u2013 Programa Institucional de Bolsas de Inicia\u00e7\u00e3o Cient\u00edfica em Interface com a Extens\u00e3o para a Rede de Museus e Espa\u00e7os de Ci\u00eancia e Cultura da UFMG \u2013 PROEX\/PRPq;<\/li>\n<li>Edital 11\/2024 \u2013 PROBIC\/FAPEMIG;<\/li>\n<li>Edital 12\/2024 \u2013 BIC ensino m\u00e9dio\/ FAPEMIG;<\/li>\n<li>Editais 01\/2024 \u2013 Programa de Inicia\u00e7\u00e3o Cient\u00edfica Volunt\u00e1ria (ICV) de gradua\u00e7\u00e3o e ensino m\u00e9dio \u2013 alunos que iniciaram a ICV entre Agosto e Novembro\/2024.<\/li>\n<li>Editais 01\/2025 \u2013 Programa de Inicia\u00e7\u00e3o Cient\u00edfica Volunt\u00e1ria (ICV) de gradua\u00e7\u00e3o e ensino m\u00e9dio \u2013 alunos que iniciaram a ICV no per\u00edodo entre Fevereiro e Abril\/2025;<\/li>\n<li>Chamada 03\/2024 \u2013 Programa Institucional de Bolsas de Inicia\u00e7\u00e3o Cient\u00edfica do Instituto de Estudos Avan\u00e7ados Transdisciplinares \u2013 IEAT<\/li>\n<\/ul>\n<p><strong>Estudantes da gradua\u00e7\u00e3o da UFMG n\u00e3o vinculados a esses programas, poder\u00e3o submeter resumos para a SIC, desde que estejam regularmente matriculados e cadastrados no Sistema de Fomento como Bolsa Balc\u00e3o (Chamada 01\/2024 ou 01\/2025) e que tenham acesso ao sistema Minha UFMG,\u00a0mas n\u00e3o poder\u00e3o substituir um participante obrigat\u00f3rio na submiss\u00e3o e apresenta\u00e7\u00e3o.<\/strong><\/p>\n<p><strong>Estudantes externos \u00e0 UFMG poder\u00e3o se inscrever somente se participantes do editais citados acima.<\/strong><\/p>\n<\/div>\n<p>&nbsp;<\/p>\n","protected":false},"excerpt":{"rendered":"<p>Estudantes participam da XXXII Semana de Inicia\u00e7\u00e3o Cient\u00edfica no Centro [&hellip;]<\/p>\n","protected":false},"author":3,"featured_media":0,"parent":0,"menu_order":0,"comment_status":"closed","ping_status":"closed","template":"","meta":{"_acf_changed":false,"footnotes":""},"tags":[],"class_list":["post-1714","page","type-page","status-publish","hentry"],"acf":[],"_links":{"self":[{"href":"https:\/\/www.ufmg.br\/prpq\/wp-json\/wp\/v2\/pages\/1714","targetHints":{"allow":["GET"]}}],"collection":[{"href":"https:\/\/www.ufmg.br\/prpq\/wp-json\/wp\/v2\/pages"}],"about":[{"href":"https:\/\/www.ufmg.br\/prpq\/wp-json\/wp\/v2\/types\/page"}],"author":[{"embeddable":true,"href":"https:\/\/www.ufmg.br\/prpq\/wp-json\/wp\/v2\/users\/3"}],"replies":[{"embeddable":true,"href":"https:\/\/www.ufmg.br\/prpq\/wp-json\/wp\/v2\/comments?post=1714"}],"version-history":[{"count":27,"href":"https:\/\/www.ufmg.br\/prpq\/wp-json\/wp\/v2\/pages\/1714\/revisions"}],"predecessor-version":[{"id":3623,"href":"https:\/\/www.ufmg.br\/prpq\/wp-json\/wp\/v2\/pages\/1714\/revisions\/3623"}],"wp:attachment":[{"href":"https:\/\/www.ufmg.br\/prpq\/wp-json\/wp\/v2\/media?parent=1714"}],"wp:term":[{"taxonomy":"post_tag","embeddable":true,"href":"https:\/\/www.ufmg.br\/prpq\/wp-json\/wp\/v2\/tags?post=1714"}],"curies":[{"name":"wp","href":"https:\/\/api.w.org\/{rel}","templated":true}]}}

Semana de Iniciação Científica

<div style="text-align: center;"><img loading="lazy" decoding="async" class="size-medium wp-image-3062 alignnone" src="https://www.ufmg.br/prpq/wp-content/uploads/2024/08/IMG_20231025_132517617-300x226.jpg" alt="" width="300" height="226" srcset="https://www.ufmg.br/prpq/wp-content/uploads/2024/08/IMG_20231025_132517617-300x226.jpg 300w, https://www.ufmg.br/prpq/wp-content/uploads/2024/08/IMG_20231025_132517617-1024x771.jpg 1024w, https://www.ufmg.br/prpq/wp-content/uploads/2024/08/IMG_20231025_132517617-768x578.jpg 768w, https://www.ufmg.br/prpq/wp-content/uploads/2024/08/IMG_20231025_132517617-1536x1157.jpg 1536w, https://www.ufmg.br/prpq/wp-content/uploads/2024/08/IMG_20231025_132517617-2048x1542.jpg 2048w" sizes="auto, (max-width: 300px) 100vw, 300px" /><img loading="lazy" decoding="async" class="size-medium wp-image-3063 alignnone" src="https://www.ufmg.br/prpq/wp-content/uploads/2024/08/IMG_20231025_092004975_HDR-300x226.jpg" alt="" width="300" height="226" srcset="https://www.ufmg.br/prpq/wp-content/uploads/2024/08/IMG_20231025_092004975_HDR-300x226.jpg 300w, https://www.ufmg.br/prpq/wp-content/uploads/2024/08/IMG_20231025_092004975_HDR-1024x771.jpg 1024w, https://www.ufmg.br/prpq/wp-content/uploads/2024/08/IMG_20231025_092004975_HDR-768x578.jpg 768w, https://www.ufmg.br/prpq/wp-content/uploads/2024/08/IMG_20231025_092004975_HDR-1536x1157.jpg 1536w, https://www.ufmg.br/prpq/wp-content/uploads/2024/08/IMG_20231025_092004975_HDR-2048x1542.jpg 2048w" sizes="auto, (max-width: 300px) 100vw, 300px" /><br />
<img loading="lazy" decoding="async" class="size-medium wp-image-3064 alignnone" src="https://www.ufmg.br/prpq/wp-content/uploads/2024/08/IMG_20231025_133227413_HDR-300x226.jpg" alt="" width="300" height="226" srcset="https://www.ufmg.br/prpq/wp-content/uploads/2024/08/IMG_20231025_133227413_HDR-300x226.jpg 300w, https://www.ufmg.br/prpq/wp-content/uploads/2024/08/IMG_20231025_133227413_HDR-1024x771.jpg 1024w, https://www.ufmg.br/prpq/wp-content/uploads/2024/08/IMG_20231025_133227413_HDR-768x578.jpg 768w, https://www.ufmg.br/prpq/wp-content/uploads/2024/08/IMG_20231025_133227413_HDR-1536x1157.jpg 1536w, https://www.ufmg.br/prpq/wp-content/uploads/2024/08/IMG_20231025_133227413_HDR-2048x1542.jpg 2048w" sizes="auto, (max-width: 300px) 100vw, 300px" /><img loading="lazy" decoding="async" class="size-medium wp-image-3065 alignnone" src="https://www.ufmg.br/prpq/wp-content/uploads/2024/08/IMG_20231025_143817373_HDR-300x226.jpg" alt="" width="300" height="226" srcset="https://www.ufmg.br/prpq/wp-content/uploads/2024/08/IMG_20231025_143817373_HDR-300x226.jpg 300w, https://www.ufmg.br/prpq/wp-content/uploads/2024/08/IMG_20231025_143817373_HDR-1024x771.jpg 1024w, https://www.ufmg.br/prpq/wp-content/uploads/2024/08/IMG_20231025_143817373_HDR-768x578.jpg 768w, https://www.ufmg.br/prpq/wp-content/uploads/2024/08/IMG_20231025_143817373_HDR-1536x1157.jpg 1536w, https://www.ufmg.br/prpq/wp-content/uploads/2024/08/IMG_20231025_143817373_HDR-2048x1542.jpg 2048w" sizes="auto, (max-width: 300px) 100vw, 300px" /><br />
<span style="font-size: small;">Estudantes participam da XXXII Semana de Iniciação Científica no Centro de Atividades Didáticas 3 | Cléber Martins</span></div>
<div style="text-align: justify; padding: 20px;">A Semana de Iniciação Científica constitui-se no evento para a divulgação dos trabalhos de pesquisa desenvolvidos por alunos de graduação e do ensino médio na UFMG, bolsistas ou alunos voluntários de iniciação científica (IC), com premiação dos trabalhos que se destacam. A Semana de Iniciação Científica oferece uma oportunidade ao aluno de IC para apresentar e discutir seu trabalho de pesquisa com a comunidade acadêmica através da elaboração de apresentações orais ou exposição de painéis. Esse evento visa também criar mecanismo para avaliação dos trabalhos por docentes pesquisadores da UFMG e externos à instituição. O evento tem apresentações de trabalhos nas unidades acadêmicas, em formato a ser definido pelo Núcleo de Assessoramento à Pesquisa (NAPq) de cada unidade nos dias 06 e 07 de outubro, A apresentação final presencial dos trabalhos selecionados em 2025, a ser realizada no CAD 3 no dia 15/10.</div>
<p><strong>Neste vídeo, alunos relatam as funções desempenhadas na Iniciação Científica</strong></p>
<p><center><iframe loading="lazy" title="YouTube video player" src="https://www.youtube.com/embed/QO6mtdVX8_Y" width="560" height="315" frameborder="0" allowfullscreen="allowfullscreen" data-mce-fragment="1"></iframe></center>Confira na <a href="https://www.ufmg.br/prpq/wp-content/uploads/2025/07/chamada_interna_09_2025.pdf" target="_blank" rel="noopener">Chamada Interna</a> as normas e instruções para participação no evento.</p>
<div style="text-align: justify; padding: 20px;">
<p>A XXXIV Semana de Iniciação Científica e o XV Seminário de Iniciação Científica Júnior, ambos organizados pela Diretoria de Fomento à Pesquisa da PRPq, são eventos integrantes da Semana do Conhecimento de 2025. Neste ano a apresentação é obrigatória para os para discentes e orientadores que desenvolveram, no período 2024/2025, projetos em Programas Institucionais de Bolsas de Iniciação Científica abaixo relacionados</p>
<ul>
<li>Edital 05/2024 – PIBIC/CNPq;</li>
<li>Edital 07/2024 – PIBITI/CNPq;</li>
<li>Edital 08/2024 – PIBIC EM/CNPq;</li>
<li>Edital 06/2024 – PIBIC-AF CNPq ;</li>
<li>Edital 09/2024 – Programa Institucional de Bolsas de Iniciação Científica em Interface com a Extensão para a Rede de Museus e Espaços de Ciência e Cultura da UFMG – PROEX/PRPq;</li>
<li>Edital 11/2024 – PROBIC/FAPEMIG;</li>
<li>Edital 12/2024 – BIC ensino médio/ FAPEMIG;</li>
<li>Editais 01/2024 – Programa de Iniciação Científica Voluntária (ICV) de graduação e ensino médio – alunos que iniciaram a ICV entre Agosto e Novembro/2024.</li>
<li>Editais 01/2025 – Programa de Iniciação Científica Voluntária (ICV) de graduação e ensino médio – alunos que iniciaram a ICV no período entre Fevereiro e Abril/2025;</li>
<li>Chamada 03/2024 – Programa Institucional de Bolsas de Iniciação Científica do Instituto de Estudos Avançados Transdisciplinares – IEAT</li>
</ul>
<p><strong>Estudantes da graduação da UFMG não vinculados a esses programas, poderão submeter resumos para a SIC, desde que estejam regularmente matriculados e cadastrados no Sistema de Fomento como Bolsa Balcão (Chamada 01/2024 ou 01/2025) e que tenham acesso ao sistema Minha UFMG, mas não poderão substituir um participante obrigatório na submissão e apresentação.</strong></p>
<p><strong>Estudantes externos à UFMG poderão se inscrever somente se participantes do editais citados acima.</strong></p>
</div>
<p>&nbsp;</p>

<p>Estudantes participam da XXXII Semana de Iniciação Científica no Centro [&hellip;]</p>
