{"id":1779,"date":"2022-08-30T13:59:15","date_gmt":"2022-08-30T16:59:15","guid":{"rendered":"https:\/\/www.ufmg.br\/prpq\/?page_id=1779"},"modified":"2022-08-30T14:01:10","modified_gmt":"2022-08-30T17:01:10","slug":"certificados","status":"publish","type":"page","link":"https:\/\/www.ufmg.br\/prpq\/certificados\/","title":{"rendered":"Certificados"},"content":{"rendered":"<p>Os certificados da Semana da Inicia\u00e7\u00e3o Cient\u00edfica e Semin\u00e1rio de Inicia\u00e7\u00e3o Cient\u00edfica J\u00fanior podem ser obtidos no endere\u00e7o <a href=\"https:\/\/aplicativos.ufmg.br\/conhecimento\/semana\" rel=\"noopener\" target=\"_blank\">https:\/\/aplicativos.ufmg.br\/conhecimento\/semana<\/a>, Menu Hist\u00f3rico para aqueles que possuem MinhaUFMG.<\/p>\n<p>Est\u00e3o dispon\u00edveis os certificados de participa\u00e7\u00e3o, Relev\u00e2ncia Acad\u00eamica, Destaque e Grandes Pr\u00eamios para autores, orientadores e coautores .<\/p>\n<p>Para que o pr\u00f3prio coautor possa emitir seu certificado \u00e9 necess\u00e1rio que o autor do trabalho tenha inserido o nome do coautor escolhendo a op\u00e7\u00e3o &#8220;UFMG&#8221; no combo de Demais autores, caso n\u00e3o tenha sido escolhida essa op\u00e7\u00e3o o autor dever\u00e1 emitir o certificado e repassar ao coautor.<\/p>\n","protected":false},"excerpt":{"rendered":"<p>Os certificados da Semana da Inicia\u00e7\u00e3o Cient\u00edfica e Semin\u00e1rio de [&hellip;]<\/p>\n","protected":false},"author":3,"featured_media":0,"parent":0,"menu_order":0,"comment_status":"closed","ping_status":"closed","template":"","meta":{"_acf_changed":false,"footnotes":""},"tags":[],"class_list":["post-1779","page","type-page","status-publish","hentry"],"acf":[],"_links":{"self":[{"href":"https:\/\/www.ufmg.br\/prpq\/wp-json\/wp\/v2\/pages\/1779","targetHints":{"allow":["GET"]}}],"collection":[{"href":"https:\/\/www.ufmg.br\/prpq\/wp-json\/wp\/v2\/pages"}],"about":[{"href":"https:\/\/www.ufmg.br\/prpq\/wp-json\/wp\/v2\/types\/page"}],"author":[{"embeddable":true,"href":"https:\/\/www.ufmg.br\/prpq\/wp-json\/wp\/v2\/users\/3"}],"replies":[{"embeddable":true,"href":"https:\/\/www.ufmg.br\/prpq\/wp-json\/wp\/v2\/comments?post=1779"}],"version-history":[{"count":2,"href":"https:\/\/www.ufmg.br\/prpq\/wp-json\/wp\/v2\/pages\/1779\/revisions"}],"predecessor-version":[{"id":1782,"href":"https:\/\/www.ufmg.br\/prpq\/wp-json\/wp\/v2\/pages\/1779\/revisions\/1782"}],"wp:attachment":[{"href":"https:\/\/www.ufmg.br\/prpq\/wp-json\/wp\/v2\/media?parent=1779"}],"wp:term":[{"taxonomy":"post_tag","embeddable":true,"href":"https:\/\/www.ufmg.br\/prpq\/wp-json\/wp\/v2\/tags?post=1779"}],"curies":[{"name":"wp","href":"https:\/\/api.w.org\/{rel}","templated":true}]}}