{"id":448,"date":"2021-09-02T13:23:13","date_gmt":"2021-09-02T16:23:13","guid":{"rendered":"https:\/\/www.ufmg.br\/prpq\/?page_id=448"},"modified":"2022-06-08T09:11:16","modified_gmt":"2022-06-08T12:11:16","slug":"relatorio-final","status":"publish","type":"page","link":"https:\/\/www.ufmg.br\/prpq\/relatorio-final\/","title":{"rendered":"Relat\u00f3rio Final"},"content":{"rendered":"<p class=\"western\" align=\"center\"><strong>Roteiro para elabora\u00e7\u00e3o do Relat\u00f3rio Final de Atividades<\/strong><\/p>\n<p class=\"western\" align=\"justify\"><u>Cada discente dever\u00e1 apresentar um relat\u00f3rio individual em seu sistema de fomento para a posterior ACESSO do orientador<\/u><\/p>\n<p class=\"western\" align=\"center\"><strong><u>A ser elaborado pelo discente, com supervis\u00e3o do orientador<\/u><\/strong><\/p>\n<p align=\"justify\">1. Relat\u00f3rio Final:<\/p>\n<p class=\"western\" align=\"justify\">1.1 Relat\u00f3rio de Atividades:<\/p>\n<p class=\"western\" align=\"justify\">Quest\u00f5es, dispon\u00edveis no Sistema de Fomento, a serem respondidas pelo Discente a respeito da participa\u00e7\u00e3o na IC (n\u00e3o visualizado pelo orientador)<\/p>\n<p class=\"western\" align=\"justify\">1.2. Relat\u00f3rio t\u00e9cnico-cient\u00edfico \u2013 usar linguagem cient\u00edfica, mostrando clareza, objetividade e concis\u00e3o (visualizado pelo orientador e pode ser alterado por este) :<\/p>\n<p class=\"western\" align=\"justify\">Campos abertos a serem preenchidos:<\/p>\n<ul>\n<li>\n<p class=\"western\" align=\"justify\">Introdu\u00e7\u00e3o e revis\u00e3o te\u00f3rica (3000 caracteres com espa\u00e7o)<\/p>\n<\/li>\n<li>\n<p class=\"western\" align=\"justify\">Objetivos (2500 caracteres com espa\u00e7o)<\/p>\n<\/li>\n<li>\n<p class=\"western\" align=\"justify\">Metodologia (3000 caracteres com espa\u00e7o)<\/p>\n<\/li>\n<li>\n<p class=\"western\" align=\"justify\">Resultados alcan\u00e7ados e discuss\u00e3o (2500 caracteres com espa\u00e7o)<\/p>\n<\/li>\n<li>\n<p class=\"western\" align=\"justify\">Refer\u00eancias bibliogr\u00e1ficas\u00a0(3000 caracteres com espa\u00e7o)<\/p>\n<\/li>\n<\/ul>\n<p class=\"western\" align=\"justify\">1.3. Principais Produtos gerados na IC \u2013 Participa\u00e7\u00e3o em eventos, artigos, livros, etc. (visualizado pelo orientador e pode ser alterado por este)<\/p>\n<p class=\"western\" align=\"justify\">1.4. V\u00eddeo PITCH da IC \u2013\u00a0<a href=\"https:\/\/www.ufmg.br\/prpq\/video-pitch\/\"><u>Como produzir o v\u00eddeo PITCH<\/u><\/a>\u00a0(visualizado pelo orientador)<\/p>\n<p class=\"western\" align=\"justify\">Ap\u00f3s o preenchimento pelo discente, o orientador ter\u00e1 acesso ao relat\u00f3rio e dever\u00e1 responder um question\u00e1rio, finalizando assim o processo e liberando as declara\u00e7\u00f5es.<\/p>\n","protected":false},"excerpt":{"rendered":"<p>Roteiro para elabora\u00e7\u00e3o do Relat\u00f3rio Final de Atividades Cada discente [&hellip;]<\/p>\n","protected":false},"author":1,"featured_media":0,"parent":0,"menu_order":0,"comment_status":"closed","ping_status":"closed","template":"","meta":{"_acf_changed":false,"footnotes":""},"tags":[],"class_list":["post-448","page","type-page","status-publish","hentry"],"acf":[],"_links":{"self":[{"href":"https:\/\/www.ufmg.br\/prpq\/wp-json\/wp\/v2\/pages\/448","targetHints":{"allow":["GET"]}}],"collection":[{"href":"https:\/\/www.ufmg.br\/prpq\/wp-json\/wp\/v2\/pages"}],"about":[{"href":"https:\/\/www.ufmg.br\/prpq\/wp-json\/wp\/v2\/types\/page"}],"author":[{"embeddable":true,"href":"https:\/\/www.ufmg.br\/prpq\/wp-json\/wp\/v2\/users\/1"}],"replies":[{"embeddable":true,"href":"https:\/\/www.ufmg.br\/prpq\/wp-json\/wp\/v2\/comments?post=448"}],"version-history":[{"count":3,"href":"https:\/\/www.ufmg.br\/prpq\/wp-json\/wp\/v2\/pages\/448\/revisions"}],"predecessor-version":[{"id":455,"href":"https:\/\/www.ufmg.br\/prpq\/wp-json\/wp\/v2\/pages\/448\/revisions\/455"}],"wp:attachment":[{"href":"https:\/\/www.ufmg.br\/prpq\/wp-json\/wp\/v2\/media?parent=448"}],"wp:term":[{"taxonomy":"post_tag","embeddable":true,"href":"https:\/\/www.ufmg.br\/prpq\/wp-json\/wp\/v2\/tags?post=448"}],"curies":[{"name":"wp","href":"https:\/\/api.w.org\/{rel}","templated":true}]}}