{"id":451,"date":"2021-09-02T13:24:32","date_gmt":"2021-09-02T16:24:32","guid":{"rendered":"https:\/\/www.ufmg.br\/prpq\/?page_id=451"},"modified":"2023-03-17T09:15:29","modified_gmt":"2023-03-17T12:15:29","slug":"video-pitch","status":"publish","type":"page","link":"https:\/\/www.ufmg.br\/prpq\/video-pitch\/","title":{"rendered":"V\u00eddeo Pitch"},"content":{"rendered":"<p class=\"western\" lang=\"pt-BR\" align=\"justify\"><b>1. Defini\u00e7\u00e3o<\/b><\/p>\n<p lang=\"pt-BR\" align=\"justify\">O\u00a0<b>V\u00eddeo\u00a0<\/b><i><b>Pitch<\/b><\/i>\u00a0\u00e9 um v\u00eddeo de curta dura\u00e7\u00e3o, que pode ser feito utilizando-se celular ou c\u00e2mera comum, em uma linguagem acess\u00edvel, para possibilitar a divulgac\u0327a\u0303o e a populariza\u00e7\u00e3o da pesquisa cient\u00edfica, tecnol\u00f3gica e inova\u00e7\u00e3o realizadas por estudantes da UFMG.<\/p>\n<p class=\"western\" lang=\"pt-BR\" align=\"justify\"><b>2. Elementos<\/b><\/p>\n<p class=\"western\" lang=\"pt-BR\" align=\"justify\">Os seguintes elementos devem compor a vinheta de abertura e os cr\u00e9ditos do v\u00eddeo: i) titulo do projeto, ii) nomes do coordenador e dos membros da equipe, iii) objetivos e iv) resultados do projeto de pesquisa, que evidenciem como estes podem contribuir para o bem-estar das pessoas e para a \u00e1rea do conhecimento, al\u00e9m da men\u00e7\u00e3o espl\u00edcita \u00e0 UFMG (com o nome da Universidade em portugu\u00eas, e a marca\/logo em conformidade com o\u00a0<a href=\"https:\/\/www.ufmg.br\/marca\/\">Manual de Aplica\u00e7\u00e3o da Marca<\/a>) e \u00e0s agencias de fomento e outras fontes de apoio.<\/p>\n<p class=\"western\" lang=\"pt-BR\" align=\"justify\"><b>3. Dura\u00e7\u00e3o e Linguagem<\/b><\/p>\n<p class=\"western\" lang=\"pt-BR\" align=\"justify\">O v\u00eddeo dever\u00e1 estar em formato digital, com a dura\u00e7\u00e3o m\u00e1xima de cinco minutos. A linguagem deve ser adequada a um p\u00fablico alvo fora do a\u0302mbito acade\u0302mico, ser clara, direta e com termos simples em substitui\u00e7\u00e3o, sempre que poss\u00edvel, aos te\u0301cnico-cient\u00edficos. Deve expor ideias, produtos ou tecnologias de maneira objetiva, ra\u0301pida, clara e facilitada, evidenciando o diferencial e a contribui\u00e7\u00e3o e e as poss\u00edveis aplica\u00e7\u00f5es.\u00a0V\u00eddeos com conte\u00fado ofensivo ou comercial n\u00e3o ser\u00e3o aceitos e poder\u00e3o ensejar penaliza\u00e7\u00e3o ao(s) autor(es).<\/p>\n<p class=\"western\" lang=\"pt-BR\" align=\"justify\"><b>4. Formato e Conte\u00fado<\/b><\/p>\n<p class=\"western\" lang=\"pt-BR\" align=\"justify\">O v\u00eddeo dever\u00e1 ser produzido em orienta\u00e7\u00e3o horizontal (paisagem\/landscape), com resolu\u00e7\u00e3o m\u00ednima de imagem de 1024 x 768 pixels, com a propor\u00e7\u00e3o 16:9.<\/p>\n<p class=\"western\" lang=\"pt-BR\" align=\"justify\">O conte\u00fado poder\u00e1 ser narrativo, descritivo, e pode tamb\u00e9m conter entrevistas, apresenta\u00e7\u00f5es, ilustra\u00e7\u00f5es, anima\u00e7\u00f5es, m\u00fasica dentre outros, desde que vinculados \u00e0 pesquisa e\/ou relat\u00f3rio apresentados.<\/p>\n<p class=\"western\" lang=\"pt-BR\" align=\"justify\"><b>5. Submiss\u00e3o<\/b><\/p>\n<p class=\"western\" lang=\"pt-BR\" align=\"justify\">O v\u00eddeo dever\u00e1 ser publicado na plataforma YOUTUBE na op\u00e7\u00e3o de Privacidade \u201cn\u00e3o listado\u201d. A op\u00e7\u00e3o \u201cPermitir incorpora\u00e7\u00e3o do v\u00eddeo\u201d n\u00e3o deve ser desmarcada. O link dever\u00e1 ser informado no Sistema de Fomento da PRPq no momento do preenchimento do Relat\u00f3rio Final de Atividades de Inicia\u00e7\u00e3o Cient\u00edfica, aguardando a aprova\u00e7\u00e3o do(a) orientador(a).<\/p>\n<p><img loading=\"lazy\" decoding=\"async\" class=\"wp-image-1208 aligncenter\" src=\"https:\/\/www.ufmg.br\/prpq\/wp-content\/uploads\/2018\/11\/pitch.png\" width=\"715\" height=\"404\" \/><\/p>\n<p>&nbsp;<\/p>\n<p class=\"western\" align=\"justify\"><b>6. Autoriza\u00e7\u00e3o e Responsabilidade<\/b><\/p>\n<p class=\"western\" align=\"justify\">A submiss\u00e3o da informa\u00e7\u00e3o com o link do v\u00eddeo no Sistema de Fomento da PRPq implica na autoriza\u00e7\u00e3o impl\u00edcita do uso pela UFMG das imagens produzidas , com o objetivo, dentre outros, de valorizar e ampliar o alcance da produ\u00e7\u00e3o cient\u00edfica da UFMG, podendo ficar acess\u00edvel ao p\u00fablico desde o momento de seu recebimento.<\/p>\n<p class=\"western\" align=\"justify\">O(A) orientador(a) assume total responsabilidade sobre o conte\u00fado do v\u00eddeo e autoriza sua divulgac\u0327a\u0303o em qualquer meio incluindo, mas n\u00e3o limitado a eventos presenciais, redes sociais e demais mi\u0301dias digitais. O orientador tambe\u0301m ser\u00e1 respons\u00e1vel por observar e atender eventuais cl\u00e1usulas de propriedade intelectual em contratos, conv\u00eanios ou outros instrumentos em cujo escopo tenham sido obtidos os resultados apresentados no relat\u00f3rio final.<\/p>\n<p><strong>Assista a alguns exemplos de v\u00eddeo produzidos para o Concurso Pitch do Instituto de Ci\u00eancias Biol\u00f3gicas<\/strong><\/p>\n<p><center><iframe loading=\"lazy\" title=\"YouTube video player\" src=\"https:\/\/www.youtube.com\/embed\/GVmlNiRWqxQ\" width=\"560\" height=\"315\" frameborder=\"0\" allowfullscreen=\"allowfullscreen\"><\/iframe><\/center><\/p>\n","protected":false},"excerpt":{"rendered":"<p>1. Defini\u00e7\u00e3o O\u00a0V\u00eddeo\u00a0Pitch\u00a0\u00e9 um v\u00eddeo de curta dura\u00e7\u00e3o, que pode [&hellip;]<\/p>\n","protected":false},"author":1,"featured_media":0,"parent":0,"menu_order":0,"comment_status":"closed","ping_status":"closed","template":"","meta":{"_acf_changed":false,"footnotes":""},"tags":[],"class_list":["post-451","page","type-page","status-publish","hentry"],"acf":[],"_links":{"self":[{"href":"https:\/\/www.ufmg.br\/prpq\/wp-json\/wp\/v2\/pages\/451","targetHints":{"allow":["GET"]}}],"collection":[{"href":"https:\/\/www.ufmg.br\/prpq\/wp-json\/wp\/v2\/pages"}],"about":[{"href":"https:\/\/www.ufmg.br\/prpq\/wp-json\/wp\/v2\/types\/page"}],"author":[{"embeddable":true,"href":"https:\/\/www.ufmg.br\/prpq\/wp-json\/wp\/v2\/users\/1"}],"replies":[{"embeddable":true,"href":"https:\/\/www.ufmg.br\/prpq\/wp-json\/wp\/v2\/comments?post=451"}],"version-history":[{"count":4,"href":"https:\/\/www.ufmg.br\/prpq\/wp-json\/wp\/v2\/pages\/451\/revisions"}],"predecessor-version":[{"id":2166,"href":"https:\/\/www.ufmg.br\/prpq\/wp-json\/wp\/v2\/pages\/451\/revisions\/2166"}],"wp:attachment":[{"href":"https:\/\/www.ufmg.br\/prpq\/wp-json\/wp\/v2\/media?parent=451"}],"wp:term":[{"taxonomy":"post_tag","embeddable":true,"href":"https:\/\/www.ufmg.br\/prpq\/wp-json\/wp\/v2\/tags?post=451"}],"curies":[{"name":"wp","href":"https:\/\/api.w.org\/{rel}","templated":true}]}}