{"id":499,"date":"2021-09-02T13:53:27","date_gmt":"2021-09-02T16:53:27","guid":{"rendered":"https:\/\/www.ufmg.br\/prpq\/?page_id=499"},"modified":"2022-05-02T12:14:10","modified_gmt":"2022-05-02T15:14:10","slug":"institutos-nacionais-de-ciencia-e-tecnologia-inct","status":"publish","type":"page","link":"https:\/\/www.ufmg.br\/prpq\/institutos-nacionais-de-ciencia-e-tecnologia-inct\/","title":{"rendered":"Institutos Nacionais de Ci\u00eancia e Tecnologia INCT"},"content":{"rendered":"<p align=\"justify\">O programa de\u00a0<a href=\"http:\/\/inct.cnpq.br\/sobre\/\" target=\"_blank\" rel=\"noopener noreferrer\">Institutos Nacionais de Ci\u00eancia e Tecnologia\u00a0<\/a><b>(INCTs)<\/b>\u00a0\u00e9 um programa nacional, promovido em uma parceria do CNPq com as ag\u00eancias estaduais de fomento \u00e0 pesquisa, que visa apoiar os grupos de maior destaque, e com reconhecido papel de lideran\u00e7a em suas \u00e1reas de atua\u00e7\u00e3o. Atrav\u00e9s da articula\u00e7\u00e3o de suas redes de atua\u00e7\u00e3o, procura mobilizar os melhores grupos de pesquisa do pa\u00eds, para o desenvolvimento das fronteiras da ci\u00eancia e das \u00e1reas estrat\u00e9gicas para o desenvolvimento sustent\u00e1vel do Pa\u00eds, impulsionando e desenvolvendo a pesquisa cient\u00edfica e tecnol\u00f3gica de ponta, em estreita articula\u00e7\u00e3o com empresas inovadoras, promovendo o avan\u00e7o da compet\u00eancia nacional em sua \u00e1rea de atua\u00e7\u00e3o.<\/p>\n<p align=\"justify\">A UFMG sedia ou possui coordenadores nos seguintes INCTs.<\/p>\n\n<table id=\"tablepress-1\" class=\"tablepress tablepress-id-1\">\n<thead>\n<tr class=\"row-1\">\n\t<th class=\"column-1\"><strong>INCT<\/strong><\/th><th class=\"column-2\"><strong>Coordena\u00e7\u00e3o<\/strong><\/th><th class=\"column-3\"><strong>Unidade<\/strong><\/th>\n<\/tr>\n<\/thead>\n<tbody class=\"row-striping row-hover\">\n<tr class=\"row-2\">\n\t<td class=\"column-1\">Inibidores de urease de interesse agr\u00edcola e medicinal<\/td><td class=\"column-2\">\u00c2ngelo de F\u00e1tima<\/td><td class=\"column-3\">Instituto de Ci\u00eancias Exatas<\/td>\n<\/tr>\n<tr class=\"row-3\">\n\t<td class=\"column-1\"><a href=\"https:\/\/www.inctleveduras.org\/\">Leveduras: biodiversidade, preserva\u00e7\u00e3o e inova\u00e7\u00f5es biotecnol\u00f3gicas<\/a><\/td><td class=\"column-2\">Carlos Augusto Rosa<\/td><td class=\"column-3\">Instituto de Ci\u00eancias Biol\u00f3gicas<\/td>\n<\/tr>\n<tr class=\"row-4\">\n\t<td class=\"column-1\"><a href=\"https:\/\/www.inovatoxinct.com\/\">Venenos e antivenenos -  Inovatox<\/a><\/td><td class=\"column-2\">Carlos Delfin Ch\u00e1vez Ol\u00f3rtegui<\/td><td class=\"column-3\">Instituto de Ci\u00eancias Biol\u00f3gicas<\/td>\n<\/tr>\n<tr class=\"row-5\">\n\t<td class=\"column-1\"><a href=\"https:\/\/etes-sustentaveis.org\/\">Esta\u00e7\u00f5es Sustent\u00e1veis de Tratamento de Esgotos - ETEs Sustent\u00e1veis<\/a><\/td><td class=\"column-2\">C\u00e9sar Rossas Mota Filho<\/td><td class=\"column-3\">Escola de Engenharia<\/td>\n<\/tr>\n<tr class=\"row-6\">\n\t<td class=\"column-1\"><a href=\"https:\/\/gestrado.net.br\/\">Pol\u00edtica Educacional e Trabalho Docente \u2013 Gestrado<\/a><\/td><td class=\"column-2\">Dalila Andrade Oliveira<\/td><td class=\"column-3\">Faculdade de Educa\u00e7\u00e3o<\/td>\n<\/tr>\n<tr class=\"row-7\">\n\t<td class=\"column-1\">Ancestralidade gen\u00f4mica, doen\u00e7as e bioinform\u00e1tica no Brasil \u2013 AncesGen<\/td><td class=\"column-2\">Eduardo Mart\u00edn Tarazona Santos<\/td><td class=\"column-3\">Instituto de Ci\u00eancias Biol\u00f3gicas<\/td>\n<\/tr>\n<tr class=\"row-8\">\n\t<td class=\"column-1\"><a href=\"https:\/\/www.inctpox.com\/home\">POX<\/a><\/td><td class=\"column-2\">Erna Geessien Kroon<\/td><td class=\"column-3\">Instituto de Ci\u00eancias Biol\u00f3gicas<\/td>\n<\/tr>\n<tr class=\"row-9\">\n\t<td class=\"column-1\"><a href=\"https:\/\/www.instagram.com\/in2past.br\/\">Pesquisa em hist\u00f3ria natural, patrim\u00f4nio cultural, artes, sustentabilidade e territ\u00f3rio \u2013 IN2PAST.BR<\/a><\/td><td class=\"column-2\">Fabr\u00edcio Rodrigues dos Santos<\/td><td class=\"column-3\">Instituto de Ci\u00eancias Biol\u00f3gicas<\/td>\n<\/tr>\n<tr class=\"row-10\">\n\t<td class=\"column-1\"><a href=\"https:\/\/www.biodiv.com.br\/\">Observat\u00f3rio da Biodiversidade Brasileira<\/a><\/td><td class=\"column-2\">Geraldo Wilson Afonso Fernandes<\/td><td class=\"column-3\">Instituto de Ci\u00eancias Biol\u00f3gicas<\/td>\n<\/tr>\n<tr class=\"row-11\">\n\t<td class=\"column-1\">Infraestruturas qu\u00e2ntica e nano para aplica\u00e7\u00f5es convergentes<\/td><td class=\"column-2\">Gilberto Medeiros Ribeiro<\/td><td class=\"column-3\">Instituto de Ci\u00eancias Exatas<\/td>\n<\/tr>\n<tr class=\"row-12\">\n\t<td class=\"column-1\"><a href=\"https:\/\/www.inctnanocarbono.com\/\">Nanoestruturas de carbono<\/a><\/td><td class=\"column-2\">Helio Chacham<\/td><td class=\"column-3\">Instituto de Ci\u00eancias Exatas<\/td>\n<\/tr>\n<tr class=\"row-13\">\n\t<td class=\"column-1\"><a href=\"https:\/\/www.institutodademocracia.org\/\">Instituto da democracia e da democratiza\u00e7\u00e3o da comunica\u00e7\u00e3o<\/a><\/td><td class=\"column-2\">Leonardo Avritzer<\/td><td class=\"column-3\">Faculdade de Filosofia e Ci\u00eancias Humanas<\/td>\n<\/tr>\n<tr class=\"row-14\">\n\t<td class=\"column-1\"><a href=\"https:\/\/neurotecr.ctmm.digital\/\">Neurotecnologia respons\u00e1vel - NeuroTec-R<\/a><\/td><td class=\"column-2\">Marco Aur\u00e9lio Romano Silva<\/td><td class=\"column-3\">Faculdade de Medicina<\/td>\n<\/tr>\n<tr class=\"row-15\">\n\t<td class=\"column-1\"><a href=\"http:\/\/labs.icb.ufmg.br\/inctemdengue\/\">Dengue e intera\u00e7\u00e3o microorganismo-hospedeiro<\/a><\/td><td class=\"column-2\">Mauro Martins Teixeira<\/td><td class=\"column-3\">Instituto de Ci\u00eancias Biol\u00f3gicas<\/td>\n<\/tr>\n<tr class=\"row-16\">\n\t<td class=\"column-1\"><a href=\"https:\/\/www.inctnanobiofar.com.br\/\">Nanobiofar<\/a><\/td><td class=\"column-2\">Robson Augusto Souza dos Santos<\/td><td class=\"column-3\">Instituto de Ci\u00eancias Biol\u00f3gicas<\/td>\n<\/tr>\n<tr class=\"row-17\">\n\t<td class=\"column-1\"><a href=\"https:\/\/www.instagram.com\/inctmidas\/\">Midas \u2013 Tecnologias Ambientais Para a Valora\u00e7\u00e3o de Res\u00edduos e Materiais Renov\u00e1veis<\/a><\/td><td class=\"column-2\">Rochel Montero Lago<\/td><td class=\"column-3\">Instituto de Ci\u00eancias Exatas<\/td>\n<\/tr>\n<tr class=\"row-18\">\n\t<td class=\"column-1\"><a href=\"https:\/\/www.instagram.com\/inct_substanciaspsicoativas\/\">Subst\u00e2ncias psicoativas<\/a><\/td><td class=\"column-2\">Rodinei Augusti<\/td><td class=\"column-3\">Instituto de Ci\u00eancias Exatas<\/td>\n<\/tr>\n<tr class=\"row-19\">\n\t<td class=\"column-1\">Ni\u00f3bio: Inova\u00e7\u00e3o em Processos e Produtos Baseados em Ni\u00f3bio para o Progresso Tecnol\u00f3gico no Brasil<\/td><td class=\"column-2\">Luiz Carlos Alves de Oliveira<\/td><td class=\"column-3\">Instituto de Ci\u00eancias Exatas<\/td>\n<\/tr>\n<tr class=\"row-20\">\n\t<td class=\"column-1\"><a href=\"https:\/\/www.inctnanocarbono.com\/\">Nanocarbono e Materiais 2D<\/a><\/td><td class=\"column-2\">Marcos Assun\u00e7\u00e3o Pimenta<\/td><td class=\"column-3\">Instituto de Ci\u00eancias Exatas<\/td>\n<\/tr>\n<tr class=\"row-21\">\n\t<td class=\"column-1\"><a href=\"https:\/\/www.instagram.com\/inct.hepatologia\/\">Hepatologia 360\u00ba<\/a><\/td><td class=\"column-2\">Maria de F\u00e1tima Leite<\/td><td class=\"column-3\">Instituto de Ci\u00eancias Biol\u00f3gicas<\/td>\n<\/tr>\n<tr class=\"row-22\">\n\t<td class=\"column-1\">Instituto para Avalia\u00e7\u00e3o e Transla\u00e7\u00e3o em Sa\u00fade para doen\u00e7as Cr\u00f4nicas e negligenciadas de Alta Relev\u00e2ncia \u2013 IATS-CARE<\/td><td class=\"column-2\">Ant\u00f4nio Luiz Pinho Ribeiro<\/td><td class=\"column-3\">Faculdade de Medicina<\/td>\n<\/tr>\n<tr class=\"row-23\">\n\t<td class=\"column-1\">Educa\u00e7\u00e3o Transformadora: Antirracismo, Interseccionalidade e Justi\u00e7a Social na Am\u00e9rica Latina<\/td><td class=\"column-2\">Nilma Lino Gomes<\/td><td class=\"column-3\">Faculdade de Educa\u00e7\u00e3o<\/td>\n<\/tr>\n<tr class=\"row-24\">\n\t<td class=\"column-1\">Intelig\u00eancia Artificial Respons\u00e1vel para Lingu\u00edstica Computacional e Tratamento e Dissemina\u00e7\u00e3o de Informa\u00e7\u00e3o \u2013 TILD-IAR<\/td><td class=\"column-2\">Marcos Andr\u00e9 Gon\u00e7alves<\/td><td class=\"column-3\">Instituto de Ci\u00eancias Exatas<\/td>\n<\/tr>\n<tr class=\"row-25\">\n\t<td class=\"column-1\">Instituto de Investiga\u00e7\u00e3o em Doen\u00e7as infecciosas e cr\u00f4nicas nas mucosas e pele - Mucosas e Pele<\/td><td class=\"column-2\">Ana Maria Caetano de Faria<\/td><td class=\"column-3\">Instituto de Ci\u00eancias Biol\u00f3gicas<\/td>\n<\/tr>\n<tr class=\"row-26\">\n\t<td class=\"column-1\">Instituto Nacional de Ci\u00eancia e Tecnologia de Vacinas<\/td><td class=\"column-2\">Ricardo Tostes Gazzinelli<\/td><td class=\"column-3\">Instituto de Ci\u00eancias Biol\u00f3gicas<\/td>\n<\/tr>\n<tr class=\"row-27\">\n\t<td class=\"column-1\">Intelig\u00eancia Artificial para ciberseguran\u00e7a: uma abordagem tecnol\u00f3gica e social - IACiber<\/td><td class=\"column-2\">Renato Martins Assun\u00e7\u00e3o<\/td><td class=\"column-3\">Instituto de Ci\u00eancias Exatas<\/td>\n<\/tr>\n<\/tbody>\n<\/table>\n<!-- #tablepress-1 from cache -->\n","protected":false},"excerpt":{"rendered":"<p>O programa de\u00a0Institutos Nacionais de Ci\u00eancia e Tecnologia\u00a0(INCTs)\u00a0\u00e9 um programa [&hellip;]<\/p>\n","protected":false},"author":1,"featured_media":0,"parent":0,"menu_order":0,"comment_status":"closed","ping_status":"closed","template":"","meta":{"_acf_changed":false,"footnotes":""},"tags":[],"class_list":["post-499","page","type-page","status-publish","hentry"],"acf":[],"_links":{"self":[{"href":"https:\/\/www.ufmg.br\/prpq\/wp-json\/wp\/v2\/pages\/499","targetHints":{"allow":["GET"]}}],"collection":[{"href":"https:\/\/www.ufmg.br\/prpq\/wp-json\/wp\/v2\/pages"}],"about":[{"href":"https:\/\/www.ufmg.br\/prpq\/wp-json\/wp\/v2\/types\/page"}],"author":[{"embeddable":true,"href":"https:\/\/www.ufmg.br\/prpq\/wp-json\/wp\/v2\/users\/1"}],"replies":[{"embeddable":true,"href":"https:\/\/www.ufmg.br\/prpq\/wp-json\/wp\/v2\/comments?post=499"}],"version-history":[{"count":3,"href":"https:\/\/www.ufmg.br\/prpq\/wp-json\/wp\/v2\/pages\/499\/revisions"}],"predecessor-version":[{"id":838,"href":"https:\/\/www.ufmg.br\/prpq\/wp-json\/wp\/v2\/pages\/499\/revisions\/838"}],"wp:attachment":[{"href":"https:\/\/www.ufmg.br\/prpq\/wp-json\/wp\/v2\/media?parent=499"}],"wp:term":[{"taxonomy":"post_tag","embeddable":true,"href":"https:\/\/www.ufmg.br\/prpq\/wp-json\/wp\/v2\/tags?post=499"}],"curies":[{"name":"wp","href":"https:\/\/api.w.org\/{rel}","templated":true}]}}