{"id":981,"date":"2022-02-15T15:28:03","date_gmt":"2022-02-15T18:28:03","guid":{"rendered":"https:\/\/www.ufmg.br\/prpq\/?page_id=981"},"modified":"2022-05-02T12:25:16","modified_gmt":"2022-05-02T15:25:16","slug":"pesquisaufmg","status":"publish","type":"page","link":"https:\/\/www.ufmg.br\/prpq\/pesquisaufmg\/","title":{"rendered":"pesquisa@UFMG"},"content":{"rendered":"<p>O pesquisa@UFMG s\u00e3o workshops promovidos pela Pr\u00f3-Reitoria de Pesquisa voltados para o treinamento e capacita\u00e7\u00e3o de seus professores, pesquisadores e alunos de gradua\u00e7\u00e3o e p\u00f3s-gradua\u00e7\u00e3o. Os workshops s\u00e3o exibidos virtualmente e est\u00e3o dispon\u00edveis no canal da PRPQ no YouTube [<a href=\"http:\/\/www.youtube.com\/ProReitoriadePesquisaUFMG\" target=\"_blank\" rel=\"noopener\">www.youtube.com\/ProReitoriadePesquisaUFMG<\/a>].<\/p>\n<style>#sp-ea-1004 .spcollapsing { height: 0; overflow: hidden; transition-property: height;transition-duration: 300ms;}#sp-ea-1004.sp-easy-accordion>.sp-ea-single {margin-bottom: 10px; border: 1px solid #e2e2e2; }#sp-ea-1004.sp-easy-accordion>.sp-ea-single>.ea-header a {color: #444;}#sp-ea-1004.sp-easy-accordion>.sp-ea-single>.sp-collapse>.ea-body {background: #fff; color: #444;}#sp-ea-1004.sp-easy-accordion>.sp-ea-single {background: #eee;}#sp-ea-1004.sp-easy-accordion>.sp-ea-single>.ea-header a .ea-expand-icon { float: left; color: #444;font-size: 16px;}<\/style><div id=\"sp_easy_accordion-1775286039\">\n<div id=\"sp-ea-1004\" class=\"sp-ea-one sp-easy-accordion\" data-ea-active=\"ea-click\" data-ea-mode=\"vertical\" data-preloader=\"\" data-scroll-active-item=\"\" data-offset-to-scroll=\"0\">\n\n<!-- Start accordion card div. -->\n<div class=\"ea-card ea-expand sp-ea-single\">\n\t<!-- Start accordion header. -->\n\t<h3 class=\"ea-header\">\n\t\t<!-- Add anchor tag for header. -->\n\t\t<a class=\"collapsed\" id=\"ea-header-10040\" role=\"button\" data-sptoggle=\"spcollapse\" data-sptarget=\"#collapse10040\" aria-controls=\"collapse10040\" href=\"#\"  aria-expanded=\"true\" tabindex=\"0\">\n\t\t<i aria-hidden=\"true\" role=\"presentation\" class=\"ea-expand-icon eap-icon-ea-expand-minus\"><\/i> pesquisa@UFMG #1 | A Import\u00e2ncia do Bioterismo na pesquisa cient\u00edfica\t\t<\/a> <!-- Close anchor tag for header. -->\n\t<\/h3>\t<!-- Close header tag. -->\n\t<!-- Start collapsible content div. -->\n\t<div class=\"sp-collapse spcollapse collapsed show\" id=\"collapse10040\" data-parent=\"#sp-ea-1004\" role=\"region\" aria-labelledby=\"ea-header-10040\">  <!-- Content div. -->\n\t\t<div class=\"ea-body\">\n\t\t<p>O biot\u00e9rio \u00e9 o local destinado \u00e0 cria\u00e7\u00e3o e manuten\u00e7\u00e3o de animais de laborat\u00f3rio utilizados nas pesquisas cient\u00edficas para o desenvolvimento de medicamentos, vacinas, tratamentos para doen\u00e7as, exames toxicol\u00f3gicos, novas t\u00e9cnicas cir\u00fargicas, na prepara\u00e7\u00e3o de produtos biol\u00f3gicos e no controle da qualidade dos alimentos.<\/p>\n<p>Para discutir a import\u00e2ncia dos Biot\u00e9rios na pesquisa cient\u00edfica, a primeira edi\u00e7\u00e3o do workshop pesquisa@UFMG recebe a professora da UFMG Adriana Abalen e a coordenadora da REBIOT\u00c9RIOS Lu\u00edsa Macedo. A media\u00e7\u00e3o da conversa ser\u00e1 da professora Leda Qu\u00e9rcia, sub-coordenadora do Biot\u00e9rio Central da UFMG.<\/p>\n<p><iframe loading=\"lazy\" width=\"560\" height=\"315\" src=\"https:\/\/www.youtube.com\/embed\/24WzxUnXgmY\" title=\"YouTube video player\" frameborder=\"0\" allowfullscreen><\/iframe><\/p>\n\t\t<\/div> <!-- Close content div. -->\n\t<\/div> <!-- Close collapse div. -->\n<\/div> <!-- Close card div. -->\n<!-- Start accordion card div. -->\n<div class=\"ea-card  sp-ea-single\">\n\t<!-- Start accordion header. -->\n\t<h3 class=\"ea-header\">\n\t\t<!-- Add anchor tag for header. -->\n\t\t<a class=\"collapsed\" id=\"ea-header-10041\" role=\"button\" data-sptoggle=\"spcollapse\" data-sptarget=\"#collapse10041\" aria-controls=\"collapse10041\" href=\"#\"  aria-expanded=\"false\" tabindex=\"0\">\n\t\t<i aria-hidden=\"true\" role=\"presentation\" class=\"ea-expand-icon eap-icon-ea-expand-plus\"><\/i> pesquisa@UFMG #2 | Fomentos Alternativos para Pesquisa\t\t<\/a> <!-- Close anchor tag for header. -->\n\t<\/h3>\t<!-- Close header tag. -->\n\t<!-- Start collapsible content div. -->\n\t<div class=\"sp-collapse spcollapse \" id=\"collapse10041\" data-parent=\"#sp-ea-1004\" role=\"region\" aria-labelledby=\"ea-header-10041\">  <!-- Content div. -->\n\t\t<div class=\"ea-body\">\n\t\t<p>O tema desta edi\u00e7\u00e3o do workshop pesquisa@UFMG s\u00e3o fontes alternativas de financiamento \u00e0 pesquisa. A proposta do evento \u00e9 explicar o Sistema Financiar bem como relatar cases de sucesso na capta\u00e7\u00e3o de recursos para pesquisa de fontes alternativas em diferentes \u00e1reas do conhecimento.<\/p>\n<p>Nossos convidados s\u00e3o Daiane Souza da Silva, analista da Funda\u00e7\u00e3o Arthur Bernardes (FUNARBE) e que trabalha diretamente com o Sistema Financiar, o professor Alexandre Lima Godinho, do departamento de Zoologia da UFMG, a professora Glaura Goulart Silva, coordenadora do CT Nano, e o professor Luiz Ant\u00f4nio Cruz Souza, coordenador do Laborat\u00f3rio de Ci\u00eancia da Conserva\u00e7\u00e3o e Diretor do CECOR.<\/p>\n<p><iframe loading=\"lazy\" title=\"YouTube video player\" src=\"https:\/\/www.youtube.com\/embed\/d7SzQb9Rd3I\" width=\"560\" height=\"315\" frameborder=\"0\" allowfullscreen=\"allowfullscreen\"><\/iframe><\/p>\n\t\t<\/div> <!-- Close content div. -->\n\t<\/div> <!-- Close collapse div. -->\n<\/div> <!-- Close card div. -->\n<!-- Start accordion card div. -->\n<div class=\"ea-card  sp-ea-single\">\n\t<!-- Start accordion header. -->\n\t<h3 class=\"ea-header\">\n\t\t<!-- Add anchor tag for header. -->\n\t\t<a class=\"collapsed\" id=\"ea-header-10042\" role=\"button\" data-sptoggle=\"spcollapse\" data-sptarget=\"#collapse10042\" aria-controls=\"collapse10042\" href=\"#\"  aria-expanded=\"false\" tabindex=\"0\">\n\t\t<i aria-hidden=\"true\" role=\"presentation\" class=\"ea-expand-icon eap-icon-ea-expand-plus\"><\/i> pesquisa@UFMG #3 | Ci\u00eancia dos Dados e Tecnologia da Informa\u00e7\u00e3o na Pesquisa\t\t<\/a> <!-- Close anchor tag for header. -->\n\t<\/h3>\t<!-- Close header tag. -->\n\t<!-- Start collapsible content div. -->\n\t<div class=\"sp-collapse spcollapse \" id=\"collapse10042\" data-parent=\"#sp-ea-1004\" role=\"region\" aria-labelledby=\"ea-header-10042\">  <!-- Content div. -->\n\t\t<div class=\"ea-body\">\n\t\t<p>O tema desta edi\u00e7\u00e3o do workshop pesquisa@UFMG \u00e9 a ci\u00eancia de dados e a tecnologia da informa\u00e7\u00e3o na pesquisa. Entre os temas abordados, o sistema scanCOVID19 desenvolvido pela Fiocruz para o monitoramento da produ\u00e7\u00e3o do conhecimento sobre a pandemia do novo coronav\u00edrus, o uso de tecnologias em sa\u00fade pode contribuir para a melhoria do acesso e da qualidade assistencial e a an\u00e1lise econ\u00f4mica e geoespacial de dados de sa\u00fade.<\/p>\n<p>Nossos convidados s\u00e3o a professora Maria Cristina Soares Guimar\u00e3es, do Programa de P\u00f3s-Gradua\u00e7\u00e3o em Informa\u00e7\u00e3o e Comunica\u00e7\u00e3o em Sa\u00fade da Fiocruz, o professor Ant\u00f4nio Luiz Pinho Ribeiro, do Departamento de Cl\u00ednica M\u00e9dica da UFMG e coordenador da Rede de Telessa\u00fade de Minas Gerais, e o professor Pedro Vasconcelos Maia do Amaral, do Departamento de Ci\u00eancias Econ\u00f4micas da UFMG e coordenador do Centro de An\u00e1lise de Dados Econ\u00f4mico-Espaciais<\/p>\n<p>Esta edi\u00e7\u00e3o do workshop pesquisa@UFMG integrou a programa\u00e7\u00e3o da Semana do Conhecimento 2021.<\/p>\n<p><iframe loading=\"lazy\" title=\"YouTube video player\" src=\"https:\/\/www.youtube.com\/embed\/edBNzbLHJy8\" width=\"560\" height=\"315\" frameborder=\"0\" allowfullscreen=\"allowfullscreen\"><\/iframe><\/p>\n\t\t<\/div> <!-- Close content div. -->\n\t<\/div> <!-- Close collapse div. -->\n<\/div> <!-- Close card div. -->\n<!-- Start accordion card div. -->\n<div class=\"ea-card  sp-ea-single\">\n\t<!-- Start accordion header. -->\n\t<h3 class=\"ea-header\">\n\t\t<!-- Add anchor tag for header. -->\n\t\t<a class=\"collapsed\" id=\"ea-header-10043\" role=\"button\" data-sptoggle=\"spcollapse\" data-sptarget=\"#collapse10043\" aria-controls=\"collapse10043\" href=\"#\"  aria-expanded=\"false\" tabindex=\"0\">\n\t\t<i aria-hidden=\"true\" role=\"presentation\" class=\"ea-expand-icon eap-icon-ea-expand-plus\"><\/i> pesquisa@UFMG #4 | CT Nanobiomateriais &amp; CT Vacinas\t\t<\/a> <!-- Close anchor tag for header. -->\n\t<\/h3>\t<!-- Close header tag. -->\n\t<!-- Start collapsible content div. -->\n\t<div class=\"sp-collapse spcollapse \" id=\"collapse10043\" data-parent=\"#sp-ea-1004\" role=\"region\" aria-labelledby=\"ea-header-10043\">  <!-- Content div. -->\n\t\t<div class=\"ea-body\">\n\t\t<p>A Pr\u00f3-reitoria de Pesquisa da UFMG promoveu em 2022 uma s\u00e9rie especial dos workshops pesquisa@UFMG para divulgar os estudos desenvolvidos pelos Centros Institucionais de Tecnologia e Inova\u00e7\u00e3o (CTs) e mostrar como o conhecimento gerado na Universidade chega \u00e0 sociedade na forma de novos produtos e tecnologias.<\/p>\n<p>Os convidados da primeira edi\u00e7\u00e3o foram os professores Ruben Sinisterra, coordenador do CT Nanobiomateriais, e Ricardo Gazzinelli, coordenador do CT Vacinas.<\/p>\n<p><strong class=\"redactor-inline-converted\">CT Nanobiomateriais<br \/>\n<\/strong>O Centro\u00a0desenvolve\u00a0tecnologias com base nos sistemas de libera\u00e7\u00e3o controlada de f\u00e1rmacos e materiais inteligentes, por meio de uma rede de dois grupos de pesquisa do Departamento de Qu\u00edmica. O CT cria\u00a0tecnologias de alto valor agregado que possam ser transferidas para empresas,\u00a0atua\u00a0na intera\u00e7\u00e3o da Universidade com\u00a0o setor produtivo privado e na forma\u00e7\u00e3o de recursos humanos de alto n\u00edvel.<\/p>\n<p><a href=\"http:\/\/www.ctvacinas.ufmg.br\/\" target=\"_blank\" rel=\"noopener\"><strong class=\"redactor-inline-converted\">CT Vacinas<br \/>\n<\/strong><\/a>Centro de pesquisas em biotecnologia \u2013 resultado de parceria da UFMG com o Instituto Ren\u00e9 Rachou da Funda\u00e7\u00e3o Oswaldo Cruz (Fiocruz-Minas) e o Parque Tecnol\u00f3gico de Belo Horizonte (BH-TEC) \u2013, o CT Vacinas re\u00fane pesquisadores da UFMG e da Fiocruz que desenvolvem novas tecnologias associadas \u00e0 produ\u00e7\u00e3o de kits de diagn\u00f3stico e vacinas contra doen\u00e7as humanas e veterin\u00e1rias.<\/p>\n<p><iframe loading=\"lazy\" title=\"YouTube video player\" src=\"https:\/\/www.youtube.com\/embed\/kFu3qQfrp9Y\" width=\"560\" height=\"315\" frameborder=\"0\" allowfullscreen=\"allowfullscreen\"><\/iframe><\/p>\n\t\t<\/div> <!-- Close content div. -->\n\t<\/div> <!-- Close collapse div. -->\n<\/div> <!-- Close card div. -->\n<!-- Start accordion card div. -->\n<div class=\"ea-card  sp-ea-single\">\n\t<!-- Start accordion header. -->\n\t<h3 class=\"ea-header\">\n\t\t<!-- Add anchor tag for header. -->\n\t\t<a class=\"collapsed\" id=\"ea-header-10044\" role=\"button\" data-sptoggle=\"spcollapse\" data-sptarget=\"#collapse10044\" aria-controls=\"collapse10044\" href=\"#\"  aria-expanded=\"false\" tabindex=\"0\">\n\t\t<i aria-hidden=\"true\" role=\"presentation\" class=\"ea-expand-icon eap-icon-ea-expand-plus\"><\/i> pesquisa@UFMG #5 | CT Medicina Molecular &amp; CT Terapias\t\t<\/a> <!-- Close anchor tag for header. -->\n\t<\/h3>\t<!-- Close header tag. -->\n\t<!-- Start collapsible content div. -->\n\t<div class=\"sp-collapse spcollapse \" id=\"collapse10044\" data-parent=\"#sp-ea-1004\" role=\"region\" aria-labelledby=\"ea-header-10044\">  <!-- Content div. -->\n\t\t<div class=\"ea-body\">\n\t\t<p>A Pr\u00f3-reitoria de Pesquisa da UFMG promoveu em 2022 uma s\u00e9rie especial dos workshops pesquisa@UFMG para divulgar os estudos desenvolvidos pelos Centros Institucionais de Tecnologia e Inova\u00e7\u00e3o (CTs) e mostrar como o conhecimento gerado na Universidade chega \u00e0 sociedade na forma de novos produtos e tecnologias.<\/p>\n<p>Os convidados da segunda edi\u00e7\u00e3o foram os professores Marco Romano-Silva, coordenador do CT Medicina Molecular, e Mauro Teixeira, que est\u00e1 \u00e1 frente do CT Terapias Avan\u00e7adas e Inovadoras.<\/p>\n<p><a href=\"https:\/\/ctmm.medicina.ufmg.br\/\" target=\"_blank\" rel=\"noopener\"><strong class=\"redactor-inline-converted\">CT Medicina Molecular<br \/>\n<\/strong><\/a>Inaugurado em 2011 para consolidar em Minas Gerais um polo de desenvolvimento da tecnologia de PET\/CT, o CT Medicina Molecular atua em colabora\u00e7\u00e3o com o Centro de Desenvolvimento da Tecnologia Nuclear (CDTN). Considerado um n\u00facleo\u00a0de excel\u00eancia em pesquisa na \u00e1rea de imagem molecular, o\u00a0CT desenvolve estudos\u00a0e exames em campos diversos como a oncologia, a cardiologia, a psiquiatria e a neurologia.<\/p>\n<p><strong>CT Terapias Avan\u00e7adas e Inovadoras<br \/>\n<\/strong>De acordo com o\u00a0Minist\u00e9rio da Sa\u00fade, entende-se por terapias avan\u00e7adas os produtos biol\u00f3gicos obtidos de c\u00e9lulas e tecidos humanos submetidos a um processo de fabrica\u00e7\u00e3o e os produtos de terapia g\u00eanica. Com base nessa diretriz, o\u00a0CT Terapias Avan\u00e7adas e Inovadoras desenvolve\u00a0terapias baseadas em mecanismos de a\u00e7\u00e3o in\u00e9ditos, novas plataformas qu\u00edmicas ou nanoestruturas. A inten\u00e7\u00e3o \u00e9 propor tratamentos\u00a0para doen\u00e7as antigas e novas.<\/p>\n<p><iframe loading=\"lazy\" title=\"YouTube video player\" src=\"https:\/\/www.youtube.com\/embed\/Wz-NglUjb30\" width=\"560\" height=\"315\" frameborder=\"0\" allowfullscreen=\"allowfullscreen\"><\/iframe><\/p>\n\t\t<\/div> <!-- Close content div. -->\n\t<\/div> <!-- Close collapse div. -->\n<\/div> <!-- Close card div. -->\n<!-- Start accordion card div. -->\n<div class=\"ea-card  sp-ea-single\">\n\t<!-- Start accordion header. -->\n\t<h3 class=\"ea-header\">\n\t\t<!-- Add anchor tag for header. -->\n\t\t<a class=\"collapsed\" id=\"ea-header-10045\" role=\"button\" data-sptoggle=\"spcollapse\" data-sptarget=\"#collapse10045\" aria-controls=\"collapse10045\" href=\"#\"  aria-expanded=\"false\" tabindex=\"0\">\n\t\t<i aria-hidden=\"true\" role=\"presentation\" class=\"ea-expand-icon eap-icon-ea-expand-plus\"><\/i> pesquisa@UFMG #6 | CT Nano &amp; CT IA-Sa\u00fade\t\t<\/a> <!-- Close anchor tag for header. -->\n\t<\/h3>\t<!-- Close header tag. -->\n\t<!-- Start collapsible content div. -->\n\t<div class=\"sp-collapse spcollapse \" id=\"collapse10045\" data-parent=\"#sp-ea-1004\" role=\"region\" aria-labelledby=\"ea-header-10045\">  <!-- Content div. -->\n\t\t<div class=\"ea-body\">\n\t\t<p>A Pr\u00f3-reitoria de Pesquisa da UFMG promoveu em 2022 uma s\u00e9rie especial dos workshops pesquisa@UFMG para divulgar os estudos desenvolvidos pelos Centros Institucionais de Tecnologia e Inova\u00e7\u00e3o (CTs) e mostrar como o conhecimento gerado na Universidade chega \u00e0 sociedade na forma de novos produtos e tecnologias.<\/p>\n<p>Os convidados da terceira edi\u00e7\u00e3o foram a professora Glaura Goulart, coordenadora do CT Nano, e o professor Wagner Meira, que lidera o CT IA-Sa\u00fade.<\/p>\n<p><a href=\"https:\/\/www.ctnano.org\/\" target=\"_blank\" rel=\"noopener\"><strong class=\"redactor-inline-converted\">CT Nano<br \/>\n<\/strong><\/a>Localizado no Parque Tecnol\u00f3gico de Belo Horizonte (BHTec), o CT Nano desenvolve pesquisas aplicadas com nanomateriais, cer\u00e2micos nanoestruturados, nanocomp\u00f3sitos polim\u00e9ricos, materiais met\u00e1licos e tamb\u00e9m nas \u00e1reas de caracteriza\u00e7\u00e3o e metrologia e sa\u00fade, meio ambiente e seguran\u00e7a.<\/p>\n<p><a href=\"https:\/\/ciia-saude.dcc.ufmg.br\/\" target=\"_blank\" rel=\"noopener\"><strong class=\"redactor-inline-converted\">CT IA-Sa\u00fade<br \/>\n<\/strong><\/a>O CT IA-Sa\u00fade pesquisa e desenvolve\u00a0t\u00e9cnicas e solu\u00e7\u00f5es de intelig\u00eancia artificial. Ele auxilia indiv\u00edduos e pacientes no autocuidado, os m\u00e9dicos e profissionais de sa\u00fade no diagn\u00f3stico e tratamento das doen\u00e7as e os gestores de sa\u00fade na programa\u00e7\u00e3o de a\u00e7\u00f5es de preven\u00e7\u00e3o e organiza\u00e7\u00e3o da assist\u00eancia. A atua\u00e7\u00e3o do Centro est\u00e1 estruturada em cinco eixos: preven\u00e7\u00e3o e qualidade de vida,\u00a0diagn\u00f3stico, progn\u00f3stico e rastreamento,\u00a0medicina terap\u00eautica e personalizada,\u00a0sistemas de sa\u00fade e gest\u00e3o e\u00a0epidemias e desastres.<\/p>\n<p><iframe loading=\"lazy\" title=\"YouTube video player\" src=\"https:\/\/www.youtube.com\/embed\/G0pIj-_Kyx8\" width=\"560\" height=\"315\" frameborder=\"0\" allowfullscreen=\"allowfullscreen\"><\/iframe><\/p>\n\t\t<\/div> <!-- Close content div. -->\n\t<\/div> <!-- Close collapse div. -->\n<\/div> <!-- Close card div. -->\n<\/div>\n<\/div>\n\n","protected":false},"excerpt":{"rendered":"<p>O pesquisa@UFMG s\u00e3o workshops promovidos pela Pr\u00f3-Reitoria de Pesquisa voltados [&hellip;]<\/p>\n","protected":false},"author":1,"featured_media":0,"parent":0,"menu_order":0,"comment_status":"closed","ping_status":"closed","template":"","meta":{"_acf_changed":false,"footnotes":""},"tags":[],"class_list":["post-981","page","type-page","status-publish","hentry"],"acf":[],"_links":{"self":[{"href":"https:\/\/www.ufmg.br\/prpq\/wp-json\/wp\/v2\/pages\/981","targetHints":{"allow":["GET"]}}],"collection":[{"href":"https:\/\/www.ufmg.br\/prpq\/wp-json\/wp\/v2\/pages"}],"about":[{"href":"https:\/\/www.ufmg.br\/prpq\/wp-json\/wp\/v2\/types\/page"}],"author":[{"embeddable":true,"href":"https:\/\/www.ufmg.br\/prpq\/wp-json\/wp\/v2\/users\/1"}],"replies":[{"embeddable":true,"href":"https:\/\/www.ufmg.br\/prpq\/wp-json\/wp\/v2\/comments?post=981"}],"version-history":[{"count":4,"href":"https:\/\/www.ufmg.br\/prpq\/wp-json\/wp\/v2\/pages\/981\/revisions"}],"predecessor-version":[{"id":1005,"href":"https:\/\/www.ufmg.br\/prpq\/wp-json\/wp\/v2\/pages\/981\/revisions\/1005"}],"wp:attachment":[{"href":"https:\/\/www.ufmg.br\/prpq\/wp-json\/wp\/v2\/media?parent=981"}],"wp:term":[{"taxonomy":"post_tag","embeddable":true,"href":"https:\/\/www.ufmg.br\/prpq\/wp-json\/wp\/v2\/tags?post=981"}],"curies":[{"name":"wp","href":"https:\/\/api.w.org\/{rel}","templated":true}]}}