{"id":5426,"date":"2021-05-21T13:34:09","date_gmt":"2021-05-21T16:34:09","guid":{"rendered":"https:\/\/www.ufmg.br\/rededemuseus\/cemenf\/primeirasenfermeiras\/?page_id=5426"},"modified":"2021-07-04T13:28:28","modified_gmt":"2021-07-04T16:28:28","slug":"topico-7","status":"publish","type":"page","link":"https:\/\/www.ufmg.br\/rededemuseus\/cemenf\/primeirasenfermeiras\/home\/topico-7\/","title":{"rendered":"T\u00f3pico VII &#8211; &#8220;Uniformes e apar\u00eancia f\u00edsica&#8221;"},"content":{"rendered":"[vc_row css=&#8221;.vc_custom_1621381035230{margin-top: -10px !important;}&#8221;][vc_column css=&#8221;.vc_custom_1616711489855{margin-bottom: 30px !important;padding-top: 40px !important;}&#8221;]<div class=\"vcex-spacing wpex-w-100 wpex-clear\" style=\"height:50px\"><\/div><h1 class=\"vcex-module vcex-heading wpex-text-2xl wpex-font-normal wpex-m-auto wpex-max-w-100 vcex-heading-plain wpex-block wpex-text-center vc_custom_1623980053942\" style=\"font-family:La Belle Aurore;font-size:40px;\"><span class=\"vcex-heading-inner wpex-inline-block wpex-clr\">\u201cEm cima desse vestido voc\u00ea tinha um avental de cretone engomado, que tinha uma aba, aqui ele tinha um peitinho, como mais ou menos aqueles escapul\u00e1rio de freiras, e essas al\u00e7as cruzavam atr\u00e1s com dois bot\u00f5es aqui, e esse avental amarrado. Quer dizer, era um avental que tinha a saia e um corpete, por cima desse vestido de fust\u00e3o. Uma rede no cabelo que devia cobrir todo o cabelo e uma touquinha. Era perfeito.\u201d<\/span><\/h1>[vc_column_text]\n<h4 style=\"text-align: right;\"><em><strong>Ana L\u00facia Magela Resende,<\/strong><\/em><\/h4>\n<p style=\"text-align: right;\">Entrou em 1961 e se formou em 1964,<br \/>\nNatural de Belo Horizonte \/ MG.<\/p>\n[\/vc_column_text][\/vc_column][\/vc_row][vc_row][vc_column]<div class=\"vcex-spacing wpex-w-100 wpex-clear\" style=\"height:30px\"><\/div><h1 class=\"vcex-module vcex-heading wpex-text-2xl wpex-font-normal wpex-m-auto wpex-max-w-100 vcex-heading-bottom-border-w-color wpex-block wpex-text-left vc_custom_1623632026167 wpex-border-b-2 wpex-border-solid wpex-border-gray-200\" style=\"font-family:Cutive;font-weight:600;\"><span class=\"vcex-heading-inner wpex-inline-block wpex-clr wpex-relative wpex-pb-5 wpex-border-b-2 wpex-border-solid wpex-border-accent\">Galeria - Uniformes<\/span><\/h1>[vc_media_grid element_width=&#8221;2&#8243; item=&#8221;masonryMedia_Default&#8221; grid_id=&#8221;vc_gid:1625416032870-a3f4ea5a-3d16-1&#8243; include=&#8221;5755,5749,5751,5759,5752,5748,5747,5750,5753&#8243;][\/vc_column][\/vc_row][vc_row][vc_column]<h1 class=\"vcex-module vcex-heading wpex-text-2xl wpex-font-normal wpex-m-auto wpex-max-w-100 vcex-heading-bottom-border-w-color wpex-block wpex-text-left vc_custom_1621382869912 wpex-border-b-2 wpex-border-solid wpex-border-gray-200\" style=\"font-family:Cutive;font-weight:600;\"><span class=\"vcex-heading-inner wpex-inline-block wpex-clr wpex-relative wpex-pb-5 wpex-border-b-2 wpex-border-solid wpex-border-accent\">Entrevistas<\/span><\/h1>[vc_tta_accordion][vc_tta_section title=&#8221;Ana L\u00facia Magela Resende &#8211; 01&#8243; tab_id=&#8221;1621381465890-d69d38a3-25ca&#8221;][vc_column_text]\u201c[&#8230;] nada que voc\u00ea usasse, cal\u00e7asse ou fizesse que pudesse induzir a sedu\u00e7\u00e3o era permitido. Voc\u00ea tinha que ser um canh\u00e3o mesmo. Ent\u00e3o aquilo n\u00e3o podia excitar ningu\u00e9m. Parece que n\u00f3s dev\u00edamos estar deixando todo mundo muito excitado. Ent\u00e3o nada, al\u00e7a, vestido decotado, roupa transparente, isso tudo era igual a missa, igual cidade, igreja do interior, short ningu\u00e9m usava isso, bermuda, nada destas coisas. Tanto que eu j\u00e1 professora, eu n\u00e3o vou me lembrar, deve ser a transi\u00e7\u00e3o. \u00c9 eu j\u00e1 era professora. N\u00f3s chegamos at\u00e9 a conclus\u00e3o que n\u00f3s dev\u00edamos ter um uniforme para vir para casa com ele, porque era t\u00e3o complicado as roupas. E era tanta censura que a\u00ed Norma prop\u00f4s que a gente fizesse um tailler azul marinho, n\u00e3o \u00e9. Ent\u00e3o, e para instituir esse uniforme, que durou algum tempo para os professores, foi preciso levar o modelo, discutir com a irm\u00e3 Em\u00edlia as condi\u00e7\u00f5es, porque, as raz\u00f5es, para ela permitir que a gente usasse esse uniforme de leiga. Quer dizer, na transi\u00e7\u00e3o da casa a, at\u00e9 chegar \u00e0 escola, era muito fiscalizado.\u201d<\/p>\n<p>\u2192 <strong>ANA L\u00daCIA MAGELA RESENDE, ENTROU EM 1961 E SE FORMOU EM 1964, NATURAL DE BELO HORIZONTE \u2013 MG.<\/strong>[\/vc_column_text][\/vc_tta_section][vc_tta_section title=&#8221;Ana L\u00facia Magela Resende &#8211; 02&#8243; tab_id=&#8221;1621381466079-a5e61cf6-ba1b&#8221;][vc_column_text]\u201cQuando eu vim fazer, estava aqui me preparando foi que um amigo disse assim: \u201cOlha o uniforme era uma coisa estranh\u00edssima: sapato abotinado e branco de amarrar, meia branca grossa. [&#8230;] A\u00ed voc\u00ea tinha um vestido de fust\u00e3o de manga at\u00e9 aqui, um vestido tipo princesa, n\u00e3o \u00e9, golinha, essa golinha esporte, e de mangas at\u00e9 no cotovelo, esse era o vestido de fust\u00e3o, que ficava at\u00e9 aqui [indicando com a m\u00e3o] era vinte cent\u00edmetros do sapato [riso]. Em cima desse vestido voc\u00ea tinha um avental de cretone engomado, que tinha uma aba, aqui ele tinha um peitinho, como mais ou menos aqueles escapul\u00e1rio de freiras, e essas al\u00e7as cruzavam atr\u00e1s com dois bot\u00f5es aqui, e esse avental amarrado. Quer dizer, era um avental que tinha a saia e um corpete, por cima desse vestido de fust\u00e3o. Uma rede no cabelo que devia cobrir todo o cabelo e uma touquinha. Era perfeito.\u201d<\/p>\n<p>\u2192\u00a0<strong>ANA L\u00daCIA MAGELA RESENDE, ENTROU EM 1961 E SE FORMOU EM 1964, NATURAL DE BELO HORIZONTE \u2013 MG.<\/strong>[\/vc_column_text][\/vc_tta_section][vc_tta_section title=&#8221;Efig\u00eania Maria das Dores&#8221; tab_id=&#8221;1623624893077-62fcb91f-6cae&#8221;][vc_column_text]\u201cTinha, agora, as prociss\u00f5es da Igreja da Boa Viagem n\u00f3s \u00e9ramos obrigadas a ir e de uniforme e de capa. Tinha que p\u00f4r uma capa azul marinho em cima do uniforme. Esse uniforme era: um vestido branco, abotoado na frente, de manga, n\u00e9, comprida, manga comprida, uniforme de gala. Tinha uma capa de tecido azul marinho, voc\u00ea punha sobre esse vestido; a touquinha branca na cabe\u00e7a e tinha uma meia branca, cobrindo toda a perna, n\u00e9, e um sapato branco. Os outros uniformes eram um vestido branco, mesmo, um avental pregueado \u00e9, assim, bem, rodado, pregueado, ent\u00e3o ele trespassava aqui atr\u00e1s, \u00f3 [mostrando com a m\u00e3o], com quatro bot\u00f5es, e com, parecia uma veste, voc\u00ea punha sobre o vestido. Meias compridas e, e, sapato branco e a touquinha na cabe\u00e7a, e no cabelo, a rede. Mas, isso at\u00e9 que era bom, porque o cabelo n\u00e3o, n\u00e3o voava, em cima dos pacientes, n\u00e9, era higi\u00eanico.\u201d<\/p>\n<p>\u2192 <strong>EFIG\u00caNIA MARIA DAS DORES, ENTROU EM 1955 E SE FORMOU EM 1958, NATURAL DE OLIVEIRA \u2013 MG. <\/strong><strong>FALA SOBRE OS UNIFORMES<\/strong><strong>.<\/strong>[\/vc_column_text][\/vc_tta_section][vc_tta_section title=&#8221;Maria Barbosa Fernandes &#8211; 01&#8243; tab_id=&#8221;1623624894427-3663fa9d-b4b1&#8243;][vc_column_text]\u201cEu morava na avenida e quem sempre passava por l\u00e1 era a Edelvira. \u00c9. E elas usavam aquele uniforme [de beca], e eu pensava, essa freira aqui \u00e9 diferente! Eu ficava esperando a hora que ela passasse.\u201d<\/p>\n<p>\u2192 <strong>MARIA BARBOSA FERNANDES, ENTROU EM 1934 E SE FORMOU EM 1937, NATURAL DE SANTA B\u00c1RBARA \u2013 MG. <\/strong><strong>FALA QUE FICOU CURIOSA PARA DESCOBRIR SOBRE A ESCOLA DE ENFERMAGEM POR VER UMA ALUNA PASSANDO COM O UNIFORME EM SUA RUA<\/strong><strong>.<\/strong>[\/vc_column_text][\/vc_tta_section][vc_tta_section title=&#8221;Maria Barbosa Fernandes &#8211; 02&#8243; tab_id=&#8221;1623625259008-95a042d6-5176&#8243;][vc_column_text]\u201cEra um vestido azul, tinha uma capa azul marinho, pequena, tinha um v\u00e9u, \u00e9, tinha um v\u00e9u azul da cor do vestido e outro azul marinho da cor da saia. Por cima uma do outro. Agora, depois de formada era uniforme branco, a capa j\u00e1 era comprida, do comprimento do vestido e um v\u00e9u branco e azul marinho. No hospital a gente s\u00f3 tirava a capa e o v\u00e9u azul marinho.\u201d<\/p>\n<p>\u2192 <strong>MARIA BARBOSA FERNANDES, ENTROU EM 1934 E SE FORMOU EM 1937, NATURAL DE SANTA B\u00c1RBARA \u2013 MG. <\/strong>[\/vc_column_text][\/vc_tta_section][\/vc_tta_accordion]<div class=\"vcex-spacing wpex-w-100 wpex-clear\" style=\"height:50px\"><\/div>[\/vc_column][\/vc_row][vc_row full_width=&#8221;stretch_row&#8221; bg_style=&#8221;stretch&#8221; css=&#8221;.vc_custom_1621263618041{border-top-width: 1px !important;border-bottom-width: 1px !important;padding-top: 40px !important;background: #f5f5f5 url(https:\/\/www.ufmg.br\/rededemuseus\/cemenf\/primeirasenfermeiras\/wp-content\/uploads\/2021\/05\/bg_vintage-v1.jpg?id=5042) !important;background-position: 0 0 !important;background-repeat: repeat !important;border-top-color: #ededed !important;border-bottom-color: #ededed !important;}&#8221;][vc_column margin_bottom=&#8221;0px&#8221;]<h1 class=\"vcex-module vcex-heading wpex-text-2xl wpex-font-normal wpex-m-auto wpex-max-w-100 vcex-heading-bottom-border-w-color wpex-block wpex-text-left vc_custom_1621553763297 wpex-border-b-2 wpex-border-solid wpex-border-gray-200\" style=\"font-family:Cutive;font-weight:600;\"><span class=\"vcex-heading-inner wpex-inline-block wpex-clr wpex-relative wpex-pb-5 wpex-border-b-2 wpex-border-solid wpex-border-accent\">Navega\u00e7\u00e3o<\/span><\/h1>[vc_row_inner content_placement=&#8221;middle&#8221;][vc_column_inner width=&#8221;1\/3&#8243;]<h1 class=\"vcex-module vcex-heading wpex-text-2xl wpex-font-normal wpex-m-auto wpex-max-w-100 vcex-heading-plain wpex-block wpex-text-center vc_custom_1621552691620\" style=\"font-weight:600;\"><span class=\"vcex-heading-inner wpex-inline-block wpex-clr\">T\u00f3pico Anterior<\/span><\/h1><div class=\"vcex-spacing wpex-w-100 wpex-clear\" style=\"height:30px\"><\/div>[vc_single_image image=&#8221;5099&#8243; css_animation=&#8221;left-to-right&#8221; alignment=&#8221;center&#8221; style=&#8221;vc_box_shadow_3d&#8221; onclick=&#8221;custom_link&#8221; link=&#8221;https:\/\/www.ufmg.br\/rededemuseus\/cemenf\/primeirasenfermeiras\/home\/topico-6\/&#8221; img_hover=&#8221;grayscale&#8221; img_caption=&#8221;T\u00f3pico VI &#8211; &#8220;Vida das alunas (internato, dia-a-dia, relacionamentos, participa\u00e7\u00e3o no DAMAR)&#8220;&#8221;][\/vc_column_inner][vc_column_inner width=&#8221;1\/3&#8243;]<h1 class=\"vcex-module vcex-heading wpex-text-2xl wpex-font-normal wpex-m-auto wpex-max-w-100 vcex-heading-plain wpex-block wpex-text-center vc_custom_1621552806928\" style=\"font-weight:600;\"><span class=\"vcex-heading-inner wpex-inline-block wpex-clr\">Apresenta\u00e7\u00e3o<\/span><\/h1><div class=\"vcex-spacing wpex-w-100 wpex-clear\" style=\"height:30px\"><\/div>[vc_single_image image=&#8221;5315&#8243; css_animation=&#8221;appear&#8221; alignment=&#8221;center&#8221; style=&#8221;vc_box_shadow_3d&#8221; onclick=&#8221;custom_link&#8221; link=&#8221;https:\/\/www.ufmg.br\/rededemuseus\/cemenf\/primeirasenfermeiras\/&#8221; img_hover=&#8221;grayscale&#8221; img_caption=&#8221;Retornar \u00e0 P\u00e1gina Inicial&#8221;][\/vc_column_inner][vc_column_inner width=&#8221;1\/3&#8243;]<h1 class=\"vcex-module vcex-heading wpex-text-2xl wpex-font-normal wpex-m-auto wpex-max-w-100 vcex-heading-plain wpex-block wpex-text-center vc_custom_1621552740140\" style=\"font-weight:600;\"><span class=\"vcex-heading-inner wpex-inline-block wpex-clr\">Pr\u00f3ximo T\u00f3pico<\/span><\/h1><div class=\"vcex-spacing wpex-w-100 wpex-clear\" style=\"height:30px\"><\/div>[vc_single_image image=&#8221;5101&#8243; css_animation=&#8221;right-to-left&#8221; alignment=&#8221;center&#8221; style=&#8221;vc_box_shadow_3d&#8221; onclick=&#8221;custom_link&#8221; link=&#8221;https:\/\/www.ufmg.br\/rededemuseus\/cemenf\/primeirasenfermeiras\/home\/topico-8\/&#8221; img_hover=&#8221;grayscale&#8221; img_caption=&#8221;T\u00f3pico VIII &#8211; &#8220;Ensino te\u00f3rico e pr\u00e1tico e os professores&#8220;&#8221;][\/vc_column_inner][\/vc_row_inner]<div class=\"vcex-spacing wpex-w-100 wpex-clear\" style=\"height:50px\"><\/div>[\/vc_column][\/vc_row][vc_row][vc_column]<div class=\"vcex-spacing wpex-w-100 wpex-clear\" style=\"height:50px\"><\/div><div class=\"vcex-module vcex-callout wpex-mb-0 with-button wpex-text-center wpex-md-text-initial wpex-md-flex wpex-md-items-center wpex-clr\"><div class=\"vcex-callout-caption wpex-text-md wpex-last-mb-0 wpex-mb-20 wpex-md-w-75 wpex-md-pr-20 wpex-md-mb-0 wpex-clr\" style=\"font-size:16px;\"><div class=\"wpb_text_column wpex-max-w-100 wpex-mx-auto wpb_content_element \">\n<div class=\"wpb_wrapper\">\n<p style=\"text-align: center\">Gostou da Exposi\u00e7\u00e3o? Ent\u00e3o n\u00e3o se esque\u00e7a de deixar seu coment\u00e1rio sobre a exposi\u00e7\u00e3o<br \/>\nno nosso \u201c<a href=\"https:\/\/www.ufmg.br\/rededemuseus\/cemenf\/primeirasenfermeiras\/livro-de-visitas\/\">Livro de Visitas<\/a>\u201c.<\/p>\n<\/div>\n<\/div>\n<\/div><div class=\"vcex-callout-button wpex-md-w-25 wpex-md-text-right\"><a href=\"https:\/\/www.ufmg.br\/rededemuseus\/cemenf\/primeirasenfermeiras\/livro-de-visitas\/\" title=\"Comente\" style=\"background:#dd3333;border-radius:45px;font-size:20px;font-weight:600;\" data-wpex-hover=\"{&quot;background&quot;:&quot;#ba2a2a&quot;}\" class=\"theme-button three-d full-width wpex-text-center wpex-text-base\">Comente<span class=\"theme-button-icon-right ticon ticon-pencil\" aria-hidden=\"true\"><\/span><\/a><\/div><\/div>[\/vc_column][\/vc_row]\n","protected":false},"excerpt":{"rendered":"<p>[vc_row css=&#8221;.vc_custom_1621381035230{margin-top: -10px !important;}&#8221;][vc_column css=&#8221;.vc_custom_1616711489855{margin-bottom: 30px !important;padding-top: 40px !important;}&#8221;][vc_column_text] Ana L\u00facia Magela Resende, Entrou em 1961 e se formou em 1964, Natural de Belo Horizonte \/ MG. [\/vc_column_text][\/vc_column][\/vc_row][vc_row][vc_column][vc_media_grid element_width=&#8221;2&#8243; item=&#8221;masonryMedia_Default&#8221; grid_id=&#8221;vc_gid:1625416032870-a3f4ea5a-3d16-1&#8243; include=&#8221;5755,5749,5751,5759,5752,5748,5747,5750,5753&#8243;][\/vc_column][\/vc_row][vc_row][vc_column][vc_tta_accordion][vc_tta_section title=&#8221;Ana L\u00facia Magela Resende &#8211; 01&#8243; tab_id=&#8221;1621381465890-d69d38a3-25ca&#8221;][vc_column_text]\u201c[&#8230;] nada&hellip;<\/p>\n","protected":false},"author":1,"featured_media":0,"parent":839,"menu_order":0,"comment_status":"closed","ping_status":"closed","template":"","meta":[],"_links":{"self":[{"href":"https:\/\/www.ufmg.br\/rededemuseus\/cemenf\/primeirasenfermeiras\/wp-json\/wp\/v2\/pages\/5426"}],"collection":[{"href":"https:\/\/www.ufmg.br\/rededemuseus\/cemenf\/primeirasenfermeiras\/wp-json\/wp\/v2\/pages"}],"about":[{"href":"https:\/\/www.ufmg.br\/rededemuseus\/cemenf\/primeirasenfermeiras\/wp-json\/wp\/v2\/types\/page"}],"author":[{"embeddable":true,"href":"https:\/\/www.ufmg.br\/rededemuseus\/cemenf\/primeirasenfermeiras\/wp-json\/wp\/v2\/users\/1"}],"replies":[{"embeddable":true,"href":"https:\/\/www.ufmg.br\/rededemuseus\/cemenf\/primeirasenfermeiras\/wp-json\/wp\/v2\/comments?post=5426"}],"version-history":[{"count":0,"href":"https:\/\/www.ufmg.br\/rededemuseus\/cemenf\/primeirasenfermeiras\/wp-json\/wp\/v2\/pages\/5426\/revisions"}],"up":[{"embeddable":true,"href":"https:\/\/www.ufmg.br\/rededemuseus\/cemenf\/primeirasenfermeiras\/wp-json\/wp\/v2\/pages\/839"}],"wp:attachment":[{"href":"https:\/\/www.ufmg.br\/rededemuseus\/cemenf\/primeirasenfermeiras\/wp-json\/wp\/v2\/media?parent=5426"}],"curies":[{"name":"wp","href":"https:\/\/api.w.org\/{rel}","templated":true}]}}