{"id":686,"date":"2025-10-03T18:39:13","date_gmt":"2025-10-03T18:39:13","guid":{"rendered":"https:\/\/www.ufmg.br\/rededemuseus\/servicos\/?page_id=686"},"modified":"2025-10-28T17:29:27","modified_gmt":"2025-10-28T17:29:27","slug":"feu","status":"publish","type":"page","link":"https:\/\/www.ufmg.br\/rededemuseus\/servicos\/feu\/","title":{"rendered":"Forma\u00e7\u00e3o em Extens\u00e3o Universit\u00e1ria"},"content":{"rendered":"\n<div class=\"wp-block-columns is-layout-flex wp-container-core-columns-is-layout-28f84493 wp-block-columns-is-layout-flex\">\n<div class=\"wp-block-column is-layout-flow wp-block-column-is-layout-flow\" style=\"flex-basis:25%\"><\/div>\n\n\n\n<div class=\"wp-block-column is-layout-flow wp-block-column-is-layout-flow\" style=\"flex-basis:50%\"><\/div>\n\n\n\n<div class=\"wp-block-column is-layout-flow wp-block-column-is-layout-flow\" style=\"flex-basis:25%\"><\/div>\n<\/div>\n\n\n\n<div style=\"height:29px\" aria-hidden=\"true\" class=\"wp-block-spacer\"><\/div>\n\n\n\n<div class=\"wp-block-columns is-layout-flex wp-container-core-columns-is-layout-28f84493 wp-block-columns-is-layout-flex\">\n<div class=\"wp-block-column is-layout-flow wp-block-column-is-layout-flow\" style=\"flex-basis:25%\"><\/div>\n\n\n\n<div class=\"wp-block-column is-layout-flow wp-block-column-is-layout-flow\"><\/div>\n\n\n\n<div class=\"wp-block-column is-layout-flow wp-block-column-is-layout-flow\"><\/div>\n\n\n\n<div class=\"wp-block-column is-layout-flow wp-block-column-is-layout-flow\"><\/div>\n\n\n\n<div class=\"wp-block-column is-layout-flow wp-block-column-is-layout-flow\"><\/div>\n\n\n\n<div class=\"wp-block-column is-layout-flow wp-block-column-is-layout-flow\" style=\"flex-basis:50%\">\n<figure class=\"wp-block-image aligncenter size-large is-resized\"><img loading=\"lazy\" decoding=\"async\" width=\"1024\" height=\"469\" src=\"https:\/\/www.ufmg.br\/rededemuseus\/servicos\/wp-content\/uploads\/2025\/10\/feu_rede-1024x469.png\" alt=\"\" class=\"wp-image-1688\" style=\"width:525px;height:auto\" srcset=\"https:\/\/www.ufmg.br\/rededemuseus\/servicos\/wp-content\/uploads\/2025\/10\/feu_rede-1024x469.png 1024w, https:\/\/www.ufmg.br\/rededemuseus\/servicos\/wp-content\/uploads\/2025\/10\/feu_rede-300x137.png 300w, https:\/\/www.ufmg.br\/rededemuseus\/servicos\/wp-content\/uploads\/2025\/10\/feu_rede-768x352.png 768w, https:\/\/www.ufmg.br\/rededemuseus\/servicos\/wp-content\/uploads\/2025\/10\/feu_rede-205x94.png 205w, https:\/\/www.ufmg.br\/rededemuseus\/servicos\/wp-content\/uploads\/2025\/10\/feu_rede-480x220.png 480w, https:\/\/www.ufmg.br\/rededemuseus\/servicos\/wp-content\/uploads\/2025\/10\/feu_rede.png 1374w\" sizes=\"auto, (max-width: 1024px) 100vw, 1024px\" \/><\/figure>\n\n\n\n<div style=\"height:58px\" aria-hidden=\"true\" class=\"wp-block-spacer\"><\/div>\n\n\n\n<p>Para fins de integraliza\u00e7\u00e3o da participa\u00e7\u00e3o do estudante, como&nbsp;volunt\u00e1rio ou bolsista, o docente respons\u00e1vel pela&nbsp;Atividade Acad\u00eamica Curricular (disciplina, projeto, programa ou evento)&nbsp;deve assinalar, em suas ementas,&nbsp;o n\u00famero de registro no SIEX (Sistema de Informa\u00e7\u00e3o da Extens\u00e3o)&nbsp;da atividade extensionista vinculada. Por outro lado, o coordenador da atividade extensionista deve incluir a oferta dessa mesma Atividade Acad\u00eamica Curricular como um de seus resultados no registro SIEX.<\/p>\n\n\n\n<p>De acordo com a Resolu\u00e7\u00e3o n\u00ba 10\/2019 do Conselho de Ensino, Pesquisa e Extens\u00e3o da UFMG, a forma\u00e7\u00e3o em Extens\u00e3o Universit\u00e1ria \u00e9 resultado de \u201cum&nbsp;conjunto de atividades acad\u00eamicas curriculares que permitem a integraliza\u00e7\u00e3o de carga&nbsp;hor\u00e1ria nos percursos curriculares dos cursos de gradua\u00e7\u00e3o por meio da participa\u00e7\u00e3o&nbsp;dos estudantes em atividades de extens\u00e3o universit\u00e1ria.\u201d<\/p>\n\n\n\n<p>Atualmente, a estrutura curricular de cada curso de gradua\u00e7\u00e3o deve preencher a integraliza\u00e7\u00e3o do percentual m\u00ednimo de 10% (dez por cento) de sua carga hor\u00e1ria total por meio da Forma\u00e7\u00e3o em Extens\u00e3o Universit\u00e1ria, a&nbsp;partir da articula\u00e7\u00e3o entre atividades acad\u00eamicas curriculares e a efetiva participa\u00e7\u00e3o em diferentes modalidades de atividades extensionistas (projeto, programa, presta\u00e7\u00e3o de servi\u00e7o, curso e evento).&nbsp;<\/p>\n\n\n\n<p>A Rede de Museus e Espa\u00e7os de Ci\u00eancias e Cultura da UFMG atua nas \u00e1reas da Cultura, Educa\u00e7\u00e3o, Meio Ambiente, Sa\u00fade, Tecnologia e Produ\u00e7\u00e3o e Trabalho. O Edital em Fluxo Cont\u00ednuo \u201cForma\u00e7\u00e3o em Extens\u00e3o Universit\u00e1ria na Rede de Museus\u201d promove a articula\u00e7\u00e3o entre docentes, discentes e a Rede de Museus, por meio do seguinte processo:<\/p>\n\n\n\n<hr class=\"wp-block-separator has-text-color has-cyan-bluish-gray-color has-alpha-channel-opacity has-cyan-bluish-gray-background-color has-background is-style-wide\"\/>\n\n\n\n<p><strong>Passo 1.<\/strong> O coordenador do espa\u00e7o informa a demanda de atividades previstas em seu planejamento que possam ser realizadas com o apoio de discentes orientados por um docente.<\/p>\n\n\n\n<div class=\"wp-block-buttons is-layout-flex wp-block-buttons-is-layout-flex\">\n<div class=\"wp-block-button\"><a class=\"wp-block-button__link wp-element-button\" href=\"https:\/\/www.ufmg.br\/rededemuseus\/servicos\/formulario-feu\/\" target=\"_blank\" rel=\"noreferrer noopener\">Aqui<\/a><\/div>\n<\/div>\n\n\n\n<hr class=\"wp-block-separator has-text-color has-cyan-bluish-gray-color has-alpha-channel-opacity has-cyan-bluish-gray-background-color has-background is-style-wide\"\/>\n\n\n\n<p><strong>Passo 2.<\/strong> As informa\u00e7\u00f5es sobre as demandas vigentes s\u00e3o disponibilizadas para a consulta dos docentes respons\u00e1veis pelas AAC com Forma\u00e7\u00e3o em Extens\u00e3o Universit\u00e1ria.<\/p>\n\n\n\n<div class=\"wp-block-buttons is-layout-flex wp-block-buttons-is-layout-flex\">\n<div class=\"wp-block-button\"><a class=\"wp-block-button__link wp-element-button\" href=\"https:\/\/www.ufmg.br\/rededemuseus\/servicos\/formacao-em-extensao-universitaria\/\" target=\"_blank\" rel=\"noreferrer noopener\">Aqui<\/a><\/div>\n<\/div>\n\n\n\n<hr class=\"wp-block-separator has-text-color has-cyan-bluish-gray-color has-alpha-channel-opacity has-cyan-bluish-gray-background-color has-background is-style-wide\"\/>\n\n\n\n<p><strong>Passo 3.<\/strong> Os docentes enviam as propostas de v\u00ednculo no \u00e2mbito deste edital diretamente para o e-mail do(s) respectivo(s) espa\u00e7o(s), com c\u00f3pia para \u201crededemuseus@ufmg.br\u201d:<\/p>\n\n\n\n<p>Na mensagem eletr\u00f4nica, o proponente dever\u00e1 informar os seguintes dados:<br>Docente:<br>Telefone de contato:<br>E-mail de contato:<br>T\u00edtulo da Atividade Acad\u00eamica Curricular (AAC):<br>Natureza da AAC: (    ) Obrigat\u00f3ria (    ) Optativa<br>C\u00f3digo da AAC:<br>Semestre\/Ano da oferta da AAC:<br>Per\u00edodo de oferta da AAC: do dia _____<strong><em>\/<\/em>_____<\/strong> a <strong><em>_____<strong><em>\/<\/em>_____<\/strong><\/em><\/strong><br>Dias\/hor\u00e1rio de oferta da AAC<br>(   ) Segundas \/ de _____<strong><em>:<\/em>_____<\/strong> a <strong><em>_____<strong><em>:<\/em>_____<\/strong> <\/em><\/strong><br>(   ) Ter\u00e7as \/ de _____<strong><em>:<\/em>_____<\/strong> a <strong><em>_____<strong><em>:<\/em>_____<\/strong> <\/em><\/strong><br>(   ) Quartas \/ de _____<strong><em>:<\/em>_____<\/strong> a <strong><em>_____<strong><em>:<\/em>_____<\/strong> <\/em><\/strong><br>(   ) Quintas \/ de _____<strong><em>:<\/em>_____<\/strong> a <strong><em>_____<strong><em>:<\/em>_____<\/strong> <\/em><\/strong><br>(   ) Sextas \/ de _____<strong><em>:<\/em>_____<\/strong> a <strong><em>_____<strong><em>:<\/em>_____<\/strong> <\/em><\/strong><br>(   ) S\u00e1bados \/ de _____<strong><em>:<\/em>_____<\/strong> a <strong><em>_____<strong><em>:<\/em>_____<\/strong> <\/em><\/strong><br>N\u00ba de vagas disponibilizadas para a AAC:<br>N\u00ba do registro SIEX a ser vinculado:<br>T\u00edtulo da atividade de extens\u00e3o a ser vinculada:<br>Espa\u00e7o(s) da Rede de Museus onde ser\u00e1 desenvolvida a atividade:<br>Detalhamento da proposta (plano de trabalho para os estudantes, forma de acompanhamento pelo docente, forma de acompanhamento pela equipe do espa\u00e7o, etc.):<\/p>\n\n\n\n<hr class=\"wp-block-separator has-text-color has-cyan-bluish-gray-color has-alpha-channel-opacity has-cyan-bluish-gray-background-color has-background is-style-wide\"\/>\n\n\n\n<p><strong>Passo 4.<\/strong> Os coordenadores da Rede de Museus ou de seus espa\u00e7os integrantes confirmam sua anu\u00eancia ou recusam a proposta em mensagem eletr\u00f4nica a ser enviada ao proponente, com c\u00f3pia para o endere\u00e7o \u201crededemuseus@ufmg.br\u201d<\/p>\n\n\n\n<p><strong>MODELO DE RESPOSTA \u00c0S PROPOSTAS DE FORMA\u00c7\u00c3O EM EXTENS\u00c3O NA REDE DE MUSEUS<\/strong><\/p>\n\n\n\n<p>Declaramos para os devidos fins que o espa\u00e7o ______________________________________________________________________________<\/p>\n\n\n\n<p>(\u00a0   ) aceita<\/p>\n\n\n\n<p>(\u00a0   ) n\u00e3o aceita<\/p>\n\n\n\n<p>as atividades propostas pela Atividade Acad\u00eamica Curricular de c\u00f3digo _____________________, denominada __________________________________________, coordenada por ______________________________________________________________, a ser vinculada \u00e0 atividade de extens\u00e3o referente ao Registro SIEX n\u00ba _______________, intitulada ___________________________________________________, a ser desenvolvida no(a) ______________________________________________________, no per\u00edodo de ___________________ a ___________________.<\/p>\n\n\n\n<p>Belo Horizonte, _______\/________\/________<\/p>\n\n\n\n<p>_______________________________________________________________________ Assinatura da Coordena\u00e7\u00e3o do(s) Espa\u00e7o(s) onde a atividade ser\u00e1 desenvolvida<\/p>\n\n\n\n<hr class=\"wp-block-separator has-text-color has-cyan-bluish-gray-color has-alpha-channel-opacity has-cyan-bluish-gray-background-color has-background is-style-wide\"\/>\n\n\n\n<blockquote class=\"wp-block-quote is-layout-flow wp-block-quote-is-layout-flow\">\n<p><strong>Uma vez aprovada a proposta, os coordenadores da Rede de Museus ou de seus espa\u00e7os integrantes e os docentes respons\u00e1veis pelas AAC com Forma\u00e7\u00e3o em Extens\u00e3o Universit\u00e1ria devem definir, de comum acordo e de forma aut\u00f4noma, os procedimentos e detalhes referentes a sua implementa\u00e7\u00e3o e desenvolvimento.<\/strong><\/p>\n<\/blockquote>\n\n\n\n<hr class=\"wp-block-separator has-text-color has-cyan-bluish-gray-color has-alpha-channel-opacity has-cyan-bluish-gray-background-color has-background is-style-wide\"\/>\n\n\n\n<blockquote class=\"wp-block-quote is-layout-flow wp-block-quote-is-layout-flow\">\n<p><strong>Conclu\u00edda a AAC com Forma\u00e7\u00e3o em Extens\u00e3o Universit\u00e1ria, seus resultados devem ser registrados pelos coordenadores dos projetos ou programas vinculados no SIEX, informando-se o c\u00f3digo da AAC ofertada na aba \u201cResultados Alcan\u00e7ados\u201d.<\/strong><\/p>\n<\/blockquote>\n\n\n\n<hr class=\"wp-block-separator has-text-color has-cyan-bluish-gray-color has-alpha-channel-opacity has-cyan-bluish-gray-background-color has-background is-style-wide\"\/>\n<\/div>\n\n\n\n<div class=\"wp-block-column is-layout-flow wp-block-column-is-layout-flow\" style=\"flex-basis:25%\"><\/div>\n<\/div>\n\n\n\n<p><\/p>\n","protected":false},"excerpt":{"rendered":"<p>Para fins de integraliza\u00e7\u00e3o da participa\u00e7\u00e3o do estudante, como&nbsp;volunt\u00e1rio ou bolsista, o docente respons\u00e1vel pela&nbsp;Atividade Acad\u00eamica Curricular (disciplina, projeto, programa ou evento)&nbsp;deve assinalar, em suas ementas,&nbsp;o n\u00famero de registro no SIEX (Sistema de Informa\u00e7\u00e3o da Extens\u00e3o)&nbsp;da atividade extensionista vinculada. Por outro lado, o coordenador da atividade extensionista deve incluir a oferta dessa mesma Atividade Acad\u00eamica [&hellip;]<\/p>\n","protected":false},"author":1,"featured_media":0,"parent":0,"menu_order":0,"comment_status":"closed","ping_status":"closed","template":"","meta":{"footnotes":""},"class_list":["post-686","page","type-page","status-publish","hentry"],"blocksy_meta":[],"_links":{"self":[{"href":"https:\/\/www.ufmg.br\/rededemuseus\/servicos\/wp-json\/wp\/v2\/pages\/686","targetHints":{"allow":["GET"]}}],"collection":[{"href":"https:\/\/www.ufmg.br\/rededemuseus\/servicos\/wp-json\/wp\/v2\/pages"}],"about":[{"href":"https:\/\/www.ufmg.br\/rededemuseus\/servicos\/wp-json\/wp\/v2\/types\/page"}],"author":[{"embeddable":true,"href":"https:\/\/www.ufmg.br\/rededemuseus\/servicos\/wp-json\/wp\/v2\/users\/1"}],"replies":[{"embeddable":true,"href":"https:\/\/www.ufmg.br\/rededemuseus\/servicos\/wp-json\/wp\/v2\/comments?post=686"}],"version-history":[{"count":27,"href":"https:\/\/www.ufmg.br\/rededemuseus\/servicos\/wp-json\/wp\/v2\/pages\/686\/revisions"}],"predecessor-version":[{"id":1698,"href":"https:\/\/www.ufmg.br\/rededemuseus\/servicos\/wp-json\/wp\/v2\/pages\/686\/revisions\/1698"}],"wp:attachment":[{"href":"https:\/\/www.ufmg.br\/rededemuseus\/servicos\/wp-json\/wp\/v2\/media?parent=686"}],"curies":[{"name":"wp","href":"https:\/\/api.w.org\/{rel}","templated":true}]}}