{"id":12,"date":"2019-11-19T14:09:17","date_gmt":"2019-11-19T17:09:17","guid":{"rendered":"https:\/\/www.ufmg.br\/saudemental\/?page_id=12"},"modified":"2020-09-14T10:53:47","modified_gmt":"2020-09-14T13:53:47","slug":"apresentacao","status":"publish","type":"page","link":"https:\/\/www.ufmg.br\/saudemental\/saude-mental\/apresentacao\/","title":{"rendered":"Apresenta\u00e7\u00e3o"},"content":{"rendered":"<p>Ao lan\u00e7ar este espa\u00e7o, a Universidade Federal de Minas Gerais (UFMG) d\u00e1 mais um passo importante na constru\u00e7\u00e3o de sua pol\u00edtica de sa\u00fade mental. Realizado por meio de um processo de constru\u00e7\u00e3o coletiva, o <em>site<\/em> de Sa\u00fade Mental da UFMG tem por objetivo ser uma refer\u00eancia institucional sobre o tema, al\u00e9m de ser um ve\u00edculo que fortalece a rede de sa\u00fade mental para membros internos e externos. Assim, esta p\u00e1gina pretende ser um ponto de encontro dos integrantes da comunidade universit\u00e1ria, abrindo espa\u00e7os para discuss\u00f5es sobre sofrimento mental e trazendo, para o centro de nossa agenda, um tema de grande relev\u00e2ncia para a vida universit\u00e1ria.<\/p>\n<p>Viver a UFMG \u00e9 tamb\u00e9m conversar sobre sa\u00fade mental. Assim, este <em>site<\/em> quer tamb\u00e9m dialogar com a comunidade, apresentando a\u00e7\u00f5es colaborativas de acolhimento e de apoio, criando uma rede de escutas, espa\u00e7os de conviv\u00eancia, pesquisas e projetos relacionados com a sa\u00fade mental e com o bem-estar.<\/p>\n<p>Para a nossa Universidade, que almeja ser cada vez mais inclusiva, acolhedora e diversa, o <em>site<\/em> de Sa\u00fade Mental indica que a responsabilidade de zelar pela sa\u00fade mental \u00e9, n\u00e3o apenas de cada membro de sua comunidade, mas, principalmente, de todos e todas de forma coletiva.<\/p>\n<p>Venha fazer parte voc\u00ea tamb\u00e9m deste programa e ajudar a construir uma Institui\u00e7\u00e3o que deseja cuidar de cada membro que vive a UFMG.<\/p>\n<p><strong>Profa. Sandra Regina Goulart Almeida<\/strong><br \/>\nReitora<\/p>\n<p><strong>Prof. Alessandro Fernandes Moreira<\/strong><br \/>\nVice-Reitor<\/p>\n","protected":false},"excerpt":{"rendered":"<p>Ao lan\u00e7ar este espa\u00e7o, a Universidade Federal de Minas Gerais (UFMG) d\u00e1 mais um passo importante na constru\u00e7\u00e3o de sua pol\u00edtica de sa\u00fade mental. Realizado por meio de um processo de constru\u00e7\u00e3o coletiva, o site [&#8230;]<\/p>\n","protected":false},"author":1,"featured_media":342,"parent":8,"menu_order":0,"comment_status":"closed","ping_status":"closed","template":"","meta":{"_acf_changed":false,"footnotes":""},"class_list":["post-12","page","type-page","status-publish","has-post-thumbnail","hentry"],"acf":[],"_links":{"self":[{"href":"https:\/\/www.ufmg.br\/saudemental\/wp-json\/wp\/v2\/pages\/12","targetHints":{"allow":["GET"]}}],"collection":[{"href":"https:\/\/www.ufmg.br\/saudemental\/wp-json\/wp\/v2\/pages"}],"about":[{"href":"https:\/\/www.ufmg.br\/saudemental\/wp-json\/wp\/v2\/types\/page"}],"author":[{"embeddable":true,"href":"https:\/\/www.ufmg.br\/saudemental\/wp-json\/wp\/v2\/users\/1"}],"replies":[{"embeddable":true,"href":"https:\/\/www.ufmg.br\/saudemental\/wp-json\/wp\/v2\/comments?post=12"}],"version-history":[{"count":9,"href":"https:\/\/www.ufmg.br\/saudemental\/wp-json\/wp\/v2\/pages\/12\/revisions"}],"predecessor-version":[{"id":668,"href":"https:\/\/www.ufmg.br\/saudemental\/wp-json\/wp\/v2\/pages\/12\/revisions\/668"}],"up":[{"embeddable":true,"href":"https:\/\/www.ufmg.br\/saudemental\/wp-json\/wp\/v2\/pages\/8"}],"wp:featuredmedia":[{"embeddable":true,"href":"https:\/\/www.ufmg.br\/saudemental\/wp-json\/wp\/v2\/media\/342"}],"wp:attachment":[{"href":"https:\/\/www.ufmg.br\/saudemental\/wp-json\/wp\/v2\/media?parent=12"}],"curies":[{"name":"wp","href":"https:\/\/api.w.org\/{rel}","templated":true}]}}