{"id":147,"date":"2019-11-20T11:10:33","date_gmt":"2019-11-20T14:10:33","guid":{"rendered":"https:\/\/www.ufmg.br\/saudemental\/?page_id=147"},"modified":"2022-02-16T16:53:03","modified_gmt":"2022-02-16T19:53:03","slug":"precisa-de-ajuda","status":"publish","type":"page","link":"https:\/\/www.ufmg.br\/saudemental\/precisa-de-ajuda\/","title":{"rendered":"Precisa de ajuda?"},"content":{"rendered":"<h3><\/h3>\n<p>&nbsp;<\/p>\n<h3>Seu caso \u00e9 uma emerg\u00eancia?<\/h3>\n<p>Em situa\u00e7\u00f5es graves, n\u00e3o pense duas vezes antes de chamar o Samu (192) ou o Corpo de Bombeiros (193). S\u00e3o servi\u00e7os com profissionais capacitados para atender casos de urg\u00eancia e emerg\u00eancia. Outra op\u00e7\u00e3o \u00e9 o DAST, o Departamento de Aten\u00e7\u00e3o \u00e0 Sa\u00fade do Trabalhador da UFMG. Voc\u00ea pode ent\u00e3o acessar nossa p\u00e1gina e conferir as <a href=\"https:\/\/www.ufmg.br\/saudemental\/na-ufmg\/orientacoes-para-crises\/\" target=\"_blank\" rel=\"noopener noreferrer\">orienta\u00e7\u00f5es para crises nas depend\u00eancias da UFMG<\/a>.<\/p>\n<h3><\/h3>\n<p>&nbsp;<\/p>\n<h3>Ou voc\u00ea aguenta esperar um pouco?<\/h3>\n<p>Nesse caso, recomendamos o servi\u00e7o de sa\u00fade p\u00fablico de sua pr\u00f3pria cidade. Clicando <a href=\"https:\/\/www.ufmg.br\/saudemental\/rede-de-apoio\/canais-de-atendimento-externos\/\" target=\"_blank\" rel=\"noopener noreferrer\">aqui<\/a>, voc\u00ea tem contatos e orienta\u00e7\u00f5es sobre como acessar os seguintes servi\u00e7os: CVV (Centro de Valoriza\u00e7\u00e3o da Vida), CAPS (Centros de Aten\u00e7\u00e3o Psicossocial), CERSAM (Centros de Refer\u00eancia em Sa\u00fade Mental) e Unidades B\u00e1sicas de Sa\u00fade.<\/p>\n<h3><\/h3>\n<p>&nbsp;<\/p>\n<h3>Quem sabe um acolhimento n\u00e3o \u00e9 o que voc\u00ea precisa?<\/h3>\n<p>Muitas vezes, s\u00f3 precisamos de algu\u00e9m que nos escute e entenda as nossas dificuldades. Para isso, a UFMG abriga uma s\u00e9rie de <a href=\"https:\/\/www.ufmg.br\/saudemental\/rede-de-apoio\/acolhimento\/\" target=\"_blank\" rel=\"noopener noreferrer\">canais de acolhimento<\/a> em diferentes unidades e campi. N\u00e3o tenha vergonha em pedir ajuda: por que n\u00e3o agendar uma visita no n\u00facleo mais pr\u00f3ximo de sua unidade acad\u00eamica? Acesse tamb\u00e9m os <a href=\"https:\/\/www.ufmg.br\/saudemental\/rede-de-apoio\/canais-de-atendimento-externos\/\" target=\"_blank\" rel=\"noopener noreferrer\">canais de atendimento especializados<\/a> para saber mais.<\/p>\n<h3><\/h3>\n<p>&nbsp;<\/p>\n<h3>Precisa de uma for\u00e7a?<\/h3>\n<p>Acesse a nossa <a href=\"https:\/\/www.ufmg.br\/saudemental\/saude-mental\/depoimentos\/\" target=\"_blank\" rel=\"noopener noreferrer\">galeria de depoimentos<\/a>! S\u00e3o hist\u00f3rias e relatos inspiradores de pessoas que passaram por algum tipo de sofrimento mental e decidiram compartilhar a sua viv\u00eancia, no intuito de ajudar outras pessoas a enfrentar seus pr\u00f3prios desafios cotidianos. \u00c9 a materializa\u00e7\u00e3o de uma rede de apoio virtual.<\/p>\n<h3><\/h3>\n<p>&nbsp;<\/p>\n<h3>E se o problema n\u00e3o for com voc\u00ea, e sim com um amigo?<\/h3>\n<p>D\u00ea uma olhada na se\u00e7\u00e3o \u201c<a href=\"https:\/\/www.ufmg.br\/saudemental\/familia-e-amigos\/\" target=\"_blank\" rel=\"noopener noreferrer\">Fam\u00edlia e amigos<\/a>\u201d &#8211; imaginamos que ela pode te ajudar. L\u00e1, voc\u00ea encontra a descri\u00e7\u00e3o de alguns sinais de estresse que podem significar algo e dicas de como ajudar algu\u00e9m que est\u00e1 passando por um momento dif\u00edcil.<\/p>\n<h3><\/h3>\n<p>&nbsp;<\/p>\n<h3>Que tal descansar por um momento?<\/h3>\n<p>Tirar um tempo para cuidar de sua sa\u00fade mental \u00e9 tanto importante quanto necess\u00e1rio. Mas, se voc\u00ea n\u00e3o conseguir se afastar de todas as suas responsabilidades, tire ao menos um tempinho para si mesmo a cada dia. Em \u201c<a href=\"https:\/\/www.ufmg.br\/saudemental\/rede-de-apoio\/espacos-de-convivencia\/\" target=\"_blank\" rel=\"noopener noreferrer\">Espa\u00e7os de conviv\u00eancia<\/a>\u201d, a gente te sugere alguns lugares ideais para aquele descanso de meia hora.<\/p>\n","protected":false},"excerpt":{"rendered":"<p>&nbsp; Seu caso \u00e9 uma emerg\u00eancia? Em situa\u00e7\u00f5es graves, n\u00e3o pense duas vezes antes de chamar o Samu (192) ou o Corpo de Bombeiros (193). S\u00e3o servi\u00e7os com profissionais capacitados para atender casos de urg\u00eancia [&#8230;]<\/p>\n","protected":false},"author":1,"featured_media":341,"parent":0,"menu_order":0,"comment_status":"closed","ping_status":"closed","template":"","meta":{"_acf_changed":false,"footnotes":""},"class_list":["post-147","page","type-page","status-publish","has-post-thumbnail","hentry"],"acf":[],"_links":{"self":[{"href":"https:\/\/www.ufmg.br\/saudemental\/wp-json\/wp\/v2\/pages\/147","targetHints":{"allow":["GET"]}}],"collection":[{"href":"https:\/\/www.ufmg.br\/saudemental\/wp-json\/wp\/v2\/pages"}],"about":[{"href":"https:\/\/www.ufmg.br\/saudemental\/wp-json\/wp\/v2\/types\/page"}],"author":[{"embeddable":true,"href":"https:\/\/www.ufmg.br\/saudemental\/wp-json\/wp\/v2\/users\/1"}],"replies":[{"embeddable":true,"href":"https:\/\/www.ufmg.br\/saudemental\/wp-json\/wp\/v2\/comments?post=147"}],"version-history":[{"count":9,"href":"https:\/\/www.ufmg.br\/saudemental\/wp-json\/wp\/v2\/pages\/147\/revisions"}],"predecessor-version":[{"id":890,"href":"https:\/\/www.ufmg.br\/saudemental\/wp-json\/wp\/v2\/pages\/147\/revisions\/890"}],"wp:featuredmedia":[{"embeddable":true,"href":"https:\/\/www.ufmg.br\/saudemental\/wp-json\/wp\/v2\/media\/341"}],"wp:attachment":[{"href":"https:\/\/www.ufmg.br\/saudemental\/wp-json\/wp\/v2\/media?parent=147"}],"curies":[{"name":"wp","href":"https:\/\/api.w.org\/{rel}","templated":true}]}}

<h3></h3>
<p>&nbsp;</p>
<h3>Seu caso é uma emergência?</h3>
<p>Em situações graves, não pense duas vezes antes de chamar o Samu (192) ou o Corpo de Bombeiros (193). São serviços com profissionais capacitados para atender casos de urgência e emergência. Outra opção é o DAST, o Departamento de Atenção à Saúde do Trabalhador da UFMG. Você pode então acessar nossa página e conferir as <a href="https://www.ufmg.br/saudemental/na-ufmg/orientacoes-para-crises/" target="_blank" rel="noopener noreferrer">orientações para crises nas dependências da UFMG</a>.</p>
<h3></h3>
<p>&nbsp;</p>
<h3>Ou você aguenta esperar um pouco?</h3>
<p>Nesse caso, recomendamos o serviço de saúde público de sua própria cidade. Clicando <a href="https://www.ufmg.br/saudemental/rede-de-apoio/canais-de-atendimento-externos/" target="_blank" rel="noopener noreferrer">aqui</a>, você tem contatos e orientações sobre como acessar os seguintes serviços: CVV (Centro de Valorização da Vida), CAPS (Centros de Atenção Psicossocial), CERSAM (Centros de Referência em Saúde Mental) e Unidades Básicas de Saúde.</p>
<h3></h3>
<p>&nbsp;</p>
<h3>Quem sabe um acolhimento não é o que você precisa?</h3>
<p>Muitas vezes, só precisamos de alguém que nos escute e entenda as nossas dificuldades. Para isso, a UFMG abriga uma série de <a href="https://www.ufmg.br/saudemental/rede-de-apoio/acolhimento/" target="_blank" rel="noopener noreferrer">canais de acolhimento</a> em diferentes unidades e campi. Não tenha vergonha em pedir ajuda: por que não agendar uma visita no núcleo mais próximo de sua unidade acadêmica? Acesse também os <a href="https://www.ufmg.br/saudemental/rede-de-apoio/canais-de-atendimento-externos/" target="_blank" rel="noopener noreferrer">canais de atendimento especializados</a> para saber mais.</p>
<h3></h3>
<p>&nbsp;</p>
<h3>Precisa de uma força?</h3>
<p>Acesse a nossa <a href="https://www.ufmg.br/saudemental/saude-mental/depoimentos/" target="_blank" rel="noopener noreferrer">galeria de depoimentos</a>! São histórias e relatos inspiradores de pessoas que passaram por algum tipo de sofrimento mental e decidiram compartilhar a sua vivência, no intuito de ajudar outras pessoas a enfrentar seus próprios desafios cotidianos. É a materialização de uma rede de apoio virtual.</p>
<h3></h3>
<p>&nbsp;</p>
<h3>E se o problema não for com você, e sim com um amigo?</h3>
<p>Dê uma olhada na seção “<a href="https://www.ufmg.br/saudemental/familia-e-amigos/" target="_blank" rel="noopener noreferrer">Família e amigos</a>” &#8211; imaginamos que ela pode te ajudar. Lá, você encontra a descrição de alguns sinais de estresse que podem significar algo e dicas de como ajudar alguém que está passando por um momento difícil.</p>
<h3></h3>
<p>&nbsp;</p>
<h3>Que tal descansar por um momento?</h3>
<p>Tirar um tempo para cuidar de sua saúde mental é tanto importante quanto necessário. Mas, se você não conseguir se afastar de todas as suas responsabilidades, tire ao menos um tempinho para si mesmo a cada dia. Em “<a href="https://www.ufmg.br/saudemental/rede-de-apoio/espacos-de-convivencia/" target="_blank" rel="noopener noreferrer">Espaços de convivência</a>”, a gente te sugere alguns lugares ideais para aquele descanso de meia hora.</p>

<p>&nbsp; Seu caso é uma emergência? Em situações graves, não pense duas vezes antes de chamar o Samu (192) ou o Corpo de Bombeiros (193). São serviços com profissionais capacitados para atender casos de urgência [&#8230;]</p>
