{"id":20,"date":"2019-11-19T14:13:27","date_gmt":"2019-11-19T17:13:27","guid":{"rendered":"https:\/\/www.ufmg.br\/saudemental\/?page_id=20"},"modified":"2020-05-11T14:25:06","modified_gmt":"2020-05-11T17:25:06","slug":"na-ufmg","status":"publish","type":"page","link":"https:\/\/www.ufmg.br\/saudemental\/na-ufmg\/","title":{"rendered":"Na UFMG"},"content":{"rendered":"<p>Nesta se\u00e7\u00e3o, voc\u00ea tem acesso \u00e0 pol\u00edtica institucional de sa\u00fade mental da UFMG, constantemente em constru\u00e7\u00e3o por meio das a\u00e7\u00f5es da Comiss\u00e3o Permanente de Sa\u00fade Mental da UFMG e da Rede de Sa\u00fade Mental da Universidade, vinculada \u00e0 Pr\u00f3-reitoria de Extens\u00e3o, a Proex.<\/p>\n","protected":false},"excerpt":{"rendered":"<p>Nesta se\u00e7\u00e3o, voc\u00ea tem acesso \u00e0 pol\u00edtica institucional de sa\u00fade mental da UFMG, constantemente em constru\u00e7\u00e3o por meio das a\u00e7\u00f5es da Comiss\u00e3o Permanente de Sa\u00fade Mental da UFMG e da Rede de Sa\u00fade Mental da [&#8230;]<\/p>\n","protected":false},"author":1,"featured_media":332,"parent":0,"menu_order":0,"comment_status":"closed","ping_status":"closed","template":"","meta":{"_acf_changed":false,"footnotes":""},"class_list":["post-20","page","type-page","status-publish","has-post-thumbnail","hentry"],"acf":[],"_links":{"self":[{"href":"https:\/\/www.ufmg.br\/saudemental\/wp-json\/wp\/v2\/pages\/20","targetHints":{"allow":["GET"]}}],"collection":[{"href":"https:\/\/www.ufmg.br\/saudemental\/wp-json\/wp\/v2\/pages"}],"about":[{"href":"https:\/\/www.ufmg.br\/saudemental\/wp-json\/wp\/v2\/types\/page"}],"author":[{"embeddable":true,"href":"https:\/\/www.ufmg.br\/saudemental\/wp-json\/wp\/v2\/users\/1"}],"replies":[{"embeddable":true,"href":"https:\/\/www.ufmg.br\/saudemental\/wp-json\/wp\/v2\/comments?post=20"}],"version-history":[{"count":4,"href":"https:\/\/www.ufmg.br\/saudemental\/wp-json\/wp\/v2\/pages\/20\/revisions"}],"predecessor-version":[{"id":444,"href":"https:\/\/www.ufmg.br\/saudemental\/wp-json\/wp\/v2\/pages\/20\/revisions\/444"}],"wp:featuredmedia":[{"embeddable":true,"href":"https:\/\/www.ufmg.br\/saudemental\/wp-json\/wp\/v2\/media\/332"}],"wp:attachment":[{"href":"https:\/\/www.ufmg.br\/saudemental\/wp-json\/wp\/v2\/media?parent=20"}],"curies":[{"name":"wp","href":"https:\/\/api.w.org\/{rel}","templated":true}]}}