{"id":42,"date":"2019-11-19T14:16:50","date_gmt":"2019-11-19T17:16:50","guid":{"rendered":"https:\/\/www.ufmg.br\/saudemental\/?page_id=42"},"modified":"2025-08-12T11:27:12","modified_gmt":"2025-08-12T14:27:12","slug":"canais-de-atendimento-externos","status":"publish","type":"page","link":"https:\/\/www.ufmg.br\/saudemental\/rede-de-apoio\/canais-de-atendimento-externos\/","title":{"rendered":"Canais de atendimento especializados"},"content":{"rendered":"<h3>Canais de atendimento especializado (atendimento psicoterap\u00eautico) na UFMG<\/h3>\n<p>&nbsp;<\/p>\n<p>Lembre-se: em caso de emerg\u00eancia, voc\u00ea pode acionar o <strong>DAST<\/strong> (3409-4499 \/ 3409-4315 \/ 3307-9564) para realizar os primeiros atendimentos e\/ou fazer orienta\u00e7\u00f5es sobre encaminhamentos ou o <strong>SAMU<\/strong> (192) ou o <strong>Corpo de Bombeiros<\/strong> (193). Pode tamb\u00e9m encaminhar a pessoa em crise para os servi\u00e7os de Sa\u00fade Mental da <a href=\"https:\/\/prefeitura.pbh.gov.br\/saude\/informacoes\/atencao-a-saude\/saude-mental\" target=\"_blank\" rel=\"noopener noreferrer\">Rede de Aten\u00e7\u00e3o Psicossocial (RAPS)<\/a> de Belo Horizonte.<\/p>\n<p>Caso esteja em outro munic\u00edpio mineiro, incluindo Montes Claros, acesse <a href=\"https:\/\/www.saude.mg.gov.br\/component\/gmg\/page\/1636-saude-mental\" target=\"_blank\" rel=\"noopener noreferrer\">aqui<\/a> as informa\u00e7\u00f5es da RAPS de Minas Gerais.<\/p>\n<div class=\"accordion\"><ul class=\"accordion-items\"><li class=\"accordion-item\">\n                <h4 class=\"accordion-title\">\n                    <a href=\"#341\" data-toggle=\"collapse\" aria-expanded=\"false\">Departamento de Aten\u00e7\u00e3o \u00e0 Sa\u00fade do Trabalhador (DAST)<span class=\"icon-seta\"><\/span><\/a>\n                <\/h4>\n                <div class=\"accordion-content collapse\" id=\"341\">\n                    <div class=\"main-content\"><p style=\"font-size: 13px; line-height: 1.5; margin: 1em 0px; color: #444444; font-family: -apple-system, BlinkMacSystemFont, 'Segoe UI', Roboto, Oxygen-Sans, Ubuntu, Cantarell, 'Helvetica Neue', sans-serif;\">Embora seja focado para casos da sa\u00fade do trabalhador, o DAST est\u00e1 dispon\u00edvel para toda a comunidade universit\u00e1ria da UFMG, atendendo servidores, estudantes e at\u00e9 membros da comunidade externa que estejam nas depend\u00eancias da Universidade. Com dois n\u00facleos, um no Campus Pampulha e outro no Campus Sa\u00fade, ele \u00e9 o \u00fanico espa\u00e7o dentro da UFMG que lida com atendimentos de emerg\u00eancia.\u00a0<\/p><p style=\"font-size: 13px; line-height: 1.5; margin: 1em 0px; color: #444444; font-family: -apple-system, BlinkMacSystemFont, 'Segoe UI', Roboto, Oxygen-Sans, Ubuntu, Cantarell, 'Helvetica Neue', sans-serif;\">\u00a0<\/p><p style=\"font-size: 13px; line-height: 1.5; margin: 1em 0px; color: #444444; font-family: -apple-system, BlinkMacSystemFont, 'Segoe UI', Roboto, Oxygen-Sans, Ubuntu, Cantarell, 'Helvetica Neue', sans-serif;\"><span style=\"font-weight: 600;\">DAST Pampulha<\/span><\/p><p style=\"font-size: 13px; line-height: 1.5; margin: 1em 0px; color: #444444; font-family: -apple-system, BlinkMacSystemFont, 'Segoe UI', Roboto, Oxygen-Sans, Ubuntu, Cantarell, 'Helvetica Neue', sans-serif;\"><span style=\"font-weight: 600;\">Contato:<\/span>\u00a03409-4315 \/ 3409-4499 \/ sast@prorh.ufmg.br\u00a0<\/p><p style=\"font-size: 13px; line-height: 1.5; margin: 1em 0px; color: #444444; font-family: -apple-system, BlinkMacSystemFont, 'Segoe UI', Roboto, Oxygen-Sans, Ubuntu, Cantarell, 'Helvetica Neue', sans-serif;\"><span style=\"font-weight: 600;\">Hor\u00e1rio:<\/span>\u00a0de segunda \u00e0 sexta-feira, das 7h \u00e0s 22h<\/p><p style=\"font-size: 13px; line-height: 1.5; margin: 1em 0px; color: #444444; font-family: -apple-system, BlinkMacSystemFont, 'Segoe UI', Roboto, Oxygen-Sans, Ubuntu, Cantarell, 'Helvetica Neue', sans-serif;\"><span style=\"font-weight: 600;\">Local:<\/span>\u00a0Unidade Administrativa II. Campus Pampulha<\/p><p style=\"font-size: 13px; line-height: 1.5; margin: 1em 0px; color: #444444; font-family: -apple-system, BlinkMacSystemFont, 'Segoe UI', Roboto, Oxygen-Sans, Ubuntu, Cantarell, 'Helvetica Neue', sans-serif;\">\u00a0<\/p><p style=\"font-size: 13px; line-height: 1.5; margin: 1em 0px; color: #444444; font-family: -apple-system, BlinkMacSystemFont, 'Segoe UI', Roboto, Oxygen-Sans, Ubuntu, Cantarell, 'Helvetica Neue', sans-serif;\"><span style=\"font-weight: 600;\">DAST Centro<\/span><\/p><p style=\"font-size: 13px; line-height: 1.5; margin: 1em 0px; color: #444444; font-family: -apple-system, BlinkMacSystemFont, 'Segoe UI', Roboto, Oxygen-Sans, Ubuntu, Cantarell, 'Helvetica Neue', sans-serif;\"><span style=\"font-weight: 600;\">Contato:<\/span>\u00a03307-9564 \/\u00a0<em>sast@prorh.ufmg.br\u00a0<\/em><\/p><p style=\"font-size: 13px; line-height: 1.5; margin: 1em 0px; color: #444444; font-family: -apple-system, BlinkMacSystemFont, 'Segoe UI', Roboto, Oxygen-Sans, Ubuntu, Cantarell, 'Helvetica Neue', sans-serif;\"><span style=\"font-weight: 600;\">Hor\u00e1rio:<\/span>\u00a0de segunda \u00e0 sexta-feira, das 7h \u00e0s 19h<\/p><p style=\"font-size: 13px; line-height: 1.5; margin: 1em 0px; color: #444444; font-family: -apple-system, BlinkMacSystemFont, 'Segoe UI', Roboto, Oxygen-Sans, Ubuntu, Cantarell, 'Helvetica Neue', sans-serif;\"><span style=\"font-weight: 600;\">Local:<\/span>\u00a0Al. \u00c1lvaro Celso, 175, 7\u00ba andar, Santa Efig\u00eania (Centro)<\/p><\/div>\n                <\/div>\n            <\/li><li class=\"accordion-item\">\n                <h4 class=\"accordion-title\">\n                    <a href=\"#342\" data-toggle=\"collapse\" aria-expanded=\"false\">Programa de Assist\u00eancia \u00e0 Sa\u00fade da Funda\u00e7\u00e3o Mendes Pimentel (Fump)<span class=\"icon-seta\"><\/span><\/a>\n                <\/h4>\n                <div class=\"accordion-content collapse\" id=\"342\">\n                    <div class=\"main-content\"><p>Estudantes n\u00edveis I, II e III assistidos pela Fump podem buscar acolhimento junto ao servi\u00e7o de assist\u00eancia \u00e0 sa\u00fade da Funda\u00e7\u00e3o. S\u00e3o oferecidos atendimento m\u00e9dico, psicol\u00f3gico e odontol\u00f3gico em Belo Horizonte e Montes Claros. Os atendimentos psicol\u00f3gicos t\u00eam foco na psicoterapia de curta dura\u00e7\u00e3o.\u00a0<\/p><p>\u00a0<\/p><p>No Campus Pampulha, o atendimento psicol\u00f3gico \u00e9 tamb\u00e9m realizado na Faculdade de Letras \u00e0s ter\u00e7as, das 12h30 \u00e0s 18h30, e quintas-feiras, das 14h30 \u00e0s 18h30.<\/p><p>\u00a0<\/p><p><strong>Contato:<\/strong> (31) 3409-8401 \/ (31) 3409-8470 \/ (38) 3213-9867 \/ (38) 2101-7926<\/p><p><strong>Local:<\/strong> Av. Ant\u00f4nio Abrah\u00e3o Caram, 610, S\u00e3o Jos\u00e9 (Belo Horizonte\/MG); Av. Universit\u00e1ria, 1000, Bairro Universit\u00e1rio (Montes Claros\/MG)<\/p><p>\u00a0<\/p><p>Consulte hor\u00e1rios e demais informa\u00e7\u00f5es no <a href=\"http:\/\/www.fump.ufmg.br\/conteudo.aspx?pagina=252\" target=\"_blank\" rel=\"noopener\">site da Fump<\/a>.\u00a0<\/p><p>\u00a0<\/p><p>Se busca informa\u00e7\u00f5es sobre o atendimento especializado (atendimento psicoterap\u00eautico) da Fump no Instituto de Ci\u00eancias Agr\u00e1rias da UFMG (campus Montes Claros), entre em contato pelo e-mail <em>comunica@fump.ufmg.br<\/em>.<\/p><\/div>\n                <\/div>\n            <\/li><li class=\"accordion-item\">\n                <h4 class=\"accordion-title\">\n                    <a href=\"#343\" data-toggle=\"collapse\" aria-expanded=\"false\">Servi\u00e7o de Psicologia Aplicada (SPA-Fafich)<span class=\"icon-seta\"><\/span><\/a>\n                <\/h4>\n                <div class=\"accordion-content collapse\" id=\"343\">\n                    <div class=\"main-content\"><p style=\"text-align: justify;\"><span style=\"color: #000000; font-family: Open Sans, Arial, sans-serif;\"><span style=\"font-size: 14px;\">O Servi\u00e7o de Psicologia Aplicada \u00e9 uma cl\u00ednica-escola de est\u00e1gio supervisionado do Departamento de Psicologia da Faculdade de Filosofia e Ci\u00eancias Humanas. O espa\u00e7o realiza servi\u00e7os de atendimento em psicoterapia tanto para a comunidade universit\u00e1ria quanto para a comunidade externa.<\/span><\/span><\/p><p style=\"text-align: justify;\"><span style=\"color: #000000; font-family: Open Sans, Arial, sans-serif;\"><span style=\"font-size: 14px;\">Inscri\u00e7\u00f5es, quando dispon\u00edveis, podem ser feitas pelo telefone. Como a demanda \u00e9 muito alta e o atendimento \u00e9 cont\u00ednuo, n\u00e3o existe previs\u00e3o para a abertura de novas vagas.\u00a0\u00a0<\/span><\/span><span style=\"color: #000000; font-family: Open Sans, Arial, sans-serif;\"><span style=\"font-size: 14px;\">\u00a0<\/span><\/span><\/p><p style=\"text-align: justify;\"><span style=\"color: #000000; font-family: Open Sans, Arial, sans-serif;\"><span style=\"font-size: 14px;\"><strong>Contato:<\/strong>\u00a03409-5070 \/\u00a0<em>spa@fafich.ufmg.br\u00a0<br \/><\/em><\/span><\/span><span style=\"color: #000000; font-family: Open Sans, Arial, sans-serif;\"><span style=\"font-size: 14px;\"><strong>Hor\u00e1rio:<\/strong>\u00a0de segunda \u00e0 sexta-feira, das 8h \u00e0s 12h e das 13h30 \u00e0s 17h<br \/><\/span><\/span><span style=\"color: #000000; font-family: Open Sans, Arial, sans-serif;\"><span style=\"font-size: 14px;\"><strong>Local:<\/strong>\u00a0Sala 2062 da Faculdade de Filosofia e Ci\u00eancias Humanas (segundo andar).\u00a0<\/span><\/span><\/p><p style=\"text-align: justify;\"><span style=\"color: #000000; font-family: Open Sans, Arial, sans-serif;\"><span style=\"font-size: 14px;\">Mais informa\u00e7\u00f5es podem ser obtidas no\u00a0<a href=\"http:\/\/www.fafich.ufmg.br\/spa\/\" target=\"_blank\" rel=\"noopener\">site do SPA<\/a>.<\/span><\/span><\/p><\/div>\n                <\/div>\n            <\/li><li class=\"accordion-item\">\n                <h4 class=\"accordion-title\">\n                    <a href=\"#344\" data-toggle=\"collapse\" aria-expanded=\"false\">Plant\u00e3o Psicol\u00f3gico da UFMG<span class=\"icon-seta\"><\/span><\/a>\n                <\/h4>\n                <div class=\"accordion-content collapse\" id=\"344\">\n                    <div class=\"main-content\"><p style=\"text-align: justify;\"><span style=\"color: #000000; font-family: Open Sans, Arial, sans-serif;\"><span style=\"font-size: 14px;\">Um dos bra\u00e7os do SPA, o Servi\u00e7o de Plant\u00e3o Psicol\u00f3gico \u00e9 um servi\u00e7o gratuito que realiza aconselhamento psicol\u00f3gico no formato de plant\u00e3o - ou seja, n\u00e3o \u00e9 necess\u00e1rio agendamento para ser atendido. Basta chegar no espa\u00e7o do Plant\u00e3o em dias de atendimento e aguardar a sua vez. O modelo preza pelo encontro e tenta resgatar a capacidade da pessoa de lidar com suas pr\u00f3prias situa\u00e7\u00f5es de sofrimento.\u00a0<\/span><\/span><\/p><p style=\"text-align: justify;\"><span style=\"color: #000000; font-family: Open Sans, Arial, sans-serif;\"><span style=\"font-size: 14px;\">O Plant\u00e3o Psicol\u00f3gico \u00e9 um projeto de extens\u00e3o dispon\u00edvel para toda a comunidade interna da UFMG - estudantes, docentes e servidores t\u00e9cnico-administrativos.\u00a0<\/span><\/span><\/p><p style=\"text-align: justify;\"><span style=\"color: #000000; font-family: Open Sans, Arial, sans-serif;\"><span style=\"font-size: 14px;\"><strong>Contato:<\/strong>\u00a03409-5070 \/\u00a0<em>spa@fafich.ufmg.br <br \/><\/em><\/span><\/span><span style=\"color: #000000; font-family: Open Sans, Arial, sans-serif;\"><span style=\"font-size: 14px;\"><strong>Inscri\u00e7\u00f5es:\u00a0<\/strong>novas inscri\u00e7\u00f5es \u00e0s ter\u00e7as e quintas-feiras, das 12h30 \u00e0s 14h30, pelo formul\u00e1rio <a href=\"http:\/\/bit.ly\/inscricaoppsiufmg\" target=\"_blank\" rel=\"noopener\">http:\/\/bit.ly\/inscricaoppsiufmg<\/a><\/span><\/span><\/p><\/div>\n                <\/div>\n            <\/li><li class=\"accordion-item\">\n                <h4 class=\"accordion-title\">\n                    <a href=\"#345\" data-toggle=\"collapse\" aria-expanded=\"false\">Plant\u00e3o Psicol\u00f3gico CAAP - Centro Acad\u00eamico Afonso Pena<span class=\"icon-seta\"><\/span><\/a>\n                <\/h4>\n                <div class=\"accordion-content collapse\" id=\"345\">\n                    <div class=\"main-content\"><p><strong>Contatos:<\/strong> 3409-8629 \/ contato@caap.org.br \/ caapidiomas@gmail.com<\/p><p><strong>Hor\u00e1rio:<\/strong> \u00e0s segundas e quartas, das 11h \u00e0s 18h<\/p><p><strong>Local:<\/strong> Sala 512 do pr\u00e9dio da p\u00f3s-gradua\u00e7\u00e3o da Faculdade de Direito e Ci\u00eancias do Estado<\/p><p><strong>Site:<\/strong> <a href=\"https:\/\/atendimento-psicologico-caap.reservio.com\/\" target=\"_blank\" rel=\"noopener\">https:\/\/atendimento-psicologico-caap.reservio.com\/<\/a><\/p><\/div>\n                <\/div>\n            <\/li><li class=\"accordion-item\">\n                <h4 class=\"accordion-title\">\n                    <a href=\"#346\" data-toggle=\"collapse\" aria-expanded=\"false\">N\u00facleo de Apoio Psicopedag\u00f3gico aos Estudantes da Faculdade de Medicina (Napem)<span class=\"icon-seta\"><\/span><\/a>\n                <\/h4>\n                <div class=\"accordion-content collapse\" id=\"346\">\n                    <div class=\"main-content\"><p><span style=\"color: #525978; font-family: sans-serif; font-size: small;\">Para al\u00e9m de prestar apoio psicopedag\u00f3gico aos estudantes da Faculdade de Medicina, o Napem participa ativamente das atividades da unidade, promovendo debates, encontros e eventos e apoiando ligas e projetos de pesquisa, por exemplo. Dentre suas atividades est\u00e1 a coordena\u00e7\u00e3o da disciplina de Tutoria, obrigat\u00f3ria aos estudantes de gradua\u00e7\u00e3o em medicina. Al\u00e9m disso desenvolve, por exemplo, o MedCine, iniciativa que exibe e debate filmes como uma atividade de reflex\u00e3o, lazer e conv\u00edvio para a comunidade.\u00a0<\/span><br \/><span style=\"color: #525978; font-family: sans-serif; font-size: small;\">\u00a0<\/span><\/p><p><span style=\"color: #525978; font-family: sans-serif; font-size: small;\">Para buscar apoio, o estudante de gradua\u00e7\u00e3o da Faculdade de Medicina deve preencher a ficha de inscri\u00e7\u00e3o dispon\u00edvel no site do n\u00facleo. Os encontros possuem car\u00e1ter de acolhimento, n\u00e3o sendo realizadas consultas m\u00e9dicas ou acompanhamento psicoter\u00e1pico.\u00a0\u00a0<\/span><\/p><p><br \/><span style=\"color: #525978; font-family: sans-serif; font-size: small;\">Contato:\u00a03409-9696 \/\u00a0<\/span><span style=\"color: #525978; font-family: sans-serif; font-size: small;\"><i><a style=\"color: #1155cc;\" href=\"mailto:napem@medicina.ufmg.br\" target=\"_blank\" rel=\"noopener\">napem@medicina.ufmg.br<\/a>\u00a0<\/i><\/span><br \/><span style=\"color: #525978; font-family: sans-serif; font-size: small;\">Local:\u00a0Sala 39, andar t\u00e9rreo da Faculdade de Medicina.<\/span><br \/><span style=\"color: #525978; font-family: sans-serif; font-size: small;\">\u00a0<\/span><br \/><span style=\"color: #525978; font-family: sans-serif; font-size: small;\">Acesse o site do n\u00facleo clicando\u00a0<\/span><a style=\"color: #1155cc;\" href=\"https:\/\/www.medicina.ufmg.br\/napem\/\" target=\"_blank\" rel=\"noopener\" data-saferedirecturl=\"https:\/\/www.google.com\/url?q=https:\/\/www.medicina.ufmg.br\/napem\/&source=gmail&ust=1665588483984000&usg=AOvVaw2lAT8lGJTmeZKMfR5KeAJ0\"><span style=\"color: #525978; font-family: sans-serif; font-size: small;\"><u>aqui<\/u><\/span><\/a><span style=\"color: #525978; font-family: sans-serif; font-size: small;\">.<\/span><\/p><\/div>\n                <\/div>\n            <\/li><li class=\"accordion-item\">\n                <h4 class=\"accordion-title\">\n                    <a href=\"#347\" data-toggle=\"collapse\" aria-expanded=\"false\">Servi\u00e7o de Escuta Profissional aos servidores do Instituto de Ci\u00eancias Agr\u00e1rias (ICA-UFMG)<span class=\"icon-seta\"><\/span><\/a>\n                <\/h4>\n                <div class=\"accordion-content collapse\" id=\"347\">\n                    <div class=\"main-content\"><p><strong>Contatos:<\/strong> (38) 2101-7709<\/p><p><strong>Hor\u00e1rio:<\/strong> de segunda a sexta-feira, das 8h \u00e0s 15h<\/p><p><strong>Local:<\/strong> Setor de Psicologia<\/p><\/div>\n                <\/div>\n            <\/li><\/ul><\/div>\n<p>&nbsp;<\/p>\n<p>&nbsp;<\/p>\n<h3>Canais de atendimento externos \u00e0 UFMG<\/h3>\n<p>&nbsp;<\/p>\n<p><strong>Centros de Aten\u00e7\u00e3o Psicossocial (CAPS) e Centros de Refer\u00eancia em Sa\u00fade Mental (CERSAM)<\/strong><\/p>\n<p>S\u00e3o servi\u00e7os que acolhem e cuidam das pessoas em situa\u00e7\u00f5es de crise. As pessoas que tiverem indica\u00e7\u00e3o cl\u00ednica permanecer\u00e3o no servi\u00e7o pelo tempo necess\u00e1rio.<\/p>\n<p>Acesse a lista e os contatos em <a href=\"https:\/\/www.saude.mg.gov.br\/saudemental\/\">Minas Gerais<\/a> e em <a href=\"https:\/\/prefeitura.pbh.gov.br\/saude\/informacoes\/atencao-a-saude\/urgencia-e-emergencia\/cersam\" target=\"_blank\" rel=\"noopener noreferrer\">Belo Horizonte<\/a>.<\/p>\n<p>&nbsp;<\/p>\n<p><strong>Unidades B\u00e1sicas de Sa\u00fade<\/strong><\/p>\n<p>Os centros de sa\u00fade tamb\u00e9m oferecem a\u00e7\u00f5es de promo\u00e7\u00e3o, preven\u00e7\u00e3o e tratamento relacionados a sa\u00fade mental. Confira aqui uma listagem com localiza\u00e7\u00e3o e informa\u00e7\u00f5es de contato dos centros de sa\u00fade em <a href=\"https:\/\/prefeitura.pbh.gov.br\/saude\/informacoes\/atencao-a-saude\/atencao-primaria\/centro-de-saude\" target=\"_blank\" rel=\"noopener noreferrer\">Belo Horizonte<\/a> e em <a href=\"https:\/\/saude.montesclaros.mg.gov.br\/unidades\">Montes Claros.<\/a><\/p>\n<p>&nbsp;<\/p>\n<p>Seguem, ainda, alguns contatos recomendados:<\/p>\n<div class=\"accordion\"><ul class=\"accordion-items\"><li class=\"accordion-item\">\n                <h4 class=\"accordion-title\">\n                    <a href=\"#49\" data-toggle=\"collapse\" aria-expanded=\"false\">Belo Horizonte - Regi\u00e3o da Pampulha<span class=\"icon-seta\"><\/span><\/a>\n                <\/h4>\n                <div class=\"accordion-content collapse\" id=\"49\">\n                    <div class=\"main-content\"><p>Centro de Refer\u00eancia em Sa\u00fade Mental \u2013 Pampulha (CERSAM-Pampulha):<br \/>Rua do Mel, 77, Bairro Santa Branca<br \/>Contatos: (31) 3277-7918 \/ 3277-7934<\/p><p>\u00a0<\/p><p>Centro de Refer\u00eancia em Sa\u00fade Mental \u2013 \u00c1lcool e outras drogas (CERSAM AD Pampulha): Rua Lug\u00faria, 70, Bairro Bandeirantes<br \/>Contatos: (31) 3277-1574 \/ 3277-1575<\/p><p>\u00a0<\/p><p>Centro de Refer\u00eancia em Sa\u00fade Mental Infanto-Juvenil Noroeste (CERSAMI NOROESTE):<br \/>Rua Camarugi, 10, Bairro Padre Eust\u00e1quio<br \/>Contato: (31) 3277-9279<\/p><p>\u00a0<\/p><p>Entre 19h e 7h, procure pelo Samu ou UPA 24h na <strong>Av. Santa Terezinha, 515, Jardim Leblon<\/strong>.<\/p><\/div>\n                <\/div>\n            <\/li><li class=\"accordion-item\">\n                <h4 class=\"accordion-title\">\n                    <a href=\"#50\" data-toggle=\"collapse\" aria-expanded=\"false\">Belo Horizonte - Regi\u00e3o Centro-Sul<span class=\"icon-seta\"><\/span><\/a>\n                <\/h4>\n                <div class=\"accordion-content collapse\" id=\"50\">\n                    <div class=\"main-content\"><p>Centro de Refer\u00eancia em Sa\u00fade Mental \u2013 Leste (CERSAM-Leste):<br \/>Rua Pirite, 150, Bairro Santa Tereza<br \/>Contatos: (31) 3277-5756 \/ 3277-5743<\/p><p>\u00a0<\/p><p>Centro de Refer\u00eancia em Sa\u00fade Mental \u2013 \u00c1lcool e outras drogas (CERSAM AD Centro-Sul CMT):<br \/>Alameda Ezequiel Dias, 365, Bairro Santa Efig\u00eania<br \/>Contato: (31) 3217-9000<\/p><p>\u00a0<\/p><p>Centro de Refer\u00eancia em Sa\u00fade Mental Infanto-Juvenil Centro Sul (CERSAMI Centro-Sul CPAI):<br \/>Rua Padre Marinho, 150, Bairro Santa Efig\u00eania<br \/>Contato: (31) 3235-3000<\/p><p>\u00a0<\/p><p>Entre 19h e 7h, procure pelo Samu ou UPA 24h na <strong>Rua Domingos Vieira, 488, Santa Efig\u00eania<\/strong>.<\/p><\/div>\n                <\/div>\n            <\/li><li class=\"accordion-item\">\n                <h4 class=\"accordion-title\">\n                    <a href=\"#51\" data-toggle=\"collapse\" aria-expanded=\"false\">Montes Claros<span class=\"icon-seta\"><\/span><\/a>\n                <\/h4>\n                <div class=\"accordion-content collapse\" id=\"51\">\n                    <div class=\"main-content\"><p>CAPS TM Tratamento em Sa\u00fade Mental<br \/>Av. Donato Quintino, 341, Bairro Cidade Nova<br \/>Contato: (38) 3229-3330 \/ 3229-3380 \/ 3221-2328 \/ capsphs@yahoo.com.br<\/p><p>\u00a0<\/p><p>CAPS AD \u00c1lcool e outras drogas<br \/>Rua Gon\u00e7alves Figueira, 202, bairro Centro<br \/>Contato: (38) 3221-9633<\/p><p>\u00a0<\/p><p>H\u00e1 ainda os servi\u00e7os de urg\u00eancia e emerg\u00eancia oferecidos pelos hospitais da cidade. Quando necess\u00e1rio, procure tamb\u00e9m pelo ESF (Estrat\u00e9gia de Sa\u00fade da Fam\u00edlia) de seu bairro.<\/p><\/div>\n                <\/div>\n            <\/li><\/ul><\/div>\n","protected":false},"excerpt":{"rendered":"<p>Canais de atendimento especializado (atendimento psicoterap\u00eautico) na UFMG &nbsp; Lembre-se: em caso de emerg\u00eancia, voc\u00ea pode acionar o DAST (3409-4499 \/ 3409-4315 \/ 3307-9564) para realizar os primeiros atendimentos e\/ou fazer orienta\u00e7\u00f5es sobre encaminhamentos ou [&#8230;]<\/p>\n","protected":false},"author":1,"featured_media":341,"parent":36,"menu_order":0,"comment_status":"closed","ping_status":"closed","template":"","meta":{"_acf_changed":false,"footnotes":""},"class_list":["post-42","page","type-page","status-publish","has-post-thumbnail","hentry"],"acf":[],"_links":{"self":[{"href":"https:\/\/www.ufmg.br\/saudemental\/wp-json\/wp\/v2\/pages\/42","targetHints":{"allow":["GET"]}}],"collection":[{"href":"https:\/\/www.ufmg.br\/saudemental\/wp-json\/wp\/v2\/pages"}],"about":[{"href":"https:\/\/www.ufmg.br\/saudemental\/wp-json\/wp\/v2\/types\/page"}],"author":[{"embeddable":true,"href":"https:\/\/www.ufmg.br\/saudemental\/wp-json\/wp\/v2\/users\/1"}],"replies":[{"embeddable":true,"href":"https:\/\/www.ufmg.br\/saudemental\/wp-json\/wp\/v2\/comments?post=42"}],"version-history":[{"count":24,"href":"https:\/\/www.ufmg.br\/saudemental\/wp-json\/wp\/v2\/pages\/42\/revisions"}],"predecessor-version":[{"id":1080,"href":"https:\/\/www.ufmg.br\/saudemental\/wp-json\/wp\/v2\/pages\/42\/revisions\/1080"}],"up":[{"embeddable":true,"href":"https:\/\/www.ufmg.br\/saudemental\/wp-json\/wp\/v2\/pages\/36"}],"wp:featuredmedia":[{"embeddable":true,"href":"https:\/\/www.ufmg.br\/saudemental\/wp-json\/wp\/v2\/media\/341"}],"wp:attachment":[{"href":"https:\/\/www.ufmg.br\/saudemental\/wp-json\/wp\/v2\/media?parent=42"}],"curies":[{"name":"wp","href":"https:\/\/api.w.org\/{rel}","templated":true}]}}